000
CXUS51 KOKX 022252
CLSEWR
CLIMATE REPORT
NATIONAL WEATHER SERVICE NEW YORK, NY
651 PM EDT FRI SEP 02 2022
...................................
...THE NEWARK NJ CLIMATE SUMMARY FOR THE SEASON, FROM
6/1/2022 TO 8/31/2022...
CLIMATE NORMAL PERIOD 1991 TO 2020
CLIMATE RECORD PERIOD 1931 TO 2022
WEATHER OBSERVED NORMAL DEPART LAST YEAR`S
VALUE DATE(S) VALUE FROM VALUE
NORMAL
..............................................................
TEMPERATURE (F)
RECORD
HIGH 108 07/22/2011
LOW 41 06/01/1938
HIGHEST 102 07/24 MM MM
LOWEST 56 06/19 MM MM
AVG. MAXIMUM 88.4 84.5 3.9
AVG. MINIMUM 69.8 67.0 2.8
MEAN 79.1 75.7 3.4
DAYS MAX >= 90 44 24.0 20.0
DAYS MAX <= 32 0 0.0 0.0
DAYS MIN <= 32 0 0.0 0.0
DAYS MIN <= 0 0 0.0 0.0
PRECIPITATION (INCHES)
RECORD
MAXIMUM 23.57 2011
MINIMUM 4.46 1966
TOTALS 4.87 13.15 -8.28 20.46
DAILY AVG. 0.05 0.14 -0.09
DAYS >= .01 26 30.7 -4.7
DAYS >= .10 12 20.3 -8.3
DAYS >= .50 3 9.1 -6.1
DAYS >= 1.00 0 3.6 -3.6
GREATEST
24 HR. TOTAL 0.78 06/09 TO 06/09
STORM TOTAL 0.78
(MM/DD(HH))
SNOWFALL (INCHES)
RECORDS
TOTAL T 2021
2011
2009
24 HR TOTAL T
TOTALS 0.0 0.0 0.0
LIQUID EQUIV 0.00 0.00 0.00
SINCE 7/1 0.0 0.0 0.0
LIQUID 7/1 0.00
DAYS >= TRACE 0 0.0 0.0
DAYS >= 1.0 0 0.0 0.0
GREATEST
SNOW DEPTH 0
24 HR TOTAL 0.0
STORM TOTAL 0.0
(MM/DD(HH))
DEGREE DAYS
HEATING TOTAL 0 15 -15
SINCE 7/1 0 0 0
COOLING TOTAL 1326 1005 321
SINCE 1/1 1455 1089 366
..............................................................
WIND (MPH)
AVERAGE WIND SPEED 8.8
HIGHEST WIND SPEED/DIRECTION 37/230 DATE 08/07
HIGHEST GUST SPEED/DIRECTION 47/220 DATE 08/07
SKY COVER
POSSIBLE SUNSHINE (PERCENT) MM
AVERAGE SKY COVER 0.63
NUMBER OF DAYS FAIR 9
NUMBER OF DAYS PC 51
NUMBER OF DAYS CLOUDY 32
AVERAGE RH (PERCENT) 57
WEATHER CONDITIONS. NUMBER OF DAYS WITH
THUNDERSTORM 16 MIXED PRECIP 0
HEAVY RAIN 8 RAIN 12
LIGHT RAIN 33 FREEZING RAIN 0
LT FREEZING RAIN 0 HAIL 0
HEAVY SNOW 0 SNOW 0
LIGHT SNOW 0 SLEET 0
FOG 14 FOG W/VIS <= 1/4 MILE 0
HAZE 5
- INDICATES NEGATIVE NUMBERS.
R INDICATES RECORD WAS SET OR TIED.
MM INDICATES DATA IS MISSING.
T INDICATES TRACE AMOUNT.
$$