000
CXUS53 KIND 020248
CF6EYE
PRELIMINARY LOCAL CLIMATOLOGICAL DATA (WS FORM: F-6)
STATION: INDIANAPOLIS EAGLE CREEK IN
MONTH: JUNE
YEAR: 2022
LATITUDE: 39 49 N
LONGITUDE: 86 18 W
TEMPERATURE IN F: :PCPN: SNOW: WIND :SUNSHINE: SKY :PK WND
================================================================================
1 2 3 4 5 6A 6B 7 8 9 10 11 12 13 14 15 16 17 18
12Z AVG MX 2MIN
DY MAX MIN AVG DEP HDD CDD WTR SNW DPTH SPD SPD DIR MIN PSBL S-S WX SPD DR
================================================================================
1 86 70 78 9 0 13 0.02 M M 6.8 18 310 M M 4 25 310
2 78 62 70 1 0 5 0.02 M M 5.8 15 300 M M 5 22 290
3 83 58 71 2 0 6 0.00 M M 5.3 18 320 M M 1 24 260
4 85 58 72 2 0 7 0.00 M M 2.3 8 60 M M 0 14 100
5 84 60 72 2 0 7 0.00 M M 3.6 13 130 M M 0 19 130
6 86 61 74 4 0 9 0.16 M M 5.8 17 260 M M 4 3 28 280
7 79 64 72 1 0 7 T M M 6.1 15 340 M M 7 19 340
8 80 57 69 -2 0 4 0.23 M M 6.9 30 290 M M 1 18 40 300
9 78 58 68 -3 0 3 0.00 M M 6.5 16 340 M M 4 22 330
10 78 55 67 -4 0 2 0.17 M M 2.6 14 200 M M 4 1 20 230
11 79 59 69 -3 0 4 0.31 M M 5.1 13 210 M M 8 1 20 170
12 84 66 75 3 0 10 0.02 M M 3.2 10 340 M M 4 13 15 340
13 92 70 81 9 0 16 0.02 M M 3.8 13 120 M M 3 123 18 80
14 96 77 87 15 0 22 0.00 M M 5.0 14 210 M M 0 25 210
15 94 75 85 12 0 20 0.00 M M 6.2 15 190 M M 0 27 170
16 94 80 87 14 0 22 0.00 M M 7.5 15 260 M M 1 24 250
17 89 70 80 7 0 15 0.00 M M 8.3 20 340 M M M 29 320
18 81 63 72 -1 0 7 0.00 M M 7.9 16 360 M M M 25 30
19 82 56 69 -5 0 4 0.00 M M 3.3 13 120 M M M 17 150
20 89 58 74 0 0 9 0.00 M M 3.7 10 210 M M M 18 200
21 95 62 79 5 0 14 0.00 M M 4.6 15 280 M M M 23 280
22 94 73 84 10 0 19 0.00 M M 6.8 21 320 M M 0 29 310
23 88 67 78 4 0 13 0.00 M M 5.6 13 330 M M 0 18 30
24 90 63 77 3 0 12 0.00 M M 1.9 8 300 M M 0 12 270
25 86 63 75 0 0 10 0.00 M M 2.8 9 160 M M 1 M M
26 85 69 77 2 0 12 0.06 M M 9.9 20 290 M M 4 29 270
27 80 62 71 -4 0 6 0.00 M M 8.4 13 310 M M 0 21 340
28 83 54 69 -6 0 4 0.00 M M 2.5 10 330 M M M 14 310
29 88 58 73 -2 0 8 0.00 M M 2.3 9 270 M M M 15 200
30 93 62 78 3 0 13 0.00 M M M M M M M M M M
================================================================================
SM 2579 1910 0 303 1.01 M 150.6 M 51
================================================================================
AV 86.0 63.7 5.2 FASTST M M 2 MAX(MPH)
MISC ----> 30 290 40 300
================================================================================
NOTES:
# LAST OF SEVERAL OCCURRENCES
COLUMN 17 PEAK WIND IN M.P.H.
PRELIMINARY LOCAL CLIMATOLOGICAL DATA (WS FORM: F-6) , PAGE 2
STATION: INDIANAPOLIS EAGLE CREEK IN
MONTH: JUNE
YEAR: 2022
LATITUDE: 39 49 N
LONGITUDE: 86 18 W
[TEMPERATURE DATA] [PRECIPITATION DATA] SYMBOLS USED IN COLUMN 16
AVERAGE MONTHLY: 74.8 TOTAL FOR MONTH: 1.01 1 = FOG OR MIST
DPTR FM NORMAL: 2.3 DPTR FM NORMAL: -4.05 2 = FOG REDUCING VISIBILITY
HIGHEST: 96 ON 14 GRTST 24HR 0.33 ON 11-12 TO 1/4 MILE OR LESS
LOWEST: 54 ON 28 3 = THUNDER
SNOW, ICE PELLETS, HAIL 4 = ICE PELLETS
TOTAL MONTH: M 5 = HAIL
GRTST 24HR M ON M 6 = FREEZING RAIN OR DRIZZLE
GRTST DEPTH: M ON M 7 = DUSTSTORM OR SANDSTORM:
VSBY 1/2 MILE OR LESS
8 = SMOKE OR HAZE
[NO. OF DAYS WITH] [WEATHER - DAYS WITH] 9 = BLOWING SNOW
X = TORNADO
MAX 32 OR BELOW: 0 0.01 INCH OR MORE: 9
MAX 90 OR ABOVE: 8 0.10 INCH OR MORE: 4
MIN 32 OR BELOW: 0 0.50 INCH OR MORE: 0
MIN 0 OR BELOW: 0 1.00 INCH OR MORE: 0
[HDD (BASE 65) ]
TOTAL THIS MO. 0 CLEAR (SCALE 0-3) 13
DPTR FM NORMAL -12 PTCLDY (SCALE 4-7) 8
TOTAL FM JUL 1 4785 CLOUDY (SCALE 8-10) 9
DPTR FM NORMAL -433
[CDD (BASE 65) ]
TOTAL THIS MO. 303
DPTR FM NORMAL 64 [PRESSURE DATA]
TOTAL FM JAN 1 466 HIGHEST SLP M ON M
DPTR FM NORMAL 123 LOWEST SLP 29.69 ON 8
[REMARKS]
#FINAL-06-22#