000
CXAK56 PAFG 011038
CF6FAI
PRELIMINARY LOCAL CLIMATOLOGICAL DATA (WS FORM: F-6)
STATION: FAIRBANKS AK
MONTH: JUNE
YEAR: 2023
LATITUDE: 64 49 N
LONGITUDE: 147 52 W
TEMPERATURE IN F: :PCPN: SNOW: WIND :SUNSHINE: SKY :PK WND
================================================================================
1 2 3 4 5 6A 6B 7 8 9 10 11 12 13 14 15 16 17 18
12Z AVG MX 2MIN
DY MAX MIN AVG DEP HDD CDD WTR SNW DPTH SPD SPD DIR MIN PSBL S-S WX SPD DR
================================================================================
1 49 33 41 -15 24 0 0.06 0.0 0 6.3 16 240 M M 8 21 240
2 50 39 45 -12 20 0 0.15 T 0 7.1 17 270 M M 9 14 24 280
3 64 42 53 -4 12 0 T 0.0 0 7.4 22 200 M M 8 31 230
4 65 46 56 -2 9 0 T 0.0 0 3.6 12 260 M M 7 15 260
5 76 46 61 3 4 0 0.00 0.0 0 4.8 13 10 M M 5 19 110
6 80 48 64 6 1 0 0.00 0.0 0 3.7 15 280 M M 3 19 280
7 79 51 65 6 0 0 0.05 0.0 0 4.5 22 360 M M 7 3 27 40
8 73 52 63 4 2 0 0.01 0.0 0 4.0 15 300 M M 8 22 280
9 70 55 63 4 2 0 0.00 0.0 0 6.7 22 250 M M 7 27 240
10 70 50 60 0 5 0 T 0.0 0 5.6 16 80 M M 6 20 80
11 67 51 59 -1 6 0 T 0.0 0 7.4 21 120 M M 7 26 110
12 65 52 59 -1 6 0 0.00 0.0 0 8.6 23 240 M M 7 29 240
13 66 48 57 -4 8 0 T 0.0 0 7.4 24 270 M M 7 32 290
14 63 45 54 -7 11 0 T 0.0 0 5.8 15 240 M M 8 20 220
15 71 45 58 -3 7 0 T 0.0 0 6.5 15 90 M M 7 20 80
16 78 59 69 7 0 4 0.01 0.0 0 6.9 18 80 M M 8 21 70
17 77 56 67 5 0 2 0.17 0.0 0 4.9 20 270 M M 8 13 28 250
18 68 49 59 -3 6 0 T 0.0 0 5.2 20 270 M M 7 1 23 280
19 70 47 59 -3 6 0 T 0.0 0 3.2 10 340 M M 9 13 340
20 64 53 59 -4 6 0 0.04 0.0 0 4.3 13 190 M M 10 1 17 190
21 73 53 63 0 2 0 0.03 0.0 0 1.6 8 190 M M 8 12 12 190
22 77 57 67 4 0 2 0.58 0.0 0 5.3 18 330 M M 8 13 25 260
23 78 57 68 5 0 3 0.11 0.0 0 1.8 12 340 M M 7 15 320
24 80 58 69 6 0 4 0.00 0.0 0 3.5 21 90 M M 6 26 80
25 79 59 69 5 0 4 T 0.0 0 8.2 23 230 M M 6 32 220
26 70 54 62 -2 3 0 T 0.0 0 3.2 15 280 M M 8 19 280
27 74 53 64 0 1 0 0.00 0.0 0 4.7 13 240 M M 8 16 240
28 75 56 66 2 0 1 T 0.0 0 1.2 9 30 M M 8 10 30
29 67 54 61 -3 4 0 0.45 0.0 0 4.4 18 90 M M 9 13 24 90
30 71 50 61 -3 4 0 0.00 0.0 0 4.5 17 280 M M 6 1 22 280
================================================================================
SM 2109 1518 149 20 1.66 T 152.3 M 220
================================================================================
AV 70.3 50.6 5.1 FASTST M M 7 MAX(MPH)
MISC ----> 24 270 # 32 290
================================================================================
NOTES:
# LAST OF SEVERAL OCCURRENCES
COLUMN 17 PEAK WIND IN M.P.H.
PRELIMINARY LOCAL CLIMATOLOGICAL DATA (WS FORM: F-6) , PAGE 2
STATION: FAIRBANKS AK
MONTH: JUNE
YEAR: 2023
LATITUDE: 64 49 N
LONGITUDE: 147 52 W
[TEMPERATURE DATA] [PRECIPITATION DATA] SYMBOLS USED IN COLUMN 16
AVERAGE MONTHLY: 60.5 TOTAL FOR MONTH: 1.66 1 = FOG OR MIST
DPTR FM NORMAL: -0.5 DPTR FM NORMAL: 0.18 2 = FOG REDUCING VISIBILITY
HIGHEST: 80 ON 24, 6 GRTST 24HR 0.69 ON 22-23 TO 1/4 MILE OR LESS
LOWEST: 33 ON 1 3 = THUNDER
SNOW, ICE PELLETS, HAIL 4 = ICE PELLETS
TOTAL MONTH: T 5 = HAIL
GRTST 24HR T ON 2- 2 6 = FREEZING RAIN OR DRIZZLE
GRTST DEPTH: 0 7 = DUSTSTORM OR SANDSTORM:
VSBY 1/2 MILE OR LESS
8 = SMOKE OR HAZE
[NO. OF DAYS WITH] [WEATHER - DAYS WITH] 9 = BLOWING SNOW
X = TORNADO
MAX 32 OR BELOW: 0 0.01 INCH OR MORE: 11
MAX 90 OR ABOVE: 0 0.10 INCH OR MORE: 5
MIN 32 OR BELOW: 0 0.50 INCH OR MORE: 1
MIN 0 OR BELOW: 0 1.00 INCH OR MORE: 0
[HDD (BASE 65) ]
TOTAL THIS MO. 149 CLEAR (SCALE 0-3) 0
DPTR FM NORMAL 2 PTCLDY (SCALE 4-7) 25
TOTAL FM JUL 1 13089 CLOUDY (SCALE 8-10) 5
DPTR FM NORMAL -330
[CDD (BASE 65) ]
TOTAL THIS MO. 20
DPTR FM NORMAL -7 [PRESSURE DATA]
TOTAL FM JAN 1 23 HIGHEST SLP M ON M
DPTR FM NORMAL -5 LOWEST SLP 29.35 ON 16
[REMARKS]
#FINAL-06-23#