000
CXUS56 KHNX 080753
CF6FAT
PRELIMINARY LOCAL CLIMATOLOGICAL DATA (WS FORM: F-6)
STATION: FRESNO CA
MONTH: DECEMBER
YEAR: 2021
LATITUDE: 36 46 N
LONGITUDE: 119 43 W
TEMPERATURE IN F: :PCPN: SNOW: WIND :SUNSHINE: SKY :PK WND
================================================================================
1 2 3 4 5 6A 6B 7 8 9 10 11 12 13 14 15 16 17 18
12Z AVG MX 2MIN
DY MAX MIN AVG DEP HDD CDD WTR SNW DPTH SPD SPD DIR MIN PSBL S-S WX SPD DR
================================================================================
1 73 45 59 9 6 0 0.00 0.0 0 1.6 5 300 M M 1 18 8 90
2 73 44 59 9 6 0 0.00 0.0 0 3.0 8 300 M M 4 18 11 320
3 70 45 58 9 7 0 0.00 0.0 0 2.5 6 320 M M 5 18 7 300
4 54 41 48 -1 17 0 0.00 0.0 0 4.8 10 310 M M 8 128 12 310
5 50 46 48 -1 17 0 0.00 0.0 0 4.0 10 140 M M 10 18 11 140
6 48 45 47 -2 18 0 0.00 0.0 0 3.5 8 140 M M 10 1 10 200
7 54 42 48 0 17 0 0.00 0.0 0 3.0 8 280 M M 7 18 10 160
8 62 40 51 3 14 0 0.00 0.0 0 3.7 9 330 M M 7 128 11 340
9 54 44 49 1 16 0 0.41 0.0 0 5.1 15 300 M M 9 18 20 280
10 56 41 49 1 16 0 0.00 0.0 0 2.3 7 240 M M 6 128 8 270
11 57 37 47 -1 18 0 0.00 0.0 0 3.3 9 130 M M 5 128 11 140
12 58 37 48 0 17 0 T 0.0 0 5.0 9 140 M M 7 18 12 180
13 56 50 53 5 12 0 0.26 0.0 0 12.5 21 110 M M 10 1 29 120
14 53 39 46 -1 19 0 1.03 0.0 0 6.9 23 300 M M 8 1 27 300
15 51 37 44 -3 21 0 T 0.0 0 6.0 12 120 M M 6 1 14 180
16 54 45 50 3 15 0 0.07 0.0 0 8.7 18 130 M M 9 18 21 130
17 50 43 47 0 18 0 0.00 0.0 0 3.2 9 270 M M 10 18 12 210
18 50 38 44 -3 21 0 0.00 0.0 0 2.5 6 70 M M 8 1 10 320
19 58 33 46 -1 19 0 0.00 0.0 0 4.6 14 290 M M 4 128 16 300
20 42 39 41 -6 24 0 0.00 0.0 0 2.7 8 130 M M 10 12 12 210
21 48 38 43 -4 22 0 0.00 0.0 0 3.0 9 230 M M 7 128 12 230
22 53 39 46 -1 19 0 0.40 0.0 0 6.5 18 110 M M 10 18 23 120
23 58 50 54 7 11 0 0.75 0.0 0 8.9 16 150 M M 9 1 19 150
24 62 45 54 7 11 0 0.05 0.0 0 7.7 20 320 M M 7 1 24 330
25 56 40 48 1 17 0 0.16 0.0 0 10.0 23 140 M M 8 26 140
26 54 40 47 0 18 0 T 0.0 0 3.2 9 270 M M 8 11 10
27 49 42 46 -1 19 0 0.29 0.0 0 9.4 18 140 M M 9 1 22 140
28 47 39 43 -4 22 0 0.01 0.0 0 3.5 12 280 M M 8 15 250
29 52 38 45 -2 20 0 0.21 0.0 0 7.4 20 150 M M 9 1 24 140
30 52 40 46 -1 19 0 0.00 0.0 0 3.2 13 330 M M 7 12 15 300
31 50 38 44 -3 21 0 0.00 0.0 0 5.4 17 280 M M 7 128 21 280
================================================================================
SM 1704 1280 517 0 3.64 0.0 157.1 M 233
================================================================================
AV 55.0 41.3 5.1 FASTST M M 8 MAX(MPH)
MISC ----> # 23 300 29 120
================================================================================
NOTES:
# LAST OF SEVERAL OCCURRENCES
COLUMN 17 PEAK WIND IN M.P.H.
PRELIMINARY LOCAL CLIMATOLOGICAL DATA (WS FORM: F-6) , PAGE 2
STATION: FRESNO CA
MONTH: DECEMBER
YEAR: 2021
LATITUDE: 36 46 N
LONGITUDE: 119 43 W
[TEMPERATURE DATA] [PRECIPITATION DATA] SYMBOLS USED IN COLUMN 16
AVERAGE MONTHLY: 48.1 TOTAL FOR MONTH: 3.64 1 = FOG OR MIST
DPTR FM NORMAL: 0.6 DPTR FM NORMAL: 1.85 2 = FOG REDUCING VISIBILITY
HIGHEST: 73 ON 2, 1 GRTST 24HR 1.20 ON 13-14 TO 1/4 MILE OR LESS
LOWEST: 33 ON 19 3 = THUNDER
SNOW, ICE PELLETS, HAIL 4 = ICE PELLETS
TOTAL MONTH: 0.0 INCH 5 = HAIL
GRTST 24HR 0.0 6 = FREEZING RAIN OR DRIZZLE
GRTST DEPTH: 0 7 = DUSTSTORM OR SANDSTORM:
VSBY 1/2 MILE OR LESS
8 = SMOKE OR HAZE
[NO. OF DAYS WITH] [WEATHER - DAYS WITH] 9 = BLOWING SNOW
X = TORNADO
MAX 32 OR BELOW: 0 0.01 INCH OR MORE: 11
MAX 90 OR ABOVE: 0 0.10 INCH OR MORE: 8
MIN 32 OR BELOW: 0 0.50 INCH OR MORE: 2
MIN 0 OR BELOW: 0 1.00 INCH OR MORE: 1
[HDD (BASE 65) ]
TOTAL THIS MO. 517 CLEAR (SCALE 0-3) 1
DPTR FM NORMAL -24 PTCLDY (SCALE 4-7) 18
TOTAL FM JUL 1 812 CLOUDY (SCALE 8-10) 12
DPTR FM NORMAL -82
[CDD (BASE 65) ]
TOTAL THIS MO. 0
DPTR FM NORMAL 0 [PRESSURE DATA]
TOTAL FM JAN 1 2783 HIGHEST SLP 30.33 ON 18
DPTR FM NORMAL 575 LOWEST SLP 29.71 ON 24
[REMARKS]
#FINAL-12-21#