000
CXUS52 KRAH 010845
CF6FAY
PRELIMINARY LOCAL CLIMATOLOGICAL DATA (WS FORM: F-6)
STATION: FAYETTEVILLE REGL AIRPORT NC
MONTH: JUNE
YEAR: 2020
LATITUDE: 35 0 N
LONGITUDE: 78 53 W
TEMPERATURE IN F: :PCPN: SNOW: WIND :SUNSHINE: SKY :PK WND
================================================================================
1 2 3 4 5 6A 6B 7 8 9 10 11 12 13 14 15 16 17 18
12Z AVG MX 2MIN
DY MAX MIN AVG DEP HDD CDD WTR SNW DPTH SPD SPD DIR MIN PSBL S-S WX SPD DR
================================================================================
1 78 55 67 -8 0 2 0.00 M M 3.8 14 20 M M 1 17 20
2 85 59 72 -3 0 7 0.00 M M 10.6 21 220 M M 1 34 290
3 91 68 80 4 0 15 0.00 M M 12.7 20 210 M M 0 25 210
4 91 70 81 5 0 16 0.00 M M 10.4 20 190 M M 0 24 200
5 89 71 80 4 0 15 T M M 9.0 20 180 M M 7 138 24 180
6 90 73 82 6 0 17 0.00 M M 8.9 14 290 M M 3 18 290
7 90 73 82 5 0 17 0.12 M M 6.2 17 320 M M 2 1 24 320
8 88 72 80 3 0 15 0.00 M M 6.6 17 110 M M 8 1 23 100
9 92 70 81 4 0 16 0.01 M M 5.6 17 130 M M 5 123 24 120
10 93 77 85 8 0 20 T M M 10.4 20 160 M M 7 3 26 150
11 84 75 80 2 0 15 0.44 M M 8.5 15 220 M M 9 138 20 190
12 84 68 76 -2 0 11 0.02 M M 7.1 18 10 M M 7 1 24 10
13 85 66 76 -2 0 11 0.00 M M 8.4 18 20 M M 3 24 20
14 80 63 72 -6 0 7 0.01 M M 7.7 16 60 M M 7 25 40
15 65 60 63 -15 2 0 3.46 M M 11.1 18 20 M M 10 1 24 30
16 65 61 63 -16 2 0 0.68 M M 11.2 20 360 M M 10 13 25 350
17 77 63 70 -9 0 5 0.00 M M 6.3 13 240 M M 9 1 15 230
18 82 63 73 -6 0 8 0.00 M M 5.1 13 190 M M 7 19 170
19 87 65 76 -3 0 11 2.04 M M 5.8 26 40 M M 6 13 35 50
20 86 64 75 -4 0 10 0.43 M M 4.5 20 350 M M 4 123 24 340
21 88 65 77 -2 0 12 0.12 M M 3.4 12 40 M M 1 1 14 40
22 93 73 83 3 0 18 0.02 M M 9.8 25 250 M M 1 3 39 240
23 89 71 80 0 0 15 0.18 M M 9.5 26 250 M M 1 13 36 250
24 89 72 81 1 0 16 T M M 5.9 21 210 M M 6 1 26 220
25 82 70 76 -4 0 11 0.42 M M 5.7 13 220 M M 6 18 16 220
26 91 70 81 1 0 16 0.00 M M 5.3 13 260 M M 2 18 230
27 92 70 81 1 0 16 0.00 M M 9.2 23 260 M M 0 28 260
28 93 73 83 3 0 18 T M M 10.9 21 230 M M 1 27 250
29 93 73 83 2 0 18 0.00 M M 6.6 15 310 M M 3 25 320
30 93 74 84 3 0 19 0.01 M M 4.6 21 110 M M 3 13 25 120
================================================================================
SM 2585 2047 4 377 7.96 M 230.8 M 130
================================================================================
AV 86.2 68.2 7.7 FASTST M M 4 MAX(MPH)
MISC ----> # 26 40 39 240
================================================================================
NOTES:
# LAST OF SEVERAL OCCURRENCES
COLUMN 17 PEAK WIND IN M.P.H.
PRELIMINARY LOCAL CLIMATOLOGICAL DATA (WS FORM: F-6) , PAGE 2
STATION: FAYETTEVILLE REGL AIRPORT NC
MONTH: JUNE
YEAR: 2020
LATITUDE: 35 0 N
LONGITUDE: 78 53 W
[TEMPERATURE DATA] [PRECIPITATION DATA] SYMBOLS USED IN COLUMN 16
AVERAGE MONTHLY: 77.2 TOTAL FOR MONTH: 7.96 1 = FOG OR MIST
DPTR FM NORMAL: -1.0 DPTR FM NORMAL: 3.61 2 = FOG REDUCING VISIBILITY
HIGHEST: 93 ON 30,29 GRTST 24HR 3.77 ON 15-16 TO 1/4 MILE OR LESS
LOWEST: 55 ON 1 3 = THUNDER
SNOW, ICE PELLETS, HAIL 4 = ICE PELLETS
TOTAL MONTH: M 5 = HAIL
GRTST 24HR M ON M 6 = FREEZING RAIN OR DRIZZLE
GRTST DEPTH: M ON M 7 = DUSTSTORM OR SANDSTORM:
VSBY 1/2 MILE OR LESS
8 = SMOKE OR HAZE
[NO. OF DAYS WITH] [WEATHER - DAYS WITH] 9 = BLOWING SNOW
X = TORNADO
MAX 32 OR BELOW: 0 0.01 INCH OR MORE: 14
MAX 90 OR ABOVE: 12 0.10 INCH OR MORE: 9
MIN 32 OR BELOW: 0 0.50 INCH OR MORE: 3
MIN 0 OR BELOW: 0 1.00 INCH OR MORE: 2
[HDD (BASE 65) ]
TOTAL THIS MO. 4 CLEAR (SCALE 0-3) 15
DPTR FM NORMAL 4 PTCLDY (SCALE 4-7) 11
TOTAL FM JUL 1 2244 CLOUDY (SCALE 8-10) 4
DPTR FM NORMAL -488
[CDD (BASE 65) ]
TOTAL THIS MO. 377
DPTR FM NORMAL -19 [PRESSURE DATA]
TOTAL FM JAN 1 664 HIGHEST SLP 30.27 ON 1
DPTR FM NORMAL -16 LOWEST SLP 29.77 ON 23
[REMARKS]
#FINAL-06-20#