000
CXUS52 KFFC 011110
CF6FFC
PRELIMINARY LOCAL CLIMATOLOGICAL DATA (WS FORM: F-6)
STATION: PEACHTREE CITY
MONTH: NOVEMBER
YEAR: 2023
LATITUDE: 33 20 N
LONGITUDE: 84 34 W
TEMPERATURE IN F: :PCPN: SNOW: WIND :SUNSHINE: SKY :PK WND
================================================================================
1 2 3 4 5 6A 6B 7 8 9 10 11 12 13 14 15 16 17 18
12Z AVG MX 2MIN
DY MAX MIN AVG DEP HDD CDD WTR SNW DPTH SPD SPD DIR MIN PSBL S-S WX SPD DR
================================================================================
1 54 29 42 -15 23 0 0.00 M M 9.3 21 320 M M 0 30 350
2 58 25 42 -15 23 0 0.00 M M 2.5 14 130 M M 0 19 120
3 67 27 47 -10 18 0 0.00 M M 1.0 10 130 M M 0 15 120
4 74 35 55 -1 10 0 0.00 M M 2.0 13 340 M M 0 1 19 360
5 74 37 56 0 9 0 0.00 M M 2.7 15 350 M M 0 1 24 350
6 77 38 58 2 7 0 0.00 M M 1.1 8 260 M M 0 1 13 330
7 79 41 60 5 5 0 0.00 M M 1.6 10 280 M M 0 1 15 310
8 79 44 62 7 3 0 0.00 M M 1.2 10 260 M M 0 1 15 290
9 78 52 65 10 0 0 0.00 M M 1.8 12 300 M M 0 1 16 270
10 67 53 60 6 5 0 0.02 M M 2.5 10 350 M M 7 1 14 330
11 56 50 53 -1 12 0 1.00 M M 5.5 10 90 M M 10 1 18 60
12 57 49 53 -1 12 0 0.00 M M 4.5 10 70 M M 10 1 18 70
13 67 44 56 2 9 0 0.00 M M 1.8 12 360 M M 2 1 16 10
14 69 45 57 4 8 0 0.00 M M 4.3 17 100 M M 1 1 30 120
15 60 50 55 2 10 0 0.05 M M 5.9 12 110 M M 10 19 70
16 72 53 63 10 2 0 0.00 M M 6.1 16 120 M M 7 25 120
17 72 50 61 8 4 0 0.00 M M 1.9 10 70 M M 7 18 15 50
18 73 46 60 8 5 0 0.00 M M 4.8 16 320 M M 2 12 23 290
19 70 37 54 2 11 0 0.00 M M 1.6 12 120 M M 0 1 16 120
20 69 48 59 7 6 0 0.00 M M 7.6 20 130 M M 8 18 26 120
21 68 57 63 11 2 0 1.04 M M 8.0 23 140 M M 10 1 38 140
22 57 45 51 0 14 0 0.00 M M 11.4 21 310 M M 8 1 31 300
23 56 39 48 -3 17 0 0.00 M M 4.2 14 320 M M 2 19 320
24 63 39 51 0 14 0 0.01 M M 1.7 10 330 M M 2 1 16 290
25 61 34 48 -3 17 0 0.00 M M 4.7 12 100 M M 2 1 20 70
26 50 44 47 -4 18 0 0.16 M M 5.6 13 120 M M 10 1 19 120
27 52 39 46 -4 19 0 0.00 M M 8.8 17 310 M M 1 24 310
28 53 29 41 -9 24 0 0.00 M M 7.4 21 320 M M 0 29 320
29 56 23 40 -10 25 0 0.00 M M 2.1 10 330 M M 0 13 340
30 57 27 42 -8 23 0 0.00 M M 1.6 9 120 M M 0 13 130
================================================================================
SM 1945 1229 355 0 2.28 M 125.2 M 99
================================================================================
AV 64.8 41.0 4.2 FASTST M M 3 MAX(MPH)
MISC ----> 23 140 38 140
================================================================================
NOTES:
# LAST OF SEVERAL OCCURRENCES
COLUMN 17 PEAK WIND IN M.P.H.
PRELIMINARY LOCAL CLIMATOLOGICAL DATA (WS FORM: F-6) , PAGE 2
STATION: PEACHTREE CITY
MONTH: NOVEMBER
YEAR: 2023
LATITUDE: 33 20 N
LONGITUDE: 84 34 W
[TEMPERATURE DATA] [PRECIPITATION DATA] SYMBOLS USED IN COLUMN 16
AVERAGE MONTHLY: 52.9 TOTAL FOR MONTH: 2.28 1 = FOG OR MIST
DPTR FM NORMAL: -0.3 DPTR FM NORMAL: -1.63 2 = FOG REDUCING VISIBILITY
HIGHEST: 79 ON 8, 7 GRTST 24HR 1.04 ON 21-21 TO 1/4 MILE OR LESS
LOWEST: 23 ON 29 3 = THUNDER
SNOW, ICE PELLETS, HAIL 4 = ICE PELLETS
TOTAL MONTH: M 5 = HAIL
GRTST 24HR M ON M 6 = FREEZING RAIN OR DRIZZLE
GRTST DEPTH: M ON M 7 = DUSTSTORM OR SANDSTORM:
VSBY 1/2 MILE OR LESS
8 = SMOKE OR HAZE
[NO. OF DAYS WITH] [WEATHER - DAYS WITH] 9 = BLOWING SNOW
X = TORNADO
MAX 32 OR BELOW: 0 0.01 INCH OR MORE: 6
MAX 90 OR ABOVE: 0 0.10 INCH OR MORE: 3
MIN 32 OR BELOW: 6 0.50 INCH OR MORE: 2
MIN 0 OR BELOW: 0 1.00 INCH OR MORE: 2
[HDD (BASE 65) ]
TOTAL THIS MO. 355 CLEAR (SCALE 0-3) 20
DPTR FM NORMAL -6 PTCLDY (SCALE 4-7) 4
TOTAL FM JUL 1 471 CLOUDY (SCALE 8-10) 6
DPTR FM NORMAL -13
[CDD (BASE 65) ]
TOTAL THIS MO. 0
DPTR FM NORMAL -7 [PRESSURE DATA]
TOTAL FM JAN 1 1712 HIGHEST SLP 30.53 ON 2
DPTR FM NORMAL -232 LOWEST SLP 29.82 ON 21
[REMARKS]
#FINAL-11-23#