000
CXUS53 KFGF 010815
CF6FGF
PRELIMINARY LOCAL CLIMATOLOGICAL DATA (WS FORM: F-6)
STATION: GRAND FORKS UNIV. (NWS) ND
MONTH: MAY
YEAR: 2023
LATITUDE: 47 55 N
LONGITUDE: 97 6 W
TEMPERATURE IN F: :PCPN: SNOW: WIND :SUNSHINE: SKY :PK WND
================================================================================
1 2 3 4 5 6A 6B 7 8 9 10 11 12 13 14 15 16 17 18
12Z AVG MX 2MIN
DY MAX MIN AVG DEP HDD CDD WTR SNW DPTH SPD SPD DIR MIN PSBL S-S WX SPD DR
================================================================================
1 54 34 44 -5 21 0 0.00 0.0 0 M M M M M M M M
2 61 31 46 -3 19 0 0.00 0.0 0 M M M M M M M M
3 78 38 58 8 7 0 0.00 0.0 0 M M M M M M M M
4 72 42 57 7 8 0 0.00 0.0 0 M M M M M M M M
5 69 43 56 6 9 0 0.00 0.0 0 M M M M M M M M
6 62 44 53 2 12 0 0.14 0.0 0 M M M M M M M M
7 51 47 49 -2 16 0 0.72 0.0 0 M M M M M M M M
8 56 47 52 0 13 0 0.02 0.0 0 M M M M M M M M
9 71 41 56 4 9 0 0.00 0.0 0 M M M M M M 12 M M
10 79 52 66 13 0 1 0.00 0.0 0 M M M M M M M M
11 84 54 69 16 0 4 0.00 0.0 0 M M M M M M M M
12 81 56 69 16 0 4 0.02 0.0 0 M M M M M M M M
13 76 60 68 14 0 3 T 0.0 0 M M M M M M M M
14 78 46 62 8 3 0 0.00 0.0 0 M M M M M M M M
15 83 50 67 12 0 2 0.00 0.0 0 M M M M M M M M
16 80 57 69 14 0 4 0.00 0.0 0 M M M M M M M M
17 85 51 68 12 0 3 0.05 0.0 0 M M M M M M 178 M M
18 52 42 47 -9 18 0 0.06 0.0 0 M M M M M M 128 M M
19 69 39 54 -2 11 0 0.02 0.0 0 M M M M M M M M
20 78 45 62 5 3 0 0.00 0.0 0 M M M M M M M M
21 78 48 63 6 2 0 0.00 0.0 0 M M M M M M M M
22 86 47 67 9 0 2 0.00 0.0 0 M M M M M M M M
23 86 61 74 16 0 9 0.00 0.0 0 M M M M M M M M
24 67 53 60 2 5 0 0.00 0.0 0 M M M M M M M M
25 86 51 69 10 0 4 0.00 0.0 0 M M M M M M M M
26 88 63 76 17 0 11 0.00 0.0 0 M M M M M M M M
27 89 60 75 15 0 10 0.00 0.0 0 M M M M M M M M
28 88 58 73 13 0 8 0.00 0.0 0 M M M M M M M M
29 82 61 72 12 0 7 0.13 0.0 0 M M M M M M M M
30 83 59 71 10 0 6 0.03 0.0 0 M M M M M M 3 M M
31 88 58 73 12 0 8 0.03 0.0 0 M M M M M M M M
================================================================================
SM 2340 1538 156 86 1.22 0.0 M M M
================================================================================
AV 75.5 49.6 M FASTST M M M MAX(MPH)
MISC ----> M M M M
================================================================================
NOTES:
# LAST OF SEVERAL OCCURRENCES
COLUMN 17 PEAK WIND IN M.P.H.
PRELIMINARY LOCAL CLIMATOLOGICAL DATA (WS FORM: F-6) , PAGE 2
STATION: GRAND FORKS UNIV. (NWS) ND
MONTH: MAY
YEAR: 2023
LATITUDE: 47 55 N
LONGITUDE: 97 6 W
[TEMPERATURE DATA] [PRECIPITATION DATA] SYMBOLS USED IN COLUMN 16
AVERAGE MONTHLY: 62.5 TOTAL FOR MONTH: 1.22 1 = FOG OR MIST
DPTR FM NORMAL: 7.5 DPTR FM NORMAL: -1.71 2 = FOG REDUCING VISIBILITY
HIGHEST: 89 ON 27 GRTST 24HR 0.72 ON 7- 7 TO 1/4 MILE OR LESS
LOWEST: 31 ON 2 3 = THUNDER
SNOW, ICE PELLETS, HAIL 4 = ICE PELLETS
TOTAL MONTH: 0.0 INCH 5 = HAIL
GRTST 24HR 0.0 6 = FREEZING RAIN OR DRIZZLE
GRTST DEPTH: 0 7 = DUSTSTORM OR SANDSTORM:
VSBY 1/2 MILE OR LESS
8 = SMOKE OR HAZE
[NO. OF DAYS WITH] [WEATHER - DAYS WITH] 9 = BLOWING SNOW
X = TORNADO
MAX 32 OR BELOW: 0 0.01 INCH OR MORE: 10
MAX 90 OR ABOVE: 0 0.10 INCH OR MORE: 3
MIN 32 OR BELOW: 1 0.50 INCH OR MORE: 1
MIN 0 OR BELOW: 0 1.00 INCH OR MORE: 0
[HDD (BASE 65) ]
TOTAL THIS MO. 156 CLEAR (SCALE 0-3) 0
DPTR FM NORMAL -174 PTCLDY (SCALE 4-7) 0
TOTAL FM JUL 1 9465 CLOUDY (SCALE 8-10) 31
DPTR FM NORMAL 257
[CDD (BASE 65) ]
TOTAL THIS MO. 86
DPTR FM NORMAL 66 [PRESSURE DATA]
TOTAL FM JAN 1 86 HIGHEST SLP M ON M
DPTR FM NORMAL 65 LOWEST SLP M ON M
[REMARKS]
#FINAL-05-23#