000
CXUS53 KFGF 010815
CF6FGF
PRELIMINARY LOCAL CLIMATOLOGICAL DATA (WS FORM: F-6)
STATION: GRAND FORKS UNIV. (NWS) ND
MONTH: AUGUST
YEAR: 2020
LATITUDE: 47 55 N
LONGITUDE: 97 6 W
TEMPERATURE IN F: :PCPN: SNOW: WIND :SUNSHINE: SKY :PK WND
================================================================================
1 2 3 4 5 6A 6B 7 8 9 10 11 12 13 14 15 16 17 18
12Z AVG MX 2MIN
DY MAX MIN AVG DEP HDD CDD WTR SNW DPTH SPD SPD DIR MIN PSBL S-S WX SPD DR
================================================================================
1 79 59 69 -1 0 4 T 0.0 0 M M M M M M M M
2 77 56 67 -3 0 2 0.00 0.0 0 M M M M M M M M
3 77 51 64 -6 1 0 0.00 0.0 0 M M M M M M M M
4 77 53 65 -5 0 0 0.00 0.0 0 M M M M M M M M
5 80 59 70 0 0 5 0.00 0.0 0 M M M M M M M M
6 82 58 70 0 0 5 0.00 0.0 0 M M M M M M M M
7 79 65 72 2 0 7 T 0.0 0 M M M M M M M M
8 83 65 74 4 0 9 0.00 0.0 0 M M M M M M M M
9 82 58 70 0 0 5 1.40 0.0 0 M M M M M M M M
10 80 55 68 -2 0 3 0.00 0.0 0 M M M M M M M M
11 83 55 69 -1 0 4 0.00 0.0 0 M M M M M M M M
12 84 64 74 5 0 9 0.00 0.0 0 M M M M M M M M
13 86 65 76 7 0 11 0.00 0.0 0 M M M M M M M M
14 71 53 62 -7 3 0 0.69 0.0 0 M M M M M M M M
15 80 51 66 -3 0 1 0.00 0.0 0 M M M M M M M M
16 82 57 70 1 0 5 0.00 0.0 0 M M M M M M M M
17 81 53 67 -2 0 2 0.00 0.0 0 M M M M M M M M
18 86 60 73 5 0 8 0.00 0.0 0 M M M M M M M M
19 88 66 77 9 0 12 0.29 T 0 M M M M M M 35 M M
20 85 67 76 8 0 11 0.01 0.0 0 M M M M M M M M
21 85 66 76 8 0 11 T 0.0 0 M M M M M M M M
22 86 66 76 8 0 11 0.00 0.0 0 M M M M M M M M
23 86 60 73 6 0 8 T 0.0 0 M M M M M M M M
24 84 59 72 5 0 7 0.00 0.0 0 M M M M M M M M
25 83 60 72 5 0 7 T 0.0 0 M M M M M M 3 M M
26 77 60 69 3 0 4 0.00 0.0 0 M M M M M M 8 M M
27 76 55 66 0 0 1 T 0.0 0 M M M M M M M M
28 76 57 67 1 0 2 0.00 0.0 0 M M M M M M M M
29 77 49 63 -2 2 0 0.00 0.0 0 M M M M M M M M
30 77 55 66 1 0 1 0.88 0.0 0 M M M M M M M M
31 69 50 60 -5 5 0 0.00 0.0 0 M M M M M M M M
================================================================================
SM 2498 1807 11 155 3.27 T M M M
================================================================================
AV 80.6 58.3 M FASTST M M M MAX(MPH)
MISC ----> M M M M
================================================================================
NOTES:
# LAST OF SEVERAL OCCURRENCES
COLUMN 17 PEAK WIND IN M.P.H.
PRELIMINARY LOCAL CLIMATOLOGICAL DATA (WS FORM: F-6) , PAGE 2
STATION: GRAND FORKS UNIV. (NWS) ND
MONTH: AUGUST
YEAR: 2020
LATITUDE: 47 55 N
LONGITUDE: 97 6 W
[TEMPERATURE DATA] [PRECIPITATION DATA] SYMBOLS USED IN COLUMN 16
AVERAGE MONTHLY: 69.4 TOTAL FOR MONTH: 3.27 1 = FOG OR MIST
DPTR FM NORMAL: 1.1 DPTR FM NORMAL: 0.13 2 = FOG REDUCING VISIBILITY
HIGHEST: 88 ON 19 GRTST 24HR 1.40 ON 9- 9 TO 1/4 MILE OR LESS
LOWEST: 49 ON 29 3 = THUNDER
SNOW, ICE PELLETS, HAIL 4 = ICE PELLETS
TOTAL MONTH: T 5 = HAIL
GRTST 24HR T ON 19-19 6 = FREEZING RAIN OR DRIZZLE
GRTST DEPTH: 0 7 = DUSTSTORM OR SANDSTORM:
VSBY 1/2 MILE OR LESS
8 = SMOKE OR HAZE
[NO. OF DAYS WITH] [WEATHER - DAYS WITH] 9 = BLOWING SNOW
X = TORNADO
MAX 32 OR BELOW: 0 0.01 INCH OR MORE: 5
MAX 90 OR ABOVE: 0 0.10 INCH OR MORE: 4
MIN 32 OR BELOW: 0 0.50 INCH OR MORE: 3
MIN 0 OR BELOW: 0 1.00 INCH OR MORE: 1
[HDD (BASE 65) ]
TOTAL THIS MO. 11 CLEAR (SCALE 0-3) 0
DPTR FM NORMAL -30 PTCLDY (SCALE 4-7) 0
TOTAL FM JUL 1 12 CLOUDY (SCALE 8-10) 31
DPTR FM NORMAL -55
[CDD (BASE 65) ]
TOTAL THIS MO. 155
DPTR FM NORMAL 11 [PRESSURE DATA]
TOTAL FM JAN 1 607 HIGHEST SLP M ON M
DPTR FM NORMAL 175 LOWEST SLP M ON M
[REMARKS]
#FINAL-08-20#