000
CXUS53 KARX 011809
CF6FKA
PRELIMINARY LOCAL CLIMATOLOGICAL DATA (WS FORM: F-6)
STATION: PRESTON MN
MONTH: MARCH
YEAR: 2020
LATITUDE: 43 40 N
LONGITUDE: 92 11 W
TEMPERATURE IN F: :PCPN: SNOW: WIND :SUNSHINE: SKY :PK WND
================================================================================
1 2 3 4 5 6A 6B 7 8 9 10 11 12 13 14 15 16 17 18
12Z AVG MX 2MIN
DY MAX MIN AVG DEP HDD CDD WTR SNW DPTH SPD SPD DIR MIN PSBL S-S WX SPD DR
================================================================================
1 42 31 37 M 28 0 0.00 0.0 M 13.9 21 310 M M 1 27 310
2 32 26 29 M 36 0 0.00 0.0 M 10.4 17 320 M M 8 25 320
3 38 27 33 M 32 0 0.00 0.0 M 13.3 23 300 M M 3 30 300
4 37 23 30 M 35 0 0.00 0.0 M 8.3 15 190 M M 0 18 190
5 40 30 35 M 30 0 0.01 M M 19.7 31 290 M M 7 43 290
6 35 20 28 M 37 0 0.00 0.0 M 8.5 21 350 M M 1 29 350
7 49 27 38 M 27 0 0.00 0.0 M 16.6 24 190 M M 0 30 180
8 59 39 49 M 16 0 0.00 0.0 0 15.7 21 190 M M 0 27 190
9 49 31 40 M 25 0 M 0.0 0 11.0 17 210 M M 9 1 22 210
10 42 25 34 M 31 0 0.17 0.0 0 6.1 15 350 M M 2 23 350
11 44 32 38 M 27 0 0.02 0.0 0 7.1 12 170 M M 6 1 M M
12 50 31 41 M 24 0 0.15 0.0 0 15.2 23 310 M M 7 1 31 310
13 38 27 33 M 32 0 0.00 M M 16.1 25 300 M M 1 33 310
14 32 23 28 M 37 0 0.00 0.0 0 6.4 9 40 M M 1 M M
15 38 20 29 M 36 0 0.00 0.0 0 5.4 10 140 M M 3 M M
16 36 28 32 M 33 0 T T 0 8.9 17 320 M M 9 1 28 320
17 42 28 35 M 30 0 0.00 0.0 0 8.0 16 320 M M 4 24 320
18 38 33 36 M 29 0 0.03 0.0 0 7.2 10 160 M M 10 1 M M
19 39 32 36 M 29 0 0.72 M 0 8.9 20 350 M M 10 12 29 360
20 32 21 27 M 38 0 M M 0 13.9 21 340 M M 6 30 350
21 34 19 27 M 38 0 M M 0 7.1 12 150 M M 4 M M
22 38 28 33 M 32 0 M M 0 13.3 20 160 M M 8 27 150
23 40 30 35 M 30 0 M M 0 4.9 14 190 M M 10 1 16 200
24 45 34 40 M 25 0 0.00 0.0 0 9.5 21 160 M M 9 12 25 160
25 45 37 41 M 24 0 M 0.0 0 8.9 15 200 M M 9 1 M M
26 46 34 40 M 25 0 0.00 0.0 0 3.6 8 30 M M 7 1 M M
27 54 33 44 M 21 0 0.25 0.0 0 5.8 10 100 M M 4 13 M M
28 46 40 43 M 22 0 0.27 0.0 0 11.8 22 70 M M 10 13 27 70
29 47 33 40 M 25 0 0.05 0.0 0 16.2 28 310 M M 7 1 35 310
30 56 31 44 M 21 0 0.00 0.0 0 6.8 12 20 M M 0 17 20
31 49 31 40 M 25 0 0.00 0.0 0 7.0 13 50 M M 0 17 80
================================================================================
SM 1312 904 900 0 1.67 T 315.5 M 156
================================================================================
AV 42.3 29.2 10.2 FASTST M M 5 MAX(MPH)
MISC ----> # 31 290 # 43 290
================================================================================
NOTES:
# LAST OF SEVERAL OCCURRENCES
COLUMN 17 PEAK WIND IN M.P.H.
PRELIMINARY LOCAL CLIMATOLOGICAL DATA (WS FORM: F-6) , PAGE 2
STATION: PRESTON MN
MONTH: MARCH
YEAR: 2020
LATITUDE: 43 40 N
LONGITUDE: 92 11 W
[TEMPERATURE DATA] [PRECIPITATION DATA] SYMBOLS USED IN COLUMN 16
AVERAGE MONTHLY: 35.7 TOTAL FOR MONTH: 1.67 1 = FOG OR MIST
DPTR FM NORMAL: M DPTR FM NORMAL: M 2 = FOG REDUCING VISIBILITY
HIGHEST: 59 ON 8 GRTST 24HR 0.72 ON 19-19 TO 1/4 MILE OR LESS
LOWEST: 19 ON 21 3 = THUNDER
SNOW, ICE PELLETS, HAIL 4 = ICE PELLETS
TOTAL MONTH: T 5 = HAIL
GRTST 24HR T ON 16-16 6 = FREEZING RAIN OR DRIZZLE
GRTST DEPTH: 0 7 = DUSTSTORM OR SANDSTORM:
VSBY 1/2 MILE OR LESS
8 = SMOKE OR HAZE
[NO. OF DAYS WITH] [WEATHER - DAYS WITH] 9 = BLOWING SNOW
X = TORNADO
MAX 32 OR BELOW: 3 0.01 INCH OR MORE: 9
MAX 90 OR ABOVE: 0 0.10 INCH OR MORE: 5
MIN 32 OR BELOW: 23 0.50 INCH OR MORE: 1
MIN 0 OR BELOW: 0 1.00 INCH OR MORE: 0
[HDD (BASE 65) ]
TOTAL THIS MO. 900 CLEAR (SCALE 0-3) 12
DPTR FM NORMAL M PTCLDY (SCALE 4-7) 11
TOTAL FM JUL 1 6803 CLOUDY (SCALE 8-10) 8
DPTR FM NORMAL M
[CDD (BASE 65) ]
TOTAL THIS MO. 0
DPTR FM NORMAL M [PRESSURE DATA]
TOTAL FM JAN 1 0 HIGHEST SLP M ON M
DPTR FM NORMAL M LOWEST SLP M ON M
[REMARKS]
#FINAL-03-20#