000
CXUS53 KMKX 010910
CF6FLD
PRELIMINARY LOCAL CLIMATOLOGICAL DATA (WS FORM: F-6)
STATION: FOND_DU_LAC WI
MONTH: JANUARY
YEAR: 2023
LATITUDE: 43 46 N
LONGITUDE: 88 29 W
TEMPERATURE IN F: :PCPN: SNOW: WIND :SUNSHINE: SKY :PK WND
================================================================================
1 2 3 4 5 6A 6B 7 8 9 10 11 12 13 14 15 16 17 18
12Z AVG MX 2MIN
DY MAX MIN AVG DEP HDD CDD WTR SNW DPTH SPD SPD DIR MIN PSBL S-S WX SPD DR
================================================================================
1 41 34 38 17 27 0 T M M 6.9 13 230 M M 5 18 18 220
2 34 29 32 12 33 0 0.00 M M 4.6 14 20 M M 7 18 16 20
3 39 32 36 16 29 0 0.12 M M 10.0 17 40 M M 10 16 23 40
4 39 33 36 16 29 0 0.01 M M 6.3 13 210 M M 10 1 18 200
5 34 31 33 13 32 0 T M M 4.6 12 310 M M 10 1 15 310
6 31 24 28 8 37 0 0.00 M M 7.0 14 310 M M 10 1 19 310
7 25 16 21 1 44 0 0.00 M M 3.4 9 10 M M 8 1 12 10
8 25 22 24 5 41 0 0.00 M M 6.7 14 270 M M 9 19 290
9 38 20 29 10 36 0 T M M 6.5 12 140 M M 0 1 20 210
10 41 30 36 17 29 0 0.00 M M 5.3 14 140 M M 7 128 18 140
11 41 31 36 17 29 0 0.01 M M 4.6 10 330 M M 8 18 13 320
12 38 32 35 16 30 0 T M M 10.3 20 360 M M 10 1 25 10
13 32 24 28 9 37 0 0.00 M M 11.9 24 360 M M 10 32 360
14 30 22 26 7 39 0 0.00 M M 8.7 16 170 M M 6 20 170
15 43 27 35 16 30 0 0.00 M M 13.6 21 160 M M 0 29 160
16 43 37 40 22 25 0 0.14 M M 11.6 18 140 M M 10 1 24 140
17 46 35 41 23 24 0 0.00 M M 10.4 16 280 M M 10 1 24 270
18 36 31 34 16 31 0 T M M 9.4 22 60 M M 9 1 33 70
19 36 31 34 16 31 0 0.19 M M 9.4 23 70 M M 10 1 31 60
20 32 25 29 11 36 0 T M M 10.7 20 300 M M 10 1 27 300
21 28 22 25 7 40 0 0.00 M M 7.3 14 240 M M 10 19 240
22 24 18 21 3 44 0 T M M 6.4 13 10 M M 10 1 18 10
23 30 19 25 7 40 0 0.00 M M 9.8 20 200 M M 8 1 31 210
24 34 26 30 12 35 0 0.00 M M 6.8 15 240 M M 7 21 230
25 33 26 30 12 35 0 0.02 M M 5.9 14 350 M M 10 18 17 350
26 30 18 24 6 41 0 0.01 M M 7.2 15 20 M M 10 1 23 220
27 34 12 23 5 42 0 T M M 17.1 29 190 M M 8 18 42 200
28 22 14 18 0 47 0 0.02 M M 7.8 16 280 M M 8 18 24 290
29 18 6 12 -6 53 0 0.01 M M 9.4 18 10 M M 8 1 26 360
30 8 -11 -1 -20 66 0 0.00 M M 10.3 18 290 M M 3 8 25 290
31 9 -13 -2 -21 67 0 0.00 0.0 M 8.8 16 210 M M 0 22 210
================================================================================
SM 994 703 1159 0 0.53 0.0 258.7 M 241
================================================================================
AV 32.1 22.7 8.3 FASTST M M 8 MAX(MPH)
MISC ----> 29 190 42 200
================================================================================
NOTES:
# LAST OF SEVERAL OCCURRENCES
COLUMN 17 PEAK WIND IN M.P.H.
PRELIMINARY LOCAL CLIMATOLOGICAL DATA (WS FORM: F-6) , PAGE 2
STATION: FOND_DU_LAC WI
MONTH: JANUARY
YEAR: 2023
LATITUDE: 43 46 N
LONGITUDE: 88 29 W
[TEMPERATURE DATA] [PRECIPITATION DATA] SYMBOLS USED IN COLUMN 16
AVERAGE MONTHLY: 27.4 TOTAL FOR MONTH: 0.53 1 = FOG OR MIST
DPTR FM NORMAL: 8.5 DPTR FM NORMAL: -0.20 2 = FOG REDUCING VISIBILITY
HIGHEST: 46 ON 17 GRTST 24HR 0.37 ON 18-19 TO 1/4 MILE OR LESS
LOWEST: -13 ON 31 3 = THUNDER
SNOW, ICE PELLETS, HAIL 4 = ICE PELLETS
TOTAL MONTH: 0.0 INCH 5 = HAIL
GRTST 24HR 0.0 6 = FREEZING RAIN OR DRIZZLE
GRTST DEPTH: M ON M 7 = DUSTSTORM OR SANDSTORM:
VSBY 1/2 MILE OR LESS
8 = SMOKE OR HAZE
[NO. OF DAYS WITH] [WEATHER - DAYS WITH] 9 = BLOWING SNOW
X = TORNADO
MAX 32 OR BELOW: 14 0.01 INCH OR MORE: 9
MAX 90 OR ABOVE: 0 0.10 INCH OR MORE: 3
MIN 32 OR BELOW: 27 0.50 INCH OR MORE: 0
MIN 0 OR BELOW: 2 1.00 INCH OR MORE: 0
[HDD (BASE 65) ]
TOTAL THIS MO. 1159 CLEAR (SCALE 0-3) 3
DPTR FM NORMAL -270 PTCLDY (SCALE 4-7) 10
TOTAL FM JUL 1 3732 CLOUDY (SCALE 8-10) 18
DPTR FM NORMAL -447
[CDD (BASE 65) ]
TOTAL THIS MO. 0
DPTR FM NORMAL 0 [PRESSURE DATA]
TOTAL FM JAN 1 0 HIGHEST SLP 30.49 ON 31
DPTR FM NORMAL 0 LOWEST SLP 29.36 ON 17
[REMARKS]
#FINAL-01-23#