842
CXUS53 KMKX 010910
CF6FLD
PRELIMINARY LOCAL CLIMATOLOGICAL DATA (WS FORM: F-6)
STATION: FOND_DU_LAC WI
MONTH: JULY
YEAR: 2020
LATITUDE: 43 46 N
LONGITUDE: 88 29 W
TEMPERATURE IN F: :PCPN: SNOW: WIND :SUNSHINE: SKY :PK WND
================================================================================
1 2 3 4 5 6A 6B 7 8 9 10 11 12 13 14 15 16 17 18
12Z AVG MX 2MIN
DY MAX MIN AVG DEP HDD CDD WTR SNW DPTH SPD SPD DIR MIN PSBL S-S WX SPD DR
================================================================================
1 89 63 76 5 0 11 0.00 0.0 0 6.2 15 130 M M 0 23 90
2 89 61 75 4 0 10 0.00 0.0 0 2.3 10 300 M M 0 14 260
3 92 68 80 9 0 15 0.00 0.0 0 4.3 17 80 M M 0 25 80
4 91 65 78 6 0 13 0.00 0.0 0 3.7 13 50 M M 0 18 15 50
5 92 68 80 8 0 15 0.00 0.0 0 5.3 13 290 M M 0 18 240
6 92 70 81 9 0 16 0.16 0.0 0 5.8 20 320 M M 1 1 32 330
7 92 68 80 8 0 15 0.18 0.0 0 5.0 32 290 M M 2 1 46 310
8 92 65 79 7 0 14 0.00 0.0 0 5.5 15 160 M M 1 1 21 170
9 88 70 79 7 0 14 2.08 0.0 0 7.5 23 280 M M 3 1 38 290
10 84 69 77 5 0 12 0.08 0.0 0 9.9 18 310 M M 2 1 24 320
11 87 64 76 4 0 11 0.00 0.0 0 6.4 16 30 M M 2 22 20
12 79 63 71 -1 0 6 0.00 0.0 0 8.2 18 30 M M 3 24 50
13 84 60 72 0 0 7 0.00 0.0 0 4.9 16 150 M M 1 20 150
14 86 65 76 4 0 11 0.04 0.0 0 10.6 21 170 M M 1 28 180
15 73 66 70 -2 0 5 1.55 0.0 0 7.3 17 60 M M 9 13 24 40
16 82 65 74 2 0 9 0.00 0.0 M 3.6 10 40 M M 4 14 40
17 88 66 77 5 0 12 0.00 0.0 0 7.8 14 220 M M 1 21 200
18 87 72 80 8 0 15 T 0.0 0 11.1 21 180 M M 2 30 200
19 84 68 76 4 0 11 0.20 0.0 0 11.3 26 310 M M 2 36 310
20 80 62 71 -1 0 6 0.00 0.0 0 6.5 15 140 M M 0 18 140
21 80 59 70 -2 0 5 0.00 0.0 0 8.2 16 150 M M 2 22 130
22 80 59 70 -2 0 5 0.00 0.0 0 7.2 16 290 M M 5 22 270
23 80 58 69 -2 0 4 0.00 0.0 0 6.3 13 30 M M 4 17 20
24 85 56 71 0 0 6 0.00 0.0 0 3.4 10 200 M M 0 15 190
25 90 67 79 8 0 14 0.00 0.0 0 8.4 15 210 M M 0 24 210
26 93 74 84 13 0 19 0.90 0.0 0 10.1 33 300 M M 3 18 46 280
27 84 67 76 5 0 11 0.00 0.0 0 8.8 17 290 M M 2 27 280
28 85 63 74 3 0 9 0.60 0.0 0 5.6 33 320 M M 4 1 46 330
29 84 64 74 3 0 9 0.00 0.0 0 3.7 12 30 M M 1 1 16 310
30 80 62 71 0 0 6 0.00 0.0 0 6.1 15 50 M M 3 21 60
31 79 58 69 -2 0 4 0.00 0.0 0 4.4 15 20 M M 0 20 10
================================================================================
SM 2651 2005 0 320 5.79 0.0 205.4 M 58
================================================================================
AV 85.5 64.7 6.6 FASTST M M 2 MAX(MPH)
MISC ----> # 33 300 # 46 310
================================================================================
NOTES:
# LAST OF SEVERAL OCCURRENCES
COLUMN 17 PEAK WIND IN M.P.H.
PRELIMINARY LOCAL CLIMATOLOGICAL DATA (WS FORM: F-6) , PAGE 2
STATION: FOND_DU_LAC WI
MONTH: JULY
YEAR: 2020
LATITUDE: 43 46 N
LONGITUDE: 88 29 W
[TEMPERATURE DATA] [PRECIPITATION DATA] SYMBOLS USED IN COLUMN 16
AVERAGE MONTHLY: 75.1 TOTAL FOR MONTH: 5.79 1 = FOG OR MIST
DPTR FM NORMAL: 3.6 DPTR FM NORMAL: 2.02 2 = FOG REDUCING VISIBILITY
HIGHEST: 93 ON 26 GRTST 24HR 2.08 ON 9- 9 TO 1/4 MILE OR LESS
LOWEST: 56 ON 24 3 = THUNDER
SNOW, ICE PELLETS, HAIL 4 = ICE PELLETS
TOTAL MONTH: 0.0 INCH 5 = HAIL
GRTST 24HR 0.0 6 = FREEZING RAIN OR DRIZZLE
GRTST DEPTH: 0 7 = DUSTSTORM OR SANDSTORM:
VSBY 1/2 MILE OR LESS
8 = SMOKE OR HAZE
[NO. OF DAYS WITH] [WEATHER - DAYS WITH] 9 = BLOWING SNOW
X = TORNADO
MAX 32 OR BELOW: 0 0.01 INCH OR MORE: 9
MAX 90 OR ABOVE: 8 0.10 INCH OR MORE: 7
MIN 32 OR BELOW: 0 0.50 INCH OR MORE: 4
MIN 0 OR BELOW: 0 1.00 INCH OR MORE: 2
[HDD (BASE 65) ]
TOTAL THIS MO. 0 CLEAR (SCALE 0-3) 26
DPTR FM NORMAL -8 PTCLDY (SCALE 4-7) 4
TOTAL FM JUL 1 0 CLOUDY (SCALE 8-10) 1
DPTR FM NORMAL -8
[CDD (BASE 65) ]
TOTAL THIS MO. 320
DPTR FM NORMAL 111 [PRESSURE DATA]
TOTAL FM JAN 1 556 HIGHEST SLP 30.20 ON 24
DPTR FM NORMAL 189 LOWEST SLP 29.67 ON 19
[REMARKS]
#FINAL-07-20#