000
CXUS53 KMKX 010910
CF6FLD
PRELIMINARY LOCAL CLIMATOLOGICAL DATA (WS FORM: F-6)
STATION: FOND_DU_LAC WI
MONTH: APRIL
YEAR: 2020
LATITUDE: 43 46 N
LONGITUDE: 88 29 W
TEMPERATURE IN F: :PCPN: SNOW: WIND :SUNSHINE: SKY :PK WND
================================================================================
1 2 3 4 5 6A 6B 7 8 9 10 11 12 13 14 15 16 17 18
12Z AVG MX 2MIN
DY MAX MIN AVG DEP HDD CDD WTR SNW DPTH SPD SPD DIR MIN PSBL S-S WX SPD DR
================================================================================
1 51 36 44 3 21 0 0.00 0.0 0 6.3 14 30 M M 5 16 20
2 60 30 45 4 20 0 T M 0 6.1 15 110 M M 1 19 110
3 64 38 51 9 14 0 T M 0 10.9 18 120 M M 10 23 130
4 51 32 42 0 23 0 0.01 M 0 8.8 20 300 M M 4 1 28 310
5 56 29 43 0 22 0 0.00 M 0 4.7 12 180 M M 3 1 16 170
6 61 29 45 2 20 0 T M 0 6.2 14 190 M M 6 8 20 180
7 73 47 60 16 5 0 T M 0 6.8 21 180 M M 9 18 28 210
8 64 42 53 9 12 0 0.05 M 0 7.0 20 300 M M 6 12 28 290
9 46 34 40 -4 25 0 T M 0 17.5 31 310 M M 4 1 43 310
10 49 30 40 -5 25 0 0.00 0.0 0 8.8 17 320 M M 4 23 310
11 62 28 45 0 20 0 0.03 M 0 8.6 20 190 M M 3 1 29 190
12 47 34 41 -5 24 0 0.47 M 0 11.8 26 20 M M 10 1 35 10
13 40 30 35 -11 30 0 0.03 M 0 17.5 29 290 M M 6 1 42 300
14 36 25 31 -15 34 0 T M 0 10.0 23 280 M M 5 8 30 290
15 35 20 28 -19 37 0 T M 0 7.5 15 300 M M 5 20 280
16 45 23 34 -13 31 0 T M 0 8.8 20 300 M M 2 27 300
17 51 29 40 -8 25 0 0.00 M 0 5.7 16 260 M M 6 21 260
18 62 32 47 -1 18 0 0.01 M 0 14.5 30 210 M M 1 44 210
19 56 34 45 -3 20 0 0.02 M 0 9.8 23 320 M M 2 30 320
20 64 33 49 0 16 0 0.20 M 0 12.1 41 300 M M 2 13 56 300
21 47 29 38 -11 27 0 T M 0 13.1 26 310 M M 1 34 310
22 47 36 42 -7 23 0 T M 0 11.7 24 140 M M 5 32 120
23 43 36 40 -10 25 0 T M 0 8.6 13 40 M M 10 18 16 60
24 54 34 44 -6 21 0 0.00 0.0 0 6.4 14 40 M M 6 19 30
25 57 34 46 -4 19 0 0.00 0.0 0 6.4 14 30 M M 0 1 17 20
26 63 39 51 0 14 0 0.00 0.0 0 7.8 17 20 M M 0 22 40
27 60 40 50 -1 15 0 0.17 M 0 7.5 23 180 M M 6 12 29 180
28 60 37 49 -2 16 0 0.09 M 0 7.7 17 90 M M 7 12 25 120
29 53 45 49 -3 16 0 0.16 M 0 23.7 36 10 M M 10 1 50 20
30 67 36 52 0 13 0 T M 0 16.1 31 360 M M 4 45 350
================================================================================
SM 1624 1001 631 0 1.24 0.0 298.4 M 143
================================================================================
AV 54.1 33.4 9.9 FASTST M M 5 MAX(MPH)
MISC ----> # 41 300 # 56 300
================================================================================
NOTES:
# LAST OF SEVERAL OCCURRENCES
COLUMN 17 PEAK WIND IN M.P.H.
PRELIMINARY LOCAL CLIMATOLOGICAL DATA (WS FORM: F-6) , PAGE 2
STATION: FOND_DU_LAC WI
MONTH: APRIL
YEAR: 2020
LATITUDE: 43 46 N
LONGITUDE: 88 29 W
[TEMPERATURE DATA] [PRECIPITATION DATA] SYMBOLS USED IN COLUMN 16
AVERAGE MONTHLY: 43.8 TOTAL FOR MONTH: 1.24 1 = FOG OR MIST
DPTR FM NORMAL: -3.0 DPTR FM NORMAL: -1.63 2 = FOG REDUCING VISIBILITY
HIGHEST: 73 ON 7 GRTST 24HR 0.47 ON 12-12 TO 1/4 MILE OR LESS
LOWEST: 20 ON 15 3 = THUNDER
SNOW, ICE PELLETS, HAIL 4 = ICE PELLETS
TOTAL MONTH: 0.0 INCH 5 = HAIL
GRTST 24HR 0.0 6 = FREEZING RAIN OR DRIZZLE
GRTST DEPTH: 0 7 = DUSTSTORM OR SANDSTORM:
VSBY 1/2 MILE OR LESS
8 = SMOKE OR HAZE
[NO. OF DAYS WITH] [WEATHER - DAYS WITH] 9 = BLOWING SNOW
X = TORNADO
MAX 32 OR BELOW: 0 0.01 INCH OR MORE: 11
MAX 90 OR ABOVE: 0 0.10 INCH OR MORE: 4
MIN 32 OR BELOW: 13 0.50 INCH OR MORE: 0
MIN 0 OR BELOW: 0 1.00 INCH OR MORE: 0
[HDD (BASE 65) ]
TOTAL THIS MO. 631 CLEAR (SCALE 0-3) 8
DPTR FM NORMAL 83 PTCLDY (SCALE 4-7) 17
TOTAL FM JUL 1 6566 CLOUDY (SCALE 8-10) 5
DPTR FM NORMAL -358
[CDD (BASE 65) ]
TOTAL THIS MO. 0
DPTR FM NORMAL -2 [PRESSURE DATA]
TOTAL FM JAN 1 0 HIGHEST SLP 30.27 ON 16
DPTR FM NORMAL -2 LOWEST SLP 29.44 ON 20
[REMARKS]
#FINAL-04-20#