000
CXUS52 KMFL 011130
CF6FLL
PRELIMINARY LOCAL CLIMATOLOGICAL DATA (WS FORM: F-6)
STATION: FORT LAUDERDALE
MONTH: NOVEMBER
YEAR: 2023
LATITUDE: 26 4 N
LONGITUDE: 80 9 W
TEMPERATURE IN F: :PCPN: SNOW: WIND :SUNSHINE: SKY :PK WND
================================================================================
1 2 3 4 5 6A 6B 7 8 9 10 11 12 13 14 15 16 17 18
12Z AVG MX 2MIN
DY MAX MIN AVG DEP HDD CDD WTR SNW DPTH SPD SPD DIR MIN PSBL S-S WX SPD DR
================================================================================
1 85 69 77 0 0 12 0.01 0.0 0 9.8 18 20 M M 4 25 360
2 81 71 76 -1 0 11 0.08 0.0 0 17.8 25 60 M M 7 1 34 40
3 82 74 78 2 0 13 0.00 0.0 0 16.0 23 60 M M 6 31 50
4 81 70 76 0 0 11 0.19 0.0 0 7.6 17 70 M M 8 1 24 60
5 84 68 76 0 0 11 T 0.0 0 7.9 16 50 M M 5 26 50
6 84 63 74 -2 0 9 T 0.0 0 7.2 12 40 M M 3 17 60
7 84 69 77 1 0 12 0.00 0.0 0 7.1 13 90 M M 3 18 70
8 84 70 77 1 0 12 0.00 0.0 0 8.6 13 80 M M 4 13 80
9 81 74 78 3 0 13 0.04 0.0 0 8.0 14 110 M M 5 1 14 110
10 86 76 81 6 0 16 0.00 0.0 0 9.8 14 140 M M 4 14 140
11 85 78 82 7 0 17 0.00 0.0 0 9.7 13 100 M M 4 18 110
12 85 77 81 6 0 16 T 0.0 0 7.0 12 110 M M 5 16 110
13 85 73 79 4 0 14 0.10 0.0 0 7.2 12 70 M M 7 18 18 80
14 82 73 78 4 0 13 2.75 0.0 0 13.3 30 70 M M 8 13 33 70
15 77 68 73 -1 0 8 6.69 0.0 0 21.0 30 80 M M 10 1 44 100
16 77 66 72 -2 0 7 1.22 0.0 0 18.0 32 60 M M 8 1 51 70
17 83 69 76 2 0 11 0.00 0.0 0 6.8 12 260 M M 5 12 12 260
18 78 68 73 -1 0 8 T 0.0 0 6.8 13 340 M M 6 1 22 350
19 84 67 76 2 0 11 T 0.0 0 5.9 14 60 M M 2 14 60
20 83 68 76 2 0 11 0.00 0.0 0 8.8 16 100 M M 3 16 100
21 82 75 79 5 0 14 0.00 0.0 0 13.3 17 90 M M 4 23 120
22 84 74 79 5 0 14 0.00 0.0 0 9.0 17 160 M M 4 17 160
23 83 69 76 2 0 11 T 0.0 0 4.7 9 340 M M 6 9 340
24 82 70 76 2 0 11 T 0.0 0 5.4 12 150 M M 6 12 150
25 83 70 77 4 0 12 T 0.0 0 7.4 14 70 M M 8 14 70
26 83 74 79 6 0 14 0.15 0.0 0 8.1 18 160 M M 5 1 22 150
27 80 66 73 0 0 8 0.00 0.0 0 6.5 13 340 M M 4 15 320
28 78 60 69 -4 0 4 0.00 0.0 0 7.1 14 330 M M 6 20 320
29 75 58 67 -6 0 2 0.00 0.0 0 7.6 14 340 M M 7 19 330
30 79 60 70 -3 0 5 0.00 0.0 0 9.1 18 100 M M 5 25 80
================================================================================
SM 2460 2087 0 331 11.23 0.0 282.5 M 162
================================================================================
AV 82.0 69.6 9.4 FASTST M M 5 MAX(MPH)
MISC ----> 32 60 51 70
================================================================================
NOTES:
# LAST OF SEVERAL OCCURRENCES
COLUMN 17 PEAK WIND IN M.P.H.
PRELIMINARY LOCAL CLIMATOLOGICAL DATA (WS FORM: F-6) , PAGE 2
STATION: FORT LAUDERDALE
MONTH: NOVEMBER
YEAR: 2023
LATITUDE: 26 4 N
LONGITUDE: 80 9 W
[TEMPERATURE DATA] [PRECIPITATION DATA] SYMBOLS USED IN COLUMN 16
AVERAGE MONTHLY: 75.8 TOTAL FOR MONTH: 11.23 1 = FOG OR MIST
DPTR FM NORMAL: 1.2 DPTR FM NORMAL: 7.54 2 = FOG REDUCING VISIBILITY
HIGHEST: 86 ON 10 GRTST 24HR 6.69 ON 15-15 TO 1/4 MILE OR LESS
LOWEST: 58 ON 29 3 = THUNDER
SNOW, ICE PELLETS, HAIL 4 = ICE PELLETS
TOTAL MONTH: 0.0 INCH 5 = HAIL
GRTST 24HR 0.0 6 = FREEZING RAIN OR DRIZZLE
GRTST DEPTH: 0 7 = DUSTSTORM OR SANDSTORM:
VSBY 1/2 MILE OR LESS
8 = SMOKE OR HAZE
[NO. OF DAYS WITH] [WEATHER - DAYS WITH] 9 = BLOWING SNOW
X = TORNADO
MAX 32 OR BELOW: 0 0.01 INCH OR MORE: 9
MAX 90 OR ABOVE: 0 0.10 INCH OR MORE: 6
MIN 32 OR BELOW: 0 0.50 INCH OR MORE: 3
MIN 0 OR BELOW: 0 1.00 INCH OR MORE: 3
[HDD (BASE 65) ]
TOTAL THIS MO. 0 CLEAR (SCALE 0-3) 3
DPTR FM NORMAL -4 PTCLDY (SCALE 4-7) 25
TOTAL FM JUL 1 0 CLOUDY (SCALE 8-10) 2
DPTR FM NORMAL 0
[CDD (BASE 65) ]
TOTAL THIS MO. 331
DPTR FM NORMAL 41 [PRESSURE DATA]
TOTAL FM JAN 1 4872 HIGHEST SLP 30.15 ON 29
DPTR FM NORMAL 521 LOWEST SLP 29.70 ON 18
[REMARKS]
#FINAL-11-23#