000
CXUS52 KMFL 011510
CLMFLL
CLIMATE REPORT
NATIONAL WEATHER SERVICE MIAMI, FL
1010 AM EST FRI DEC 01 2023
...................................
...THE FORT LAUDERDALE CLIMATE SUMMARY FOR THE MONTH OF NOVEMBER 2023...
CLIMATE NORMAL PERIOD: 1991 TO 2020
CLIMATE RECORD PERIOD: 1912 TO 2023
WEATHER OBSERVED NORMAL DEPART LAST YEAR`S
VALUE DATE(S) VALUE FROM VALUE
NORMAL
..............................................................
TEMPERATURE (F)
RECORD
HIGH 91 11/09/1958
11/07/1958
LOW 35 11/29/1950
11/26/1950
11/27/1949
HIGHEST 86 11/10 88
LOWEST 58 11/29 64
AVG. MAXIMUM 82.0 80.8 1.2 83.6
AVG. MINIMUM 69.6 68.3 1.3 71.9
MEAN 75.8 74.6 1.2 77.8
DAYS MAX >= 90 0 0
DAYS MAX <= 32 0 0
DAYS MIN <= 32 0 0
DAYS MIN <= 0 0 0
PRECIPITATION (INCHES)
RECORD
MAXIMUM 14.60 1994
MINIMUM 0.05 1962
TOTALS 11.23 3.69 7.54 8.55
DAILY AVG. 0.37 0.12 0.25 0.29
DAYS >= .01 9 15
DAYS >= .10 6 10
DAYS >= .50 3 5
DAYS >= 1.00 3 4
GREATEST
24 HR. TOTAL 6.69 11/15 TO 11/15 3.71
DEGREE DAYS
HEATING TOTAL 0 4 -4 0
SINCE 7/1 0 0 0 MM
COOLING TOTAL 331 290 41 389
SINCE 1/1 4872 4351 521 MM
..............................................................
WIND (MPH)
AVERAGE WIND SPEED 9.4
HIGHEST WIND SPEED/DIRECTION MM DATE MM
HIGHEST GUST SPEED/DIRECTION 51/070 DATE 11/16
SKY COVER
POSSIBLE SUNSHINE (PERCENT) MM
AVERAGE SKY COVER 0.53
NUMBER OF DAYS FAIR 6
NUMBER OF DAYS PC 19
NUMBER OF DAYS CLOUDY 5
AVERAGE RH (PERCENT) 77
WEATHER CONDITIONS. NUMBER OF DAYS WITH
THUNDERSTORM 1 MIXED PRECIP 0
HEAVY RAIN 4 RAIN 4
LIGHT RAIN 13 FREEZING RAIN 0
LT FREEZING RAIN 0 HAIL 0
HEAVY SNOW 0 SNOW 0
LIGHT SNOW 0 SLEET 0
FOG 10 FOG W/VIS <= 1/4 MILE 1
HAZE 1
- INDICATES NEGATIVE NUMBERS.
R INDICATES RECORD WAS SET OR TIED.
MM INDICATES DATA IS MISSING.
T INDICATES TRACE AMOUNT.
$$