000
CXUS52 KILM 281000
CF6FLO
PRELIMINARY LOCAL CLIMATOLOGICAL DATA (WS FORM: F-6)

                                          STATION:   FLORENCE SOUTH  CAROLINA
                                          MONTH:     JUNE
                                          YEAR:      2016
                                          LATITUDE:   34 10 N
                                          LONGITUDE:  79 43 W

  TEMPERATURE IN F:       :PCPN:    SNOW:  WIND      :SUNSHINE: SKY     :PK WND
================================================================================
1   2   3   4   5  6A  6B    7    8   9   10  11  12  13   14  15   16   17  18
                                     12Z  AVG MX 2MIN
DY MAX MIN AVG DEP HDD CDD  WTR  SNW DPTH SPD SPD DIR MIN PSBL S-S WX    SPD DR
================================================================================

 1  90  70  80   5   0  15 0.00    M    M  6.6 14 350   M    M   1        19  10
 2  91  70  81   6   0  16 1.08    M    M  4.6 20 200   M    M   5 123    23 190
 3  92  69  81   5   0  16 0.06    M    M  3.8 10 240   M    M   1 1      14 220
 4  93  75  84   8   0  19 0.00    M    M  8.0 17 170   M    M   1        21 160
 5  91  74  83   7   0  18 0.03    M    M 10.2 21 170   M    M   3        26 170
 6  81  72  77   1   0  12 0.12    M    M  6.7 13 240   M    M   6 1      16 240
 7  91  72  82   5   0  17 0.05    M    M  7.6 20 340   M    M   5        24 320
 8  87  65  76  -1   0  11 0.00    M    M  5.6 14  10   M    M   0        18  30
 9  85  63  74  -3   0   9 0.00    M    M  5.3 12  70   M    M   0        15  40
10  90  67  79   2   0  14 0.00    M    M  4.2 13 350   M    M   2        17 360
11  93  71  82   4   0  17 0.00    M    M  7.4 16 220   M    M   1 1      20 210
12  97  75  86   8   0  21 0.00    M    M  8.2 18 250   M    M   0        23 240
13  92  72  82   4   0  17 0.00    M    M  4.9 17  60   M    M   0        22  40
14  97  70  84   6   0  19 0.65    M    M  6.6 25  10   M    M   3 13     32 280
15  93  73  83   5   0  18 0.03    M    M  6.2 24 240   M    M   2 138    32 250
16  97  76  87   9   0  22 0.00    M    M  8.6 15 210   M    M   3        19 270
17  92  74  83   4   0  18    T    M    M  8.9 20  60   M    M   2        25  30
18  88  68  78  -1   0  13 0.00    M    M 12.2 23  50   M    M   5        28  50
19  85  63  74  -5   0   9 0.00    M    M  6.9 18  60   M    M   3        24  60
20  88  64  76  -3   0  11 0.00    M    M  4.9 12 210   M    M   2        16 220
21  92  69  81   2   0  16 0.00    M    M 10.7 18 230   M    M   0        23 200
22  96  73  85   5   0  20 0.00    M    M  8.8 16 250   M    M   1        23 220
23  97  77  87   7   0  22 0.00    M    M  9.7 20 220   M    M   0        25 210
24  96  73  85   5   0  20 0.05    M    M  8.1 15 190   M    M   4 3      20 180
25  92  72  82   2   0  17 1.19    M    M  5.7 16  80   M    M   3 13     21  80
26  90  73  82   2   0  17    T    M    M  6.2 14  40   M    M   3        18  60
27  91  70  81   1   0  16 0.00    M    M  4.7 14 170   M    M   2 1      17 180
================================================================================
SM 2467 1910         0 440  3.26    M    191.3          M       58
================================================================================
AV 91.4 70.7                               7.1 FASTST   M    M   2    MAX(MPH)
                                 MISC ---->  # 25  10               # 32  280
================================================================================
NOTES:
# LAST OF SEVERAL OCCURRENCES

COLUMN 17 PEAK WIND IN M.P.H.

PRELIMINARY LOCAL CLIMATOLOGICAL DATA (WS FORM: F-6) , PAGE 2

                                          STATION:  FLORENCE SOUTH  CAROLINA
                                          MONTH:    JUNE
                                          YEAR:     2016
                                          LATITUDE:   34 10 N
                                          LONGITUDE:  79 43 W

[TEMPERATURE DATA]      [PRECIPITATION DATA]       SYMBOLS USED IN COLUMN 16

AVERAGE MONTHLY: 81.1   TOTAL FOR MONTH:   3.26    1 = FOG OR MIST
DPTR FM NORMAL:   3.1   DPTR FM NORMAL:   -0.90    2 = FOG REDUCING VISIBILITY
HIGHEST:    97 ON 23,16 GRTST 24HR  1.24 ON 24-25      TO 1/4 MILE OR LESS
LOWEST:     63 ON 19, 9                            3 = THUNDER
                        SNOW, ICE PELLETS, HAIL    4 = ICE PELLETS
                        TOTAL MONTH:    M          5 = HAIL
                        GRTST 24HR    M  ON   M    6 = FREEZING RAIN OR DRIZZLE
                        GRTST DEPTH:  M  ON   M    7 = DUSTSTORM OR SANDSTORM:
                                                       VSBY 1/2 MILE OR LESS
                                                   8 = SMOKE OR HAZE
[NO. OF DAYS WITH]      [WEATHER - DAYS WITH]      9 = BLOWING SNOW
                                                   X = TORNADO
MAX 32 OR BELOW:   0    0.01 INCH OR MORE:   9
MAX 90 OR ABOVE:  21    0.10 INCH OR MORE:   4
MIN 32 OR BELOW:   0    0.50 INCH OR MORE:   3
MIN  0 OR BELOW:   0    1.00 INCH OR MORE:   2

[HDD (BASE 65) ]
TOTAL THIS MO.     0    CLEAR  (SCALE 0-3)  19
DPTR FM NORMAL     0    PTCLDY (SCALE 4-7)   8
TOTAL FM JUL 1  1948    CLOUDY (SCALE 8-10)  0
DPTR FM NORMAL  -575

[CDD (BASE 65) ]
TOTAL THIS MO.   440
DPTR FM NORMAL    89    [PRESSURE DATA]
TOTAL FM JAN 1   787    HIGHEST SLP M ON M
DPTR FM NORMAL   129    LOWEST  SLP 29.58 ON  7

[REMARKS]
