000
CXUS52 KILM 261000
CF6FLO
PRELIMINARY LOCAL CLIMATOLOGICAL DATA (WS FORM: F-6)

                                          STATION:   FLORENCE SC
                                          MONTH:     AUGUST
                                          YEAR:      2014
                                          LATITUDE:   34 10 N
                                          LONGITUDE:  79 43 W

  TEMPERATURE IN F:       :PCPN:    SNOW:  WIND      :SUNSHINE: SKY     :PK WND
================================================================================
1   2   3   4   5  6A  6B    7    8   9   10  11  12  13   14  15   16   17  18
                                     12Z  AVG MX 2MIN
DY MAX MIN AVG DEP HDD CDD  WTR  SNW DPTH SPD SPD DIR MIN PSBL S-S WX    SPD DR
================================================================================

 1  85  71  78  -3   0  13 0.06    M    M  6.9 14 360   M    M   8 13     17 100
 2  73  68  71 -10   0   6 0.03    M    M  7.0 12  10   M    M  10 1      14  20
 3  79  70  75  -6   0  10 0.02    M    M  5.3 12 140   M    M   8 1      14 150
 4  86  70  78  -3   0  13 0.00    M    M  6.9 14  70   M    M   8 12     17  70
 5  90  71  81   0   0  16 0.00    M    M  4.6 12  40   M    M   5 12     14  10
 6  94  69  82   1   0  17    T    M    M  3.1 14  20   M    M   2 1      17 240
 7  94  70  82   1   0  17    T    M    M  5.0 15 360   M    M   1 18     19  20
 8  89  71  80  -1   0  15    T    M    M  6.1 13 170   M    M   2 18     18 190
 9  84  73  79  -2   0  14 2.59    M    M  5.2 20 160   M    M   6 138    23 160
10  82  72  77  -4   0  12 0.56    M    M  6.7 18 140   M    M   9 128    22 140
11  88  73  81   1   0  16 0.30    M    M  4.9 16 170   M    M   9 18     21 170
12  90  73  82   2   0  17 0.18    M    M  5.2 17 250   M    M   5 13     23 240
13  90  71  81   1   0  16 0.00    M    M  5.4 12  10   M    M   4 1      17 260
14  86  65  76  -4   0  11 0.00    M    M  5.0 12  50   M    M   0        15  70
15  89  63  76  -4   0  11 0.00    M    M  3.5 13 170   M    M   2        15 160
16  89  69  79  -1   0  14 0.00    M    M  1.6  9  20   M    M   4 1      14  10
17  93  69  81   1   0  16 0.00    M    M  4.5 15 240   M    M   1 12     20 240
18  93  76  85   5   0  20 0.00    M    M  7.9 16 290   M    M   3 18     20 270
19  91  74  83   3   0  18 0.15    M    M  6.3 21 240   M    M   2 1      29 250
20  93  72  83   3   0  18 0.00    M    M  2.3 10 240   M    M   2 12     12 240
21  97  73  85   5   0  20 0.00    M    M  3.0 16  10   M    M   0 1      19  10
22  98  72  85   5   0  20 0.00    M    M  3.0 10 250   M    M   0        14 230
23  96  75  86   7   0  21 0.00    M    M  5.6 24  60   M    M   1 18     30  70
24  87  68  78  -1   0  13 0.00    M    M 12.5 21  60   M    M   6        27  40
25  85  63  74  -5   0   9 0.00    M    M 10.5 20  40   M    M   4        25  60
================================================================================
SM 2221 1761         0 373  3.89    M    138.0          M      102
================================================================================
AV 88.8 70.4                               5.5 FASTST   M    M   4    MAX(MPH)
                                 MISC ---->  # 24  60               # 30   70
================================================================================
NOTES:
# LAST OF SEVERAL OCCURRENCES

COLUMN 17 PEAK WIND IN M.P.H.

PRELIMINARY LOCAL CLIMATOLOGICAL DATA (WS FORM: F-6) , PAGE 2

                                          STATION:  FLORENCE SC
                                          MONTH:    AUGUST
                                          YEAR:     2014
                                          LATITUDE:   34 10 N
                                          LONGITUDE:  79 43 W

[TEMPERATURE DATA]      [PRECIPITATION DATA]       SYMBOLS USED IN COLUMN 16

AVERAGE MONTHLY: 79.6   TOTAL FOR MONTH:   3.89    1 = FOG OR MIST
DPTR FM NORMAL:  -0.6   DPTR FM NORMAL:   -0.41    2 = FOG REDUCING VISIBILITY
HIGHEST:    98 ON 22    GRTST 24HR  2.71 ON  9-10      TO 1/4 MILE OR LESS
LOWEST:     63 ON 25,15                            3 = THUNDER
                        SNOW, ICE PELLETS, HAIL    4 = ICE PELLETS
                        TOTAL MONTH:    M          5 = HAIL
                        GRTST 24HR    M  ON   M    6 = FREEZING RAIN OR DRIZZLE
                        GRTST DEPTH:  M  ON   M    7 = DUSTSTORM OR SANDSTORM:
                                                       VSBY 1/2 MILE OR LESS
                                                   8 = SMOKE OR HAZE
[NO. OF DAYS WITH]      [WEATHER - DAYS WITH]      9 = BLOWING SNOW
                                                   X = TORNADO
MAX 32 OR BELOW:   0    0.01 INCH OR MORE:   8
MAX 90 OR ABOVE:  12    0.10 INCH OR MORE:   5
MIN 32 OR BELOW:   0    0.50 INCH OR MORE:   2
MIN  0 OR BELOW:   0    1.00 INCH OR MORE:   1

[HDD (BASE 65) ]
TOTAL THIS MO.     0    CLEAR  (SCALE 0-3)  12
DPTR FM NORMAL     0    PTCLDY (SCALE 4-7)  10
TOTAL FM JUL 1     0    CLOUDY (SCALE 8-10)  3
DPTR FM NORMAL     0

[CDD (BASE 65) ]
TOTAL THIS MO.   373
DPTR FM NORMAL    -9    [PRESSURE DATA]
TOTAL FM JAN 1  1741    HIGHEST SLP  0.00 ON M
DPTR FM NORMAL   153    LOWEST  SLP 29.79 ON 19

[REMARKS]
