000
CXUS52 KILM 011000
CF6FLO
PRELIMINARY LOCAL CLIMATOLOGICAL DATA (WS FORM: F-6)

                                          STATION:   FLORENCE SC
                                          MONTH:     JULY
                                          YEAR:      2013
                                          LATITUDE:   34 10 N
                                          LONGITUDE:  79 43 W

  TEMPERATURE IN F:       :PCPN:    SNOW:  WIND      :SUNSHINE: SKY     :PK WND
================================================================================
1   2   3   4   5  6A  6B    7    8   9   10  11  12  13   14  15   16   17  18
                                     12Z  AVG MX 2MIN
DY MAX MIN AVG DEP HDD CDD  WTR  SNW DPTH SPD SPD DIR MIN PSBL S-S WX    SPD DR
================================================================================

 1  86  72  79  -2   0  14 1.27    M    M  4.7 22 160   M    M   7 13     29 160
 2  79  73  76  -5   0  11 1.90    M    M  5.8 17 230   M    M   8 123    22 220
 3  85  72  79  -2   0  14 0.70    M    M   M  20 150   M    M   6 138     M  M
 4  88  72  80  -1   0  15 1.44    M    M  6.7 21 130   M    M   5 12     28 140
 5  89  73  81   0   0  16 0.38    M    M  4.8 18 170   M    M   5 128    25 170
 6  90  73  82   1   0  17 0.00    M    M  5.7 18 160   M    M   3 12     23 150
 7  91  70  81   0   0  16 0.00    M    M  5.1 17 170   M    M   3        26 120
 8  88  74  81   0   0  16 0.00    M    M  5.4 12 210   M    M   4        15 190
 9  89  74  82   1   0  17 0.46    M    M  5.1 15 280   M    M   2 13     21 270
10  90  75  83   2   0  18 0.13    M    M  5.9 20 160   M    M   2        24 160
11  91  73  82   1   0  17 1.52    M    M  7.5 15 360   M    M   3 13     18 360
12  83  72  78  -3   0  13 0.21    M    M  4.5 15 350   M    M   6 1      20 340
13  87  72  80  -1   0  15 0.47    M    M  6.8 16  80   M    M   8 1      23  50
14  90  74  82   1   0  17 0.19    M    M  9.2 20 130   M    M   3 1      29 160
15  89  74  82   1   0  17    T    M    M  5.9 15  50   M    M   4 13     18  50
16  93  71  82   1   0  17 0.00    M    M  1.2  9  30   M    M   3 1       M  M
17  95  73  84   3   0  19    T    M    M  3.8 16 240   M    M   2 3      22 250
18  92  71  82   1   0  17 0.00    M    M  3.1 15 180   M    M   1 1       M  M
19  91  73  82   1   0  17 0.00    M    M  5.7  M   M   M    M   2 1       M  M
20  90  74  82   1   0  17 0.00    M    M  9.0 23 180   M    M   3        29 180
21  88  75  82   1   0  17    T    M    M  6.7 13 190   M    M   9        16 200
22  90  74  82   1   0  17    T    M    M  7.6 16 240   M    M   4 1      21 240
23  92  76  84   3   0  19 0.00    M    M  7.9 16 260   M    M   4        22 250
24  89  73  81   0   0  16 0.40    M    M  4.4 16  50   M    M   2 138    21  40
25  88  70  79  -2   0  14 0.00    M    M  6.0 13  10   M    M   3        16  20
26  89  69  79  -2   0  14 0.00    M    M  4.1  9  80   M    M   1 1      13  70
27  90  69  80  -1   0  15 4.10    M    M  4.9 36 330   M    M   3 123    46 320
28  88  71  80  -1   0  15 0.00    M    M  5.3 12 160   M    M   2 8      18 220
29  90  73  82   1   0  17 0.65    M    M  3.8 24 290   M    M   3 138    37 300
30  90  71  81   0   0  16 0.00    M    M  3.3 13  80   M    M   3 12     16  80
31  86  72  79  -2   0  14 1.09    M    M  3.6 21 200   M    M   2 18     26 190
================================================================================
SM 2756 2248         0 494 14.91    M    163.5          M      116
================================================================================
AV 88.9 72.5                               5.4 FASTST   M    M   4    MAX(MPH)
                                 MISC ---->  # 36 330               # 46  320
================================================================================
NOTES:
# LAST OF SEVERAL OCCURRENCES

COLUMN 17 PEAK WIND IN M.P.H.

PRELIMINARY LOCAL CLIMATOLOGICAL DATA (WS FORM: F-6) , PAGE 2

                                          STATION:  FLORENCE SC
                                          MONTH:    JULY
                                          YEAR:     2013
                                          LATITUDE:   34 10 N
                                          LONGITUDE:  79 43 W

[TEMPERATURE DATA]      [PRECIPITATION DATA]       SYMBOLS USED IN COLUMN 16

AVERAGE MONTHLY: 80.7   TOTAL FOR MONTH:  14.91    1 = FOG OR MIST
DPTR FM NORMAL:  -0.5   DPTR FM NORMAL:    9.65    2 = FOG REDUCING VISIBILITY
HIGHEST:    95 ON 17    GRTST 24HR  4.10 ON 27-27      TO 1/4 MILE OR LESS
LOWEST:     69 ON 27,26                            3 = THUNDER
                        SNOW, ICE PELLETS, HAIL    4 = ICE PELLETS
                        TOTAL MONTH:    M          5 = HAIL
                        GRTST 24HR    M  ON   M    6 = FREEZING RAIN OR DRIZZLE
                        GRTST DEPTH:  M  ON   M    7 = DUSTSTORM OR SANDSTORM:
                                                       VSBY 1/2 MILE OR LESS
                                                   8 = SMOKE OR HAZE
[NO. OF DAYS WITH]      [WEATHER - DAYS WITH]      9 = BLOWING SNOW
                                                   X = TORNADO
MAX 32 OR BELOW:   0    0.01 INCH OR MORE:  15
MAX 90 OR ABOVE:  15    0.10 INCH OR MORE:  15
MIN 32 OR BELOW:   0    0.50 INCH OR MORE:   8
MIN  0 OR BELOW:   0    1.00 INCH OR MORE:   6

[HDD (BASE 65) ]
TOTAL THIS MO.     0    CLEAR  (SCALE 0-3)  14
DPTR FM NORMAL     0    PTCLDY (SCALE 4-7)  16
TOTAL FM JUL 1     0    CLOUDY (SCALE 8-10)  1
DPTR FM NORMAL     0

[CDD (BASE 65) ]
TOTAL THIS MO.   494
DPTR FM NORMAL    -8    [PRESSURE DATA]
TOTAL FM JAN 1  1185    HIGHEST SLP 30.29 ON 16
DPTR FM NORMAL   -21    LOWEST  SLP 29.74 ON 24

[REMARKS]
#FINAL-07-13#
