000
CXUS52 KILM 011000
CF6FLO
PRELIMINARY LOCAL CLIMATOLOGICAL DATA (WS FORM: F-6)

                                          STATION:   FLORENCE SC
                                          MONTH:     SEPTEMBER
                                          YEAR:      2012
                                          LATITUDE:   34 10 N
                                          LONGITUDE:  79 43 W

  TEMPERATURE IN F:       :PCPN:    SNOW:  WIND      :SUNSHINE: SKY     :PK WND
================================================================================
1   2   3   4   5  6A  6B    7    8   9   10  11  12  13   14  15   16   17  18
                                     12Z  AVG MX 2MIN
DY MAX MIN AVG DEP HDD CDD  WTR  SNW DPTH SPD SPD DIR MIN PSBL S-S WX    SPD DR
================================================================================

 1  95  76  86   8   0  21 0.00    M    M  4.3 10 230   M    M   0 1      17 240
 2  95  77  86   8   0  21 0.00    M    M  4.6 13 220   M    M   1 1      18 260
 3  93  75  84   6   0  19 0.19    M    M  4.8 22 190   M    M   2 1      26 180
 4  90  72  81   3   0  16 0.00    M    M  6.2  8 180   M    M   2 1      10 190
 5  91  76  84   7   0  19 0.00    M    M  7.1 15 270   M    M   3 1      20 220
 6  89  73  81   4   0  16 0.17    M    M  7.6 15 220   M    M   5 13     18 250
 7  87  71  79   2   0  14 0.00    M    M  3.9 13  60   M    M   3 13     17  40
 8  92  72  82   5   0  17 1.76    M    M  5.7 25 240   M    M   6 1238   30 240
 9  83  62  73  -3   0   8 0.01    M    M  6.5 17  10   M    M   4 1      22  10
10  83  61  72  -4   0   7 0.00    M    M  5.2 13  50   M    M   0        16  20
11  82  60  71  -5   0   6 0.00    M    M  3.5 10  40   M    M   0        14 110
12  81  58  70  -6   0   5 0.00    M    M  5.3 15  70   M    M   1        21  50
13  83  61  72  -3   0   7 0.00    M    M  6.2 15  60   M    M   1        17  60
14  84  64  74  -1   0   9 0.00    M    M  4.5 10  20   M    M   1        14 350
15  87  64  76   1   0  11 0.00    M    M  2.8 12  30   M    M   2 12     15  40
16  85  66  76   2   0  11 0.14    M    M  3.1 12  20   M    M   5 1      16  30
17  88  68  78   4   0  13 0.01    M    M  5.2 16 150   M    M   4 1      21 150
18  84  72  78   4   0  13 0.33    M    M  9.2 21 190   M    M   5 1      28 200
19  75  66  71  -2   0   6 0.00    M    M  8.1 17  50   M    M   9        23  30
20  79  61  70  -3   0   5 0.00    M    M  4.4 13  50   M    M   2        15  60
21  83  57  70  -3   0   5 0.00    M    M  2.2  7 150   M    M   1 1       9  60
22  88  61  75   3   0  10 0.00  0.0    0  5.9 15 220   M    M   1        18 210
23  82  59  71  -1   0   6 0.00    M    M  5.8 17  30   M    M   1 1      22  40
24  77  55  66  -6   0   1 0.00    M    M  4.8 14  60   M    M   0        20  50
25  80  51  66  -5   0   1 0.00    M    M  2.5  9 180   M    M   0        16 190
26  84  54  69  -2   0   4 0.00    M    M  1.3  8 120   M    M   0 8      10 150
27  87  57  72   1   0   7 0.00    M    M  2.3 12 310   M    M   3 12     18 280
28  86  64  75   5   0  10 0.00    M    M  2.9 10 250   M    M   0        14 310
29  78  67  73   3   0   8 0.04    M    M  2.7 10 250   M    M   3 1      13 260
30  70  64  67  -3   0   2 0.52    M    M  5.8 14  20   M    M  10 1      17  10
================================================================================
SM 2541 1944         0 298  3.17     0.0 144.4          M       75
================================================================================
AV 84.7 64.8                               4.8 FASTST   M    M   3    MAX(MPH)
                                 MISC ---->  # 25 240               # 30  240
================================================================================
NOTES:
# LAST OF SEVERAL OCCURRENCES

COLUMN 17 PEAK WIND IN M.P.H.

PRELIMINARY LOCAL CLIMATOLOGICAL DATA (WS FORM: F-6) , PAGE 2

                                          STATION:  FLORENCE SC
                                          MONTH:    SEPTEMBER
                                          YEAR:     2012
                                          LATITUDE:   34 10 N
                                          LONGITUDE:  79 43 W

[TEMPERATURE DATA]      [PRECIPITATION DATA]       SYMBOLS USED IN COLUMN 16

AVERAGE MONTHLY: 74.8   TOTAL FOR MONTH:   3.17    1 = FOG OR MIST
DPTR FM NORMAL:   0.6   DPTR FM NORMAL:   -0.50    2 = FOG REDUCING VISIBILITY
HIGHEST:    95 ON  2, 1 GRTST 24HR  1.77 ON  8- 9      TO 1/4 MILE OR LESS
LOWEST:     51 ON 25                               3 = THUNDER
                        SNOW, ICE PELLETS, HAIL    4 = ICE PELLETS
                        TOTAL MONTH:   0.0 INCH    5 = HAIL
                        GRTST 24HR     0.0         6 = FREEZING RAIN OR DRIZZLE
                        GRTST DEPTH:   0           7 = DUSTSTORM OR SANDSTORM:
                                                       VSBY 1/2 MILE OR LESS
                                                   8 = SMOKE OR HAZE
[NO. OF DAYS WITH]      [WEATHER - DAYS WITH]      9 = BLOWING SNOW
                                                   X = TORNADO
MAX 32 OR BELOW:   0    0.01 INCH OR MORE:   9
MAX 90 OR ABOVE:   6    0.10 INCH OR MORE:   6
MIN 32 OR BELOW:   0    0.50 INCH OR MORE:   2
MIN  0 OR BELOW:   0    1.00 INCH OR MORE:   1

[HDD (BASE 65) ]
TOTAL THIS MO.     0    CLEAR  (SCALE 0-3)  20
DPTR FM NORMAL    -9    PTCLDY (SCALE 4-7)   8
TOTAL FM JUL 1     0    CLOUDY (SCALE 8-10)  2
DPTR FM NORMAL    -9

[CDD (BASE 65) ]
TOTAL THIS MO.   298
DPTR FM NORMAL    12    [PRESSURE DATA]
TOTAL FM JAN 1  2210    HIGHEST SLP 30.34 ON 12
DPTR FM NORMAL   254    LOWEST  SLP 29.71 ON  8

[REMARKS]
#FINAL-09-12#
