000
CXUS52 KILM 022313
CF6FLO
PRELIMINARY LOCAL CLIMATOLOGICAL DATA (WS FORM: F-6)

                                          STATION:   FLORENCE SC
                                          MONTH:     OCTOBER
                                          YEAR:      2012
                                          LATITUDE:   34 10 N
                                          LONGITUDE:  79 43 W

  TEMPERATURE IN F:       :PCPN:    SNOW:  WIND      :SUNSHINE: SKY     :PK WND
================================================================================
1   2   3   4   5  6A  6B    7    8   9   10  11  12  13   14  15   16   17  18
                                     12Z  AVG MX 2MIN
DY MAX MIN AVG DEP HDD CDD  WTR  SNW DPTH SPD SPD DIR MIN PSBL S-S WX    SPD DR
================================================================================

 1  79  66  73   4   0   8 0.11    M    M  7.0 10  90   M    M   8 18     13 130
 2  90  75  83  14   0  18 0.35    M    M  6.2 21 260   M    M   5 18     28 260
 3  85  75  80  12   0  15 0.02    M    M  4.3 10 260   M    M   7 1      14 250
 4  79  66  73   5   0   8 0.10  0.0    0  2.2  8 310   M    M   6 1      10 290
 5  83  64  74   6   0   9 0.00    M    M  2.8  8  20   M    M   0 1      13  50
 6  86  59  73   5   0   8 0.00    M    M  3.9 13 240   M    M   1 12     17 210
 7  81  58  70   3   0   5 0.00    M    M  6.3 17  10   M    M   6 1      23  20
 8  59  52  56 -11   9   0 0.23    M    M 10.4 17  50   M    M  10 18     22  70
 9  61  51  56 -10   9   0 0.00    M    M  5.8 12 360   M    M  10 1      15 340
10  76  45  61  -5   4   0 0.00    M    M  3.8 15 320   M    M   2 1      18 320
11  72  50  61  -5   4   0 0.00    M    M  3.4 16  50   M    M   0        21  60
12  78  47  63  -2   2   0 0.00    M    M  3.2 10  70   M    M   0 1      13  80
13  74  51  63  -2   2   0 0.00    M    M  6.4 15  50   M    M   0        20  50
14  82  52  67   2   0   2 0.00    M    M  4.1  9 170   M    M   2        15 190
15  82  61  72   8   0   7 0.60    M    M  5.7 24 270   M    M   4 13     36 280
16  73  47  60  -4   5   0 0.00    M    M  3.7 15  40   M    M   0 18     22  30
17  72  47  60  -4   5   0 0.00    M    M  1.8 12 140   M    M   0 1      15 140
18  81  54  68   4   0   3    T    M    M  4.9 13 170   M    M   4        25 180
19  78  53  66   3   0   1 0.34    M    M  6.5 16 280   M    M   3 1      21 280
20  75  47  61  -2   4   0 0.00    M    M  4.6 15 290   M    M   0        23 300
21  72  47  60  -3   5   0 0.00    M    M  5.4 16  30   M    M   0        20  30
22  76  43  60  -2   5   0 0.00    M    M  1.2  8  30   M    M   0 18      9  30
23  79  45  62   0   3   0 0.00    M    M  1.2  7 170   M    M   0 1      13 230
24  82  51  67   5   0   2 0.00  0.0    0  1.3  7 220   M    M   2 12     12 100
25  84  56  70   8   0   5 0.00    M    M  5.1 13  90   M    M   2 12     18 100
26  74  59  67   6   0   2 0.00    M    M 10.7 18  10   M    M   2        23  30
27  70  65  68   7   0   3 0.00    M    M 15.7 24  10   M    M   8        32  10
28  75  58  67   6   0   2 0.00    M    M 12.6 22 360   M    M   4        30 360
29  58  50  54  -6  11   0    T    M    M 13.7 24 300   M    M   8        32 280
30  59  46  53  -7  12   0    T    M    M 11.5 21 260   M    M   9        28 310
31  65  38  52  -8  13   0 0.00    M    M  7.2 18 260   M    M   0        24 270
================================================================================
SM 2340 1678        93  98  1.75     0.0 182.6          M      103
================================================================================
AV 75.5 54.1                               5.9 FASTST   M    M   3    MAX(MPH)
                                 MISC ---->  # 24 270               # 36  280
================================================================================
NOTES:
# LAST OF SEVERAL OCCURRENCES

COLUMN 17 PEAK WIND IN M.P.H.

PRELIMINARY LOCAL CLIMATOLOGICAL DATA (WS FORM: F-6) , PAGE 2

                                          STATION:  FLORENCE SC
                                          MONTH:    OCTOBER
                                          YEAR:     2012
                                          LATITUDE:   34 10 N
                                          LONGITUDE:  79 43 W

[TEMPERATURE DATA]      [PRECIPITATION DATA]       SYMBOLS USED IN COLUMN 16

AVERAGE MONTHLY: 64.8   TOTAL FOR MONTH:   1.75    1 = FOG OR MIST
DPTR FM NORMAL:   0.5   DPTR FM NORMAL:   -1.33    2 = FOG REDUCING VISIBILITY
HIGHEST:    90 ON  2    GRTST 24HR  0.60 ON 15-15      TO 1/4 MILE OR LESS
LOWEST:     38 ON 31                               3 = THUNDER
                        SNOW, ICE PELLETS, HAIL    4 = ICE PELLETS
                        TOTAL MONTH:   0.0 INCH    5 = HAIL
                        GRTST 24HR     0.0         6 = FREEZING RAIN OR DRIZZLE
                        GRTST DEPTH:   0           7 = DUSTSTORM OR SANDSTORM:
                                                       VSBY 1/2 MILE OR LESS
                                                   8 = SMOKE OR HAZE
[NO. OF DAYS WITH]      [WEATHER - DAYS WITH]      9 = BLOWING SNOW
                                                   X = TORNADO
MAX 32 OR BELOW:   0    0.01 INCH OR MORE:   7
MAX 90 OR ABOVE:   1    0.10 INCH OR MORE:   6
MIN 32 OR BELOW:   0    0.50 INCH OR MORE:   1
MIN  0 OR BELOW:   0    1.00 INCH OR MORE:   0

[HDD (BASE 65) ]
TOTAL THIS MO.    93    CLEAR  (SCALE 0-3)  18
DPTR FM NORMAL   -15    PTCLDY (SCALE 4-7)   7
TOTAL FM JUL 1    93    CLOUDY (SCALE 8-10)  6
DPTR FM NORMAL   -24

[CDD (BASE 65) ]
TOTAL THIS MO.    98
DPTR FM NORMAL    12    [PRESSURE DATA]
TOTAL FM JAN 1  2308    HIGHEST SLP 30.43 ON 13
DPTR FM NORMAL   266    LOWEST  SLP 29.45 ON 30

[REMARKS]
CORRECTED PCPN ON OCT 18
#FINAL-10-12#
