000
CXUS52 KILM 022012
CF6FLO
PRELIMINARY LOCAL CLIMATOLOGICAL DATA (WS FORM: F-6)

                                          STATION:   FLORENCE SC
                                          MONTH:     SEPTEMBER
                                          YEAR:      2013
                                          LATITUDE:   34 10 N
                                          LONGITUDE:  79 43 W

  TEMPERATURE IN F:       :PCPN:    SNOW:  WIND      :SUNSHINE: SKY     :PK WND
================================================================================
1   2   3   4   5  6A  6B    7    8   9   10  11  12  13   14  15   16   17  18
                                     12Z  AVG MX 2MIN
DY MAX MIN AVG DEP HDD CDD  WTR  SNW DPTH SPD SPD DIR MIN PSBL S-S WX    SPD DR
================================================================================

 1  92  74  83   5   0  18 0.05    M    M  6.1 18 300   M    M   5 138    23 320
 2  91  76  84   6   0  19 0.01    M    M  5.6 18 250   M    M   4 138    22 240
 3  89  72  81   3   0  16 0.02    M    M  5.0 23 260   M    M   1 3      28 270
 4  92  71  82   4   0  17    T    M    M  2.3  9  20   M    M   1 1      12  30
 5  91  72  82   5   0  17 0.00    M    M  2.6  8  10   M    M   2 128    12  40
 6  88  67  78   1   0  13 0.00    M    M  6.8 13  20   M    M   0        17  30
 7  87  65  76  -1   0  11 0.00    M    M  3.4 10  70   M    M   0 8      16  70
 8  91  66  79   2   0  14 0.00    M    M  3.8 10 330   M    M   1 1      17 270
 9  92  65  79   3   0  14 0.00    M    M  3.7 12 130   M    M   3 12     15 130
10  92  68  80   4   0  15 0.00    M    M  3.5 13 150   M    M   0 12     18 140
11  92  64  78   2   0  13 0.00    M    M  2.2 13 140   M    M   1 18     16 140
12  92  67  80   4   0  15 0.00    M    M  5.4 13 230   M    M   1 1      18 300
13  91  71  81   6   0  16 0.00    M    M  5.2 13  10   M    M   1 1      17  20
14  82  63  73  -2   0   8 0.00    M    M  9.5 21  50   M    M   5        25  50
15  89  63  76   1   0  11 0.00    M    M  4.9 12 150   M    M   4 1      16  40
16  89  68  79   5   0  14 0.36    M    M  3.4 28 350   M    M   4 13     36 340
17  81  62  72  -2   0   7 0.00    M    M 11.1 20  60   M    M   4        24  70
18  80  56  68  -6   0   3 0.00    M    M  6.2 16  50   M    M   0        21  50
19  81  56  69  -4   0   4 0.00    M    M  2.6 10  20   M    M   3        14  20
20  86  62  74   1   0   9 0.00    M    M  4.3 12 140   M    M   5        13 150
21  87  64  76   3   0  11 0.17    M    M  5.7 15 210   M    M   3 1      21 220
22  80  62  71  -1   0   6 0.01    M    M  8.4 20 300   M    M   7 1      26 310
23  80  57  69  -3   0   4 0.00    M    M  3.9 10  10   M    M   1        14  30
24  81  55  68  -4   0   3 0.00    M    M  3.9 13 140   M    M   1        21  60
25  79  58  69  -2   0   4 0.27    M    M  5.4 13  10   M    M   7 1      16  70
26  81  62  72   1   0   7    T    M    M  7.4 16  10   M    M   5 18     23  60
27  80  57  69  -2   0   4 0.00    M    M  9.8 20  70   M    M   1        26  50
28  79  56  68  -2   0   3 0.00    M    M  9.8 18  30   M    M   1        24  30
29  78  54  66  -4   0   1 0.00    M    M  5.3 16  30   M    M   3        22  40
30  80  52  66  -4   0   1 0.00  0.0    0  2.3 10  60   M    M   3 1      12  20
================================================================================
SM 2573 1905         0 298  0.89     0.0 159.5          M       77
================================================================================
AV 85.8 63.5                               5.3 FASTST   M    M   3    MAX(MPH)
                                 MISC ---->  # 28 350               # 36  340
================================================================================
NOTES:
# LAST OF SEVERAL OCCURRENCES

COLUMN 17 PEAK WIND IN M.P.H.

PRELIMINARY LOCAL CLIMATOLOGICAL DATA (WS FORM: F-6) , PAGE 2

                                          STATION:  FLORENCE SC
                                          MONTH:    SEPTEMBER
                                          YEAR:     2013
                                          LATITUDE:   34 10 N
                                          LONGITUDE:  79 43 W

[TEMPERATURE DATA]      [PRECIPITATION DATA]       SYMBOLS USED IN COLUMN 16

AVERAGE MONTHLY: 74.6   TOTAL FOR MONTH:   0.89    1 = FOG OR MIST
DPTR FM NORMAL:   0.4   DPTR FM NORMAL:   -2.78    2 = FOG REDUCING VISIBILITY
HIGHEST:    92 ON 12,11 GRTST 24HR  0.36 ON 16-16      TO 1/4 MILE OR LESS
LOWEST:     52 ON 30                               3 = THUNDER
                        SNOW, ICE PELLETS, HAIL    4 = ICE PELLETS
                        TOTAL MONTH:   0.0 INCH    5 = HAIL
                        GRTST 24HR     0.0         6 = FREEZING RAIN OR DRIZZLE
                        GRTST DEPTH:   0           7 = DUSTSTORM OR SANDSTORM:
                                                       VSBY 1/2 MILE OR LESS
                                                   8 = SMOKE OR HAZE
[NO. OF DAYS WITH]      [WEATHER - DAYS WITH]      9 = BLOWING SNOW
                                                   X = TORNADO
MAX 32 OR BELOW:   0    0.01 INCH OR MORE:   7
MAX 90 OR ABOVE:  10    0.10 INCH OR MORE:   3
MIN 32 OR BELOW:   0    0.50 INCH OR MORE:   0
MIN  0 OR BELOW:   0    1.00 INCH OR MORE:   0

[HDD (BASE 65) ]
TOTAL THIS MO.     0    CLEAR  (SCALE 0-3)  20
DPTR FM NORMAL    -9    PTCLDY (SCALE 4-7)  10
TOTAL FM JUL 1     0    CLOUDY (SCALE 8-10)  0
DPTR FM NORMAL    -9

[CDD (BASE 65) ]
TOTAL THIS MO.   298
DPTR FM NORMAL    12    [PRESSURE DATA]
TOTAL FM JAN 1  1925    HIGHEST SLP 30.27 ON 18
DPTR FM NORMAL   -31    LOWEST  SLP 29.64 ON 22

[REMARKS]
#FINAL-09-13#
