000
CXUS52 KILM 011000
CF6FLO
PRELIMINARY LOCAL CLIMATOLOGICAL DATA (WS FORM: F-6)

                                          STATION:   FLORENCE SC
                                          MONTH:     MAY
                                          YEAR:      2013
                                          LATITUDE:   34 10 N
                                          LONGITUDE:  79 43 W

  TEMPERATURE IN F:       :PCPN:    SNOW:  WIND      :SUNSHINE: SKY     :PK WND
================================================================================
1   2   3   4   5  6A  6B    7    8   9   10  11  12  13   14  15   16   17  18
                                     12Z  AVG MX 2MIN
DY MAX MIN AVG DEP HDD CDD  WTR  SNW DPTH SPD SPD DIR MIN PSBL S-S WX    SPD DR
================================================================================

 1  72  57  65  -2   0   0 0.00    M    M 10.0 18  40   M    M   7 1      24  40
 2  69  59  64  -3   1   0 0.15    M    M 10.4 20  70   M    M   9 18     23  50
 3  70  55  63  -5   2   0 0.04    M    M 11.5 23  70   M    M   7 1      30  70
 4  69  52  61  -7   4   0 0.01    M    M 13.6 21  70   M    M   7        29  70
 5  71  56  64  -4   1   0 0.12    M    M 13.0 21  70   M    M  10 1      32  80
 6  76  56  66  -2   0   1 0.26    M    M  7.1 15 250   M    M   5 1      20 220
 7  69  52  61  -8   4   0    T    M    M  4.2 14 170   M    M   4        18 200
 8  79  51  65  -4   0   0 0.00    M    M  5.9 15 240   M    M   4 1      20 250
 9  84  54  69   0   0   4 0.00    M    M  2.9 10 230   M    M   1        15 310
10  88  61  75   5   0  10 0.00    M    M  6.5 18 240   M    M   0 1      24 230
11  85  65  75   5   0  10 0.00    M    M  7.7 17 220   M    M   1        23 230
12  81  59  70   0   0   5 0.00    M    M  7.0 16 300   M    M   3        23 330
13  73  48  61  -9   4   0 0.00    M    M  6.5 16 320   M    M   0        21 320
14  75  46  61  -9   4   0 0.00    M    M  5.9 14 200   M    M   0        18 250
15  89  56  73   2   0   8 0.00    M    M  9.4 18 250   M    M   0        24 250
16  89  66  78   7   0  13 0.00    M    M  7.5 15 280   M    M   0        20 260
17  90  64  77   6   0  12 0.00    M    M  6.0 14 240   M    M   0 1      17 220
18  87  63  75   3   0  10 0.36    M    M  5.2 15 310   M    M   2 1      25 200
19  80  68  74   2   0   9 1.38    M    M  4.9 20  90   M    M   8 128    26 150
20  75  68  72   0   0   7 1.77    M    M  5.0 16 180   M    M   7 1       M  M
21  84  69  77   5   0  12 0.63    M    M  5.6 15 160   M    M   7 12     31 320
22  85  69  77   4   0  12    T    M    M  5.9 21 150   M    M   6 1      29 160
23  84  67  76   3   0  11 0.12    M    M  4.5 15  30   M    M   6 123    29 330
24  80  53  67  -6   0   2 0.00    M    M  9.3 23 360   M    M   1 1      32 350
25  78  44  61 -12   4   0 0.00    M    M  4.1 13 340   M    M   0        24 160
26  79  54  67  -7   0   2 0.00    M    M  2.7 12  40   M    M   3        15  10
27  84  55  70  -4   0   5 0.00    M    M  4.9 15 150   M    M   1        18 160
28  86  61  74   0   0   9 0.00    M    M  4.5 17 160   M    M   2        23 160
29  87  61  74   0   0   9 0.00    M    M  4.5 14 150   M    M   2 1       M  M
30  88  59  74  -1   0   9 0.00    M    M  4.5 13 150   M    M   1 1      18 250
31  89  64  77   2   0  12 0.00    M    M  3.7 18 150   M    M   3 128    23 150
================================================================================
SM 2495 1812        24 172  4.84    M    204.4          M      107
================================================================================
AV 80.5 58.5                               6.6 FASTST   M    M   3    MAX(MPH)
                                 MISC ---->  # 23  70               # 32   80
================================================================================
NOTES:
# LAST OF SEVERAL OCCURRENCES

COLUMN 17 PEAK WIND IN M.P.H.

PRELIMINARY LOCAL CLIMATOLOGICAL DATA (WS FORM: F-6) , PAGE 2

                                          STATION:  FLORENCE SC
                                          MONTH:    MAY
                                          YEAR:     2013
                                          LATITUDE:   34 10 N
                                          LONGITUDE:  79 43 W

[TEMPERATURE DATA]      [PRECIPITATION DATA]       SYMBOLS USED IN COLUMN 16

AVERAGE MONTHLY: 69.5   TOTAL FOR MONTH:   4.84    1 = FOG OR MIST
DPTR FM NORMAL:  -1.6   DPTR FM NORMAL:    1.58    2 = FOG REDUCING VISIBILITY
HIGHEST:    90 ON 17    GRTST 24HR  3.07 ON 19-20      TO 1/4 MILE OR LESS
LOWEST:     44 ON 25                               3 = THUNDER
                        SNOW, ICE PELLETS, HAIL    4 = ICE PELLETS
                        TOTAL MONTH:    M          5 = HAIL
                        GRTST 24HR    M  ON   M    6 = FREEZING RAIN OR DRIZZLE
                        GRTST DEPTH:  M  ON   M    7 = DUSTSTORM OR SANDSTORM:
                                                       VSBY 1/2 MILE OR LESS
                                                   8 = SMOKE OR HAZE
[NO. OF DAYS WITH]      [WEATHER - DAYS WITH]      9 = BLOWING SNOW
                                                   X = TORNADO
MAX 32 OR BELOW:   0    0.01 INCH OR MORE:  10
MAX 90 OR ABOVE:   1    0.10 INCH OR MORE:   8
MIN 32 OR BELOW:   0    0.50 INCH OR MORE:   3
MIN  0 OR BELOW:   0    1.00 INCH OR MORE:   2

[HDD (BASE 65) ]
TOTAL THIS MO.    24    CLEAR  (SCALE 0-3)  17
DPTR FM NORMAL     1    PTCLDY (SCALE 4-7)  12
TOTAL FM JUL 1  2335    CLOUDY (SCALE 8-10)  2
DPTR FM NORMAL  -188

[CDD (BASE 65) ]
TOTAL THIS MO.   172
DPTR FM NORMAL   -39    [PRESSURE DATA]
TOTAL FM JAN 1   267    HIGHEST SLP 30.32 ON 25
DPTR FM NORMAL   -40    LOWEST  SLP 29.81 ON 24

[REMARKS]
#FINAL-05-13#
