000
CXUS52 KILM 011000
CF6FLO
PRELIMINARY LOCAL CLIMATOLOGICAL DATA (WS FORM: F-6)

                                          STATION:   FLORENCE SC
                                          MONTH:     NOVEMBER
                                          YEAR:      2012
                                          LATITUDE:   34 10 N
                                          LONGITUDE:  79 43 W

  TEMPERATURE IN F:       :PCPN:    SNOW:  WIND      :SUNSHINE: SKY     :PK WND
================================================================================
1   2   3   4   5  6A  6B    7    8   9   10  11  12  13   14  15   16   17  18
                                     12Z  AVG MX 2MIN
DY MAX MIN AVG DEP HDD CDD  WTR  SNW DPTH SPD SPD DIR MIN PSBL S-S WX    SPD DR
================================================================================

 1  64  33  49 -11  16   0 0.00    M    M  6.5 17 320   M    M   0        25 320
 2  75  34  55  -4  10   0 0.00    M    M  6.1 18 290   M    M   1 8      26 280
 3  69  37  53  -6  12   0 0.00    M    M  2.2  9 230   M    M   0        13 220
 4  72  45  59   0   6   0 0.02    M    M  4.7 13  60   M    M   1 13     16  70
 5  62  44  53  -5  12   0 0.00    M    M  6.7 13  10   M    M   4        17  50
 6  54  41  48 -10  17   0 0.00    M    M  9.8 17  10   M    M   7        21  10
 7  60  37  49  -9  16   0 0.00    M    M  6.1 13  30   M    M   3 8      17  30
 8  68  36  52  -6  13   0 0.00    M    M  4.8 16 310   M    M   0 18     22 310
 9  71  33  52  -5  13   0 0.00    M    M  2.8  9 270   M    M   0        13 270
10  76  36  56  -1   9   0 0.00    M    M  1.2  9 170   M    M   0        12 190
11  78  41  60   3   5   0 0.00    M    M  4.2 14 150   M    M   1        16 160
12  80  54  67  11   0   2    T    M    M  6.9 16 190   M    M   3 1      22 150
13  68  50  59   3   6   0 0.06    M    M  7.9 20  50   M    M   8 18     26  50
14  56  45  51  -5  14   0 0.00    M    M 11.2 18  30   M    M  10        24  20
15  51  43  47  -9  18   0 1.27    M    M  9.9 22  60   M    M  10 18     31  60
16  62  45  54  -1  11   0 0.00    M    M  7.3 13 360   M    M   5        16  20
17  59  39  49  -6  16   0 0.00    M    M 10.7 18  40   M    M   5        25  40
18  55  49  52  -3  13   0 0.15    M    M 14.1 22  10   M    M   9 1      29 360
19  64  52  58   4   7   0 0.01    M    M 12.2 20  20   M    M   9        26  20
20  64  43  54   0  11   0 0.00    M    M  5.9 12  10   M    M   2 18     15  10
21  65  42  54   0  11   0 0.00    M    M  7.2 17 350   M    M   0 18     21 350
22  66  36  51  -3  14   0 0.00    M    M  7.3 17  40   M    M   0 8      24 350
23  71  30  51  -2  14   0 0.00    M    M  4.5 14 220   M    M   0 18     18 240
24  61  35  48  -5  17   0 0.00    M    M  6.9 15 340   M    M   0        21 340
25  58  27  43 -10  22   0 0.00    M    M  2.7 12 220   M    M   0        14 230
26  69  33  51  -1  14   0 0.00    M    M  2.3  9 220   M    M   M 18     13 220
27  63  46  55   3  10   0 0.15    M    M  3.4 14  10   M    M   8 1      16  10
28  57  33  45  -7  20   0 0.00    M    M  5.3 14  60   M    M   3 18     17  20
29  61  28  45  -6  20   0 0.00    M    M  0.7  8 130   M    M   0 18     12 140
30  66  29  48  -3  17   0 0.00    M    M  0.3  6 230   M    M   0 18     13  40
================================================================================
SM 1945 1176       384   2  1.66    M    181.8          M       89
================================================================================
AV 64.8 39.2                               6.1 FASTST   M    M   3    MAX(MPH)
                                 MISC ---->  # 22  60               # 31   60
================================================================================
NOTES:
# LAST OF SEVERAL OCCURRENCES

COLUMN 17 PEAK WIND IN M.P.H.

PRELIMINARY LOCAL CLIMATOLOGICAL DATA (WS FORM: F-6) , PAGE 2

                                          STATION:  FLORENCE SC
                                          MONTH:    NOVEMBER
                                          YEAR:     2012
                                          LATITUDE:   34 10 N
                                          LONGITUDE:  79 43 W

[TEMPERATURE DATA]      [PRECIPITATION DATA]       SYMBOLS USED IN COLUMN 16

AVERAGE MONTHLY: 52.0   TOTAL FOR MONTH:   1.66    1 = FOG OR MIST
DPTR FM NORMAL:  -3.4   DPTR FM NORMAL:   -1.01    2 = FOG REDUCING VISIBILITY
HIGHEST:    80 ON 12    GRTST 24HR  1.27 ON 15-15      TO 1/4 MILE OR LESS
LOWEST:     27 ON 25                               3 = THUNDER
                        SNOW, ICE PELLETS, HAIL    4 = ICE PELLETS
                        TOTAL MONTH:    M          5 = HAIL
                        GRTST 24HR    M  ON   M    6 = FREEZING RAIN OR DRIZZLE
                        GRTST DEPTH:  M  ON   M    7 = DUSTSTORM OR SANDSTORM:
                                                       VSBY 1/2 MILE OR LESS
                                                   8 = SMOKE OR HAZE
[NO. OF DAYS WITH]      [WEATHER - DAYS WITH]      9 = BLOWING SNOW
                                                   X = TORNADO
MAX 32 OR BELOW:   0    0.01 INCH OR MORE:   6
MAX 90 OR ABOVE:   0    0.10 INCH OR MORE:   3
MIN 32 OR BELOW:   4    0.50 INCH OR MORE:   1
MIN  0 OR BELOW:   0    1.00 INCH OR MORE:   1

[HDD (BASE 65) ]
TOTAL THIS MO.   384    CLEAR  (SCALE 0-3)  19
DPTR FM NORMAL    79    PTCLDY (SCALE 4-7)   6
TOTAL FM JUL 1   477    CLOUDY (SCALE 8-10)  4
DPTR FM NORMAL    55

[CDD (BASE 65) ]
TOTAL THIS MO.     2
DPTR FM NORMAL   -15    [PRESSURE DATA]
TOTAL FM JAN 1  2310    HIGHEST SLP 30.49 ON 29
DPTR FM NORMAL   251    LOWEST  SLP 29.78 ON  1

[REMARKS]
#FINAL-11-12#
