000
CXUS52 KILM 011939
CF6FLO
PRELIMINARY LOCAL CLIMATOLOGICAL DATA (WS FORM: F-6)

                                          STATION:   FLORENCE SC
                                          MONTH:     JUNE
                                          YEAR:      2013
                                          LATITUDE:   34 10 N
                                          LONGITUDE:  79 43 W

  TEMPERATURE IN F:       :PCPN:    SNOW:  WIND      :SUNSHINE: SKY     :PK WND
================================================================================
1   2   3   4   5  6A  6B    7    8   9   10  11  12  13   14  15   16   17  18
                                     12Z  AVG MX 2MIN
DY MAX MIN AVG DEP HDD CDD  WTR  SNW DPTH SPD SPD DIR MIN PSBL S-S WX    SPD DR
================================================================================

 1  90  64  77   2   0  12 0.00    M    M  5.4 15 170   M    M   4 12     28 330
 2  90  63  77   2   0  12 0.02    M    M  6.9 22 190   M    M   5 12     26 180
 3  86  70  78   2   0  13 0.92    M    M  5.4 23 320   M    M   6 138    26 330
 4  86  67  77   1   0  12 0.20    M    M  5.4 14 140   M    M   7 12     26 320
 5  84  71  78   2   0  13 0.10    M    M  6.9 14 170   M    M   9 1      25 340
 6  86  72  79   3   0  14 0.59    M    M  8.4 18 200   M    M   8 1      24 200
 7  83  71  77   0   0  12 1.02    M    M 10.4 26 290   M    M   7 138    35 300
 8  87  71  79   2   0  14 0.01    M    M  5.7 15 240   M    M   4 13     26 220
 9  86  72  79   2   0  14 0.13    M    M  2.5 23 170   M    M   5 123    30 170
10  87  72  80   3   0  15 1.75    M    M  9.4 21 190   M    M   7 13     29 230
11  90  71  81   3   0  16 0.00    M    M  7.3 16 250   M    M   7        20 250
12  96  70  83   5   0  18 0.00    M    M  2.4 12 230   M    M   1 12     15 230
13  96  77  87   9   0  22    T    M    M  9.9 23 350   M    M   1 3      30 260
14  86  66  76  -2   0  11 0.00    M    M  8.3 20  10   M    M   1        26  10
15  86  60  73  -5   0   8 0.00    M    M  3.5 16 140   M    M   2        20 140
16  87  60  74  -4   0   9 0.00    M    M  5.5 13 190   M    M   2        17 200
17  89  67  78  -1   0  13 0.82    M    M  7.0 23 200   M    M   3 13     29 210
18  89  71  80   1   0  15 0.10    M    M  8.3 29 230   M    M   2 13     38 240
19  82  71  77  -2   0  12 0.68    M    M  6.5 16  90   M    M   6 138    20  60
20  87  67  77  -2   0  12 0.00    M    M  8.7 17  80   M    M   1 1      22  80
21  86  63  75  -4   0  10 0.00    M    M  7.7 15  40   M    M   1        18  40
22  86  70  78  -2   0  13    T    M    M  5.3 13 360   M    M   6 138    16  10
23  91  72  82   2   0  17    T    M    M  3.7  6 160   M    M   3 3       7 150
24  90  70  80   0   0  15 0.91    M    M  4.3 25  70   M    M   6 38     37  60
25  89  69  79  -1   0  14 0.32    M    M  5.0 23 330   M    M   2 13     30 270
26  90  73  82   2   0  17    T    M    M  7.9 16 250   M    M   1 3      22 240
27  94  73  84   4   0  19 0.32    M    M  9.5 20 240   M    M   3 13     25 310
28  93  74  84   4   0  19    T    M    M  7.9 14 220   M    M   2 1      20 220
29  88  75  82   2   0  17 0.00    M    M  9.0 15 220   M    M   6        20 190
30  89  72  81   1   0  16 0.39    M    M  7.2 18 170   M    M   4 1      23 160
================================================================================
SM 2649 2084         0 424  8.28    M    201.3          M      122
================================================================================
AV 88.3 69.5                               6.7 FASTST   M    M   4    MAX(MPH)
                                 MISC ---->  # 29 230               # 38  240
================================================================================
NOTES:
# LAST OF SEVERAL OCCURRENCES

COLUMN 17 PEAK WIND IN M.P.H.

PRELIMINARY LOCAL CLIMATOLOGICAL DATA (WS FORM: F-6) , PAGE 2

                                          STATION:  FLORENCE SC
                                          MONTH:    JUNE
                                          YEAR:     2013
                                          LATITUDE:   34 10 N
                                          LONGITUDE:  79 43 W

[TEMPERATURE DATA]      [PRECIPITATION DATA]       SYMBOLS USED IN COLUMN 16

AVERAGE MONTHLY: 78.9   TOTAL FOR MONTH:   8.28    1 = FOG OR MIST
DPTR FM NORMAL:   0.7   DPTR FM NORMAL:    3.66    2 = FOG REDUCING VISIBILITY
HIGHEST:    96 ON 13,12 GRTST 24HR  1.75 ON 10-10      TO 1/4 MILE OR LESS
LOWEST:     60 ON 16,15                            3 = THUNDER
                        SNOW, ICE PELLETS, HAIL    4 = ICE PELLETS
                        TOTAL MONTH:    M          5 = HAIL
                        GRTST 24HR    M  ON   M    6 = FREEZING RAIN OR DRIZZLE
                        GRTST DEPTH:  M  ON   M    7 = DUSTSTORM OR SANDSTORM:
                                                       VSBY 1/2 MILE OR LESS
                                                   8 = SMOKE OR HAZE
[NO. OF DAYS WITH]      [WEATHER - DAYS WITH]      9 = BLOWING SNOW
                                                   X = TORNADO
MAX 32 OR BELOW:   0    0.01 INCH OR MORE:  16
MAX 90 OR ABOVE:  10    0.10 INCH OR MORE:  14
MIN 32 OR BELOW:   0    0.50 INCH OR MORE:   7
MIN  0 OR BELOW:   0    1.00 INCH OR MORE:   2

[HDD (BASE 65) ]
TOTAL THIS MO.     0    CLEAR  (SCALE 0-3)  13
DPTR FM NORMAL    -1    PTCLDY (SCALE 4-7)  16
TOTAL FM JUL 1  2335    CLOUDY (SCALE 8-10)  1
DPTR FM NORMAL  -189

[CDD (BASE 65) ]
TOTAL THIS MO.   424
DPTR FM NORMAL    27    [PRESSURE DATA]
TOTAL FM JAN 1   691    HIGHEST SLP 30.22 ON 24
DPTR FM NORMAL   -13    LOWEST  SLP 29.43 ON  7

[REMARKS]
UPDATED PCPN ON JUNE 30TH
#FINAL-06-13#
