000
CXUS52 KILM 011000
CF6FLO
PRELIMINARY LOCAL CLIMATOLOGICAL DATA (WS FORM: F-6)

                                          STATION:   FLORENCE SC
                                          MONTH:     FEBRUARY
                                          YEAR:      2013
                                          LATITUDE:   34 10 N
                                          LONGITUDE:  79 43 W

  TEMPERATURE IN F:       :PCPN:    SNOW:  WIND      :SUNSHINE: SKY     :PK WND
================================================================================
1   2   3   4   5  6A  6B    7    8   9   10  11  12  13   14  15   16   17  18
                                     12Z  AVG MX 2MIN
DY MAX MIN AVG DEP HDD CDD  WTR  SNW DPTH SPD SPD DIR MIN PSBL S-S WX    SPD DR
================================================================================

 1  53  28  41  -5  24   0 0.00    M    M 11.3 25 290   M    M   0        33 290
 2  55  23  39  -7  26   0 0.00    M    M  5.5 15 240   M    M   1        20 200
 3  59  36  48   2  17   0 0.00    M    M  9.2 28 270   M    M   1        35 280
 4  52  26  39  -8  26   0 0.00    M    M  2.3  9 100   M    M   0        12 100
 5  68  38  53   6  12   0 0.00    M    M  7.8 21 250   M    M   2        26 250
 6  69  36  53   6  12   0 0.00    M    M  3.1 12 340   M    M   1 12     14  80
 7  54  40  47   0  18   0 1.17    M    M 10.4 22  50   M    M   5 18     28  50
 8  62  46  54   7  11   0 0.34    M    M 11.0 28  30   M    M   5 1      40  10
 9  61  32  47   0  18   0 0.00    M    M  5.8 15 360   M    M   0        21  10
10  64  30  47  -1  18   0 0.06    M    M  6.4 14 150   M    M   3        18 160
11  68  51  60  12   5   0 0.61    M    M 11.0 20 240   M    M   9 1      30 240
12  64  49  57   9   8   0 0.33    M    M   M   M   M   M    M   5 1       M  M
13  60  48  54   6  11   0 0.14    M    M  8.0 25 250   M    M   8 1      35 240
14  55  37  46  -2  19   0 0.00    M    M  3.2 13  20   M    M   0 1      16  20
15  64  31  48   0  17   0 0.00    M    M  2.5 10 260   M    M   0 1      12 280
16  47  32  40  -9  25   0 0.46    M    M  7.6 20 340   M    M   6 1      25 330
17  41  25  33 -16  32   0 0.00    M    M  8.2 21 270   M    M   1        26 270
18  55  19  37 -12  28   0 0.00    M    M  3.6 14 180   M    M   0        18 170
19  55  32  44  -5  21   0 0.14    M    M  7.7 20 210   M    M   5 1      25 220
20  60  34  47  -3  18   0 0.00    M    M  5.1 12 310   M    M   0        24  80
21  61  32  47  -3  18   0 0.00    M    M  4.7 14  60   M    M   0        16  60
22  47  39  43  -7  22   0 0.21    M    M  9.0 16 110   M    M   8 1      20 110
23  44  38  41  -9  24   0 0.58    M    M  4.2 13  60   M    M  10 12     15 290
24  66  41  54   4  11   0 0.01    M    M  4.8 12 280   M    M   5 12     16 290
25  48  40  44  -7  21   0 0.00    M    M 11.1 18  60   M    M   3 1      23  60
26  73  39  56   5   9   0 0.97    M    M  9.8 22 300   M    M   8 18     28 300
27  61  44  53   2  12   0 0.00    M    M  9.8 20 270   M    M   0        25 280
28  57  39  48  -3  17   0 0.00    M    M  8.8 21 250   M    M   3        28 250
================================================================================
SM 1623 1005       500   0  5.02    M    191.9          M       89
================================================================================
AV 58.0 35.9                               7.1 FASTST   M    M   3    MAX(MPH)
                                 MISC ---->  # 28 270               # 40   10
================================================================================
NOTES:
# LAST OF SEVERAL OCCURRENCES

COLUMN 17 PEAK WIND IN M.P.H.

PRELIMINARY LOCAL CLIMATOLOGICAL DATA (WS FORM: F-6) , PAGE 2

                                          STATION:  FLORENCE SC
                                          MONTH:    FEBRUARY
                                          YEAR:     2013
                                          LATITUDE:   34 10 N
                                          LONGITUDE:  79 43 W

[TEMPERATURE DATA]      [PRECIPITATION DATA]       SYMBOLS USED IN COLUMN 16

AVERAGE MONTHLY: 46.9   TOTAL FOR MONTH:   5.02    1 = FOG OR MIST
DPTR FM NORMAL:  -1.6   DPTR FM NORMAL:    2.10    2 = FOG REDUCING VISIBILITY
HIGHEST:    73 ON 26    GRTST 24HR  1.51 ON  7- 8      TO 1/4 MILE OR LESS
LOWEST:     19 ON 18                               3 = THUNDER
                        SNOW, ICE PELLETS, HAIL    4 = ICE PELLETS
                        TOTAL MONTH:    M          5 = HAIL
                        GRTST 24HR    M  ON   M    6 = FREEZING RAIN OR DRIZZLE
                        GRTST DEPTH:  M  ON   M    7 = DUSTSTORM OR SANDSTORM:
                                                       VSBY 1/2 MILE OR LESS
                                                   8 = SMOKE OR HAZE
[NO. OF DAYS WITH]      [WEATHER - DAYS WITH]      9 = BLOWING SNOW
                                                   X = TORNADO
MAX 32 OR BELOW:   0    0.01 INCH OR MORE:  12
MAX 90 OR ABOVE:   0    0.10 INCH OR MORE:  10
MIN 32 OR BELOW:  11    0.50 INCH OR MORE:   4
MIN  0 OR BELOW:   0    1.00 INCH OR MORE:   1

[HDD (BASE 65) ]
TOTAL THIS MO.   500    CLEAR  (SCALE 0-3)  17
DPTR FM NORMAL    36    PTCLDY (SCALE 4-7)   9
TOTAL FM JUL 1  1747    CLOUDY (SCALE 8-10)  2
DPTR FM NORMAL  -319

[CDD (BASE 65) ]
TOTAL THIS MO.     0
DPTR FM NORMAL    -4    [PRESSURE DATA]
TOTAL FM JAN 1    21    HIGHEST SLP 30.46 ON 10
DPTR FM NORMAL    15    LOWEST  SLP 29.52 ON 26

[REMARKS]
#FINAL-02-13#
