000
CXUS52 KILM 311000
CF6FLO
PRELIMINARY LOCAL CLIMATOLOGICAL DATA (WS FORM: F-6)

                                          STATION:   FLORENCE SC
                                          MONTH:     DECEMBER
                                          YEAR:      2012
                                          LATITUDE:   34 10 N
                                          LONGITUDE:  79 43 W

  TEMPERATURE IN F:       :PCPN:    SNOW:  WIND      :SUNSHINE: SKY     :PK WND
================================================================================
1   2   3   4   5  6A  6B    7    8   9   10  11  12  13   14  15   16   17  18
                                     12Z  AVG MX 2MIN
DY MAX MIN AVG DEP HDD CDD  WTR  SNW DPTH SPD SPD DIR MIN PSBL S-S WX    SPD DR
================================================================================

 1  72  41  57   6   8   0 0.00    M    M  1.0  8  90   M    M   2 18     10 190
 2  73  44  59   9   6   0 0.00    M    M  3.1 13 160   M    M   7 1      16 160
 3  79  48  64  14   1   0 0.00    M    M  3.0 12 250   M    M   4 12     16 270
 4  78  49  64  14   1   0 0.00    M    M  3.5 12 220   M    M   4 12     15 200
 5  77  56  67  17   0   2 0.00    M    M  7.5 16 260   M    M   6        21  20
 6  61  48  55   6  10   0 0.20    M    M  9.5 17  50   M    M  10 1      21  40
 7  62  49  56   7   9   0 0.08    M    M  5.2 13  20   M    M  10 18     15  50
 8  72  53  63  14   2   0 0.00    M    M  5.0  8 210   M    M   5 18     13 180
 9  77  51  64  16   1   0 0.00    M    M  2.0 10 210   M    M   7 128    13 220
10  76  61  69  21   0   4 0.00    M    M  6.2 18 230   M    M   5 12     24 230
11  68  58  63  15   2   0 0.00    M    M  6.6 14  30   M    M   8 1      20  20
12  58  43  51   3  14   0 0.60    M    M 11.7 18  80   M    M  10 1      26  60
13  59  41  50   2  15   0 0.32    M    M 10.2 18  20   M    M   7 18     26  40
14  64  36  50   3  15   0 0.00    M    M  3.6  8  30   M    M   0        10  30
15  61  35  48   1  17   0 0.00    M    M  2.7  9  30   M    M   6 8      12  20
16  65  55  60  13   5   0 0.10    M    M  2.3  9 140   M    M  10 128    12  10
17  65  60  63  16   2   0 0.57    M    M  6.0 21 140   M    M   9 18     25 140
18  70  58  64  18   1   0 0.00    M    M  9.7260  22   M    M   M       300  32
19  72  41  57  11   8   0 0.00    M    M  3.5 12 290   M    M   0        16 300
20  70  41  56  10   9   0 0.42    M    M  9.1 26 280   M    M   4 1      37 240
21  56  41  49   3  16   0 0.00    M    M 16.8 35 260   M    M   1        44 250
22  54  34  44  -2  21   0 0.00    M    M  8.6 17 280   M    M   0        25 280
23  58  24  41  -5  24   0 0.00    M    M  4.2 14 230   M    M   0        18 220
24  58  43  51   6  14   0 0.07    M    M  5.5 13 180   M    M   7        17 170
25  62  51  57  12   8   0 0.14    M    M  3.6 13 100   M    M   8 1      15 100
26  69  42  56  11   9   0 0.73    M    M 14.2 30 230   M    M   8 1      39 250
27  55  35  45   0  20   0 0.00    M    M  6.7 17 270   M    M   0 18     21 260
28  51  31  41  -4  24   0 0.00    M    M  3.8  8 120   M    M   3        12  30
29  56  41  49   4  16   0 0.86    M    M  9.6 21 270   M    M   8 1      26 280
30  50  27  39  -6  26   0 0.00    M    M  6.1 16 340   M    M   0        22  10
================================================================================
SM 1948 1337       304   6  4.09    M    190.5          M      149
================================================================================
AV 64.9 44.6                               6.3 FASTST   M    M   5    MAX(MPH)
                                 MISC ---->  #260  22               #300   32
================================================================================
NOTES:
# LAST OF SEVERAL OCCURRENCES

COLUMN 17 PEAK WIND IN M.P.H.

PRELIMINARY LOCAL CLIMATOLOGICAL DATA (WS FORM: F-6) , PAGE 2

                                          STATION:  FLORENCE SC
                                          MONTH:    DECEMBER
                                          YEAR:     2012
                                          LATITUDE:   34 10 N
                                          LONGITUDE:  79 43 W

[TEMPERATURE DATA]      [PRECIPITATION DATA]       SYMBOLS USED IN COLUMN 16

AVERAGE MONTHLY: 54.8   TOTAL FOR MONTH:   4.09    1 = FOG OR MIST
DPTR FM NORMAL:   7.5   DPTR FM NORMAL:    1.18    2 = FOG REDUCING VISIBILITY
HIGHEST:    79 ON  3    GRTST 24HR  0.91 ON 12-13      TO 1/4 MILE OR LESS
LOWEST:     24 ON 23                               3 = THUNDER
                        SNOW, ICE PELLETS, HAIL    4 = ICE PELLETS
                        TOTAL MONTH:    M          5 = HAIL
                        GRTST 24HR    M  ON   M    6 = FREEZING RAIN OR DRIZZLE
                        GRTST DEPTH:  M  ON   M    7 = DUSTSTORM OR SANDSTORM:
                                                       VSBY 1/2 MILE OR LESS
                                                   8 = SMOKE OR HAZE
[NO. OF DAYS WITH]      [WEATHER - DAYS WITH]      9 = BLOWING SNOW
                                                   X = TORNADO
MAX 32 OR BELOW:   0    0.01 INCH OR MORE:  11
MAX 90 OR ABOVE:   0    0.10 INCH OR MORE:   9
MIN 32 OR BELOW:   3    0.50 INCH OR MORE:   4
MIN  0 OR BELOW:   0    1.00 INCH OR MORE:   0

[HDD (BASE 65) ]
TOTAL THIS MO.   304    CLEAR  (SCALE 0-3)   9
DPTR FM NORMAL  -232    PTCLDY (SCALE 4-7)  14
TOTAL FM JUL 1   781    CLOUDY (SCALE 8-10)  6
DPTR FM NORMAL  -177

[CDD (BASE 65) ]
TOTAL THIS MO.     6
DPTR FM NORMAL     6    [PRESSURE DATA]
TOTAL FM JAN 1  2316    HIGHEST SLP M ON M
DPTR FM NORMAL   257    LOWEST  SLP 29.47 ON 26

[REMARKS]
