000
CXUS52 KILM 011000
CF6FLO
PRELIMINARY LOCAL CLIMATOLOGICAL DATA (WS FORM: F-6)

                                          STATION:   FLORENCE SC
                                          MONTH:     JANUARY
                                          YEAR:      2013
                                          LATITUDE:   34 10 N
                                          LONGITUDE:  79 43 W

  TEMPERATURE IN F:       :PCPN:    SNOW:  WIND      :SUNSHINE: SKY     :PK WND
================================================================================
1   2   3   4   5  6A  6B    7    8   9   10  11  12  13   14  15   16   17  18
                                     12Z  AVG MX 2MIN
DY MAX MIN AVG DEP HDD CDD  WTR  SNW DPTH SPD SPD DIR MIN PSBL S-S WX    SPD DR
================================================================================

 1  55  48  52   7  13   0 0.01    M    M  2.7  9 240   M    M   9 1      13 250
 2  55  47  51   6  14   0 0.11    M    M  7.0 16  10   M    M  10 1      21  20
 3  47  33  40  -5  25   0 0.06    M    M  3.7 13 160   M    M   9 128    17 170
 4  53  30  42  -3  23   0 0.00    M    M  2.9 10 230   M    M   3 128    14 260
 5  52  25  39  -5  26   0 0.00    M    M  2.5 10  40   M    M   0        13  50
 6  50  38  44   0  21   0 0.05    M    M  2.6  8 200   M    M   8 12     10 190
 7  56  34  45   1  20   0 0.00    M    M  5.8 14  50   M    M   0 1      20  10
 8  62  35  49   5  16   0 0.00    M    M  5.4 13  60   M    M   7        16  60
 9  72  44  58  14   7   0 0.00    M    M  3.1  9  90   M    M   3 18     13 350
10  74  52  63  19   2   0 0.02    M    M  6.4 15  70   M    M   2 1      20  70
11  72  51  62  18   3   0 0.15    M    M  4.7 10 230   M    M   6 18     14 220
12  81  60  71  26   0   6 0.00    M    M  4.6 16 240   M    M   1 1      20 250
13  78  57  68  23   0   3 0.00    M    M  6.6 13 200   M    M   1 12     16 200
14  79  58  69  24   0   4 0.00    M    M  8.0 18 210   M    M   3 1      24 200
15  79  53  66  21   0   1 0.00    M    M  5.3 15 230   M    M   1 1      20 240
16  80  53  67  22   0   2 0.00    M    M  6.3 21 230   M    M   6 1      28 210
17  80  42  61  16   4   0 0.73    M    M  9.6 28 280   M    M   6 18     40 280
18  53  35  44  -1  21   0    T    M    M  8.9 18  20   M    M   1        25 350
19  60  29  45   0  20   0 0.00    M    M  2.5 10 360   M    M   1        12 360
20  67  40  54   9  11   0 0.00    M    M  6.2 15 250   M    M   0        22 280
21  66  34  50   5  15   0 0.00    M    M  6.5 17 260   M    M   0        23 240
22  51  28  40  -5  25   0 0.00    M    M  5.7 15 280   M    M   0 8      23 320
23  48  24  36  -9  29   0 0.00    M    M  5.4 10 260   M    M   0        14 260
24  58  27  43  -2  22   0 0.00    M    M 12.2 23  50   M    M   0        29  50
25  34  22  28 -17  37   0 0.01    M    M  4.3 12 320   M    M   6 6      15 330
26  52  32  42  -4  23   0 0.00    M    M  4.2 13  10   M    M   3        15  10
27  48  27  38  -8  27   0 0.00    M    M  6.5 15  60   M    M   0 18     18  80
28  61  32  47   1  18   0 0.00    M    M  3.2  8 190   M    M   7 18     10 170
29  77  39  58  12   7   0 0.00    M    M  4.6 15 210   M    M   4 128    18 200
30  79  61  70  24   0   5 0.14    M    M 16.9 31 280   M    M   5 1      43 180
31  60  43  52   6  13   0 0.22    M    M 15.0 32 270   M    M   3 1      45 250
================================================================================
SM 1939 1233       442  21  1.50    M    189.3          M      105
================================================================================
AV 62.5 39.8                               6.1 FASTST   M    M   3    MAX(MPH)
                                 MISC ---->  # 32 270               # 45  250
================================================================================
NOTES:
# LAST OF SEVERAL OCCURRENCES

COLUMN 17 PEAK WIND IN M.P.H.

PRELIMINARY LOCAL CLIMATOLOGICAL DATA (WS FORM: F-6) , PAGE 2

                                          STATION:  FLORENCE SC
                                          MONTH:    JANUARY
                                          YEAR:     2013
                                          LATITUDE:   34 10 N
                                          LONGITUDE:  79 43 W

[TEMPERATURE DATA]      [PRECIPITATION DATA]       SYMBOLS USED IN COLUMN 16

AVERAGE MONTHLY: 51.2   TOTAL FOR MONTH:   1.50    1 = FOG OR MIST
DPTR FM NORMAL:   6.3   DPTR FM NORMAL:   -1.73    2 = FOG REDUCING VISIBILITY
HIGHEST:    81 ON 12    GRTST 24HR  0.73 ON 17-17      TO 1/4 MILE OR LESS
LOWEST:     22 ON 25                               3 = THUNDER
                        SNOW, ICE PELLETS, HAIL    4 = ICE PELLETS
                        TOTAL MONTH:    M          5 = HAIL
                        GRTST 24HR    M  ON   M    6 = FREEZING RAIN OR DRIZZLE
                        GRTST DEPTH:  M  ON   M    7 = DUSTSTORM OR SANDSTORM:
                                                       VSBY 1/2 MILE OR LESS
                                                   8 = SMOKE OR HAZE
[NO. OF DAYS WITH]      [WEATHER - DAYS WITH]      9 = BLOWING SNOW
                                                   X = TORNADO
MAX 32 OR BELOW:   0    0.01 INCH OR MORE:  10
MAX 90 OR ABOVE:   0    0.10 INCH OR MORE:   5
MIN 32 OR BELOW:  10    0.50 INCH OR MORE:   1
MIN  0 OR BELOW:   0    1.00 INCH OR MORE:   0

[HDD (BASE 65) ]
TOTAL THIS MO.   442    CLEAR  (SCALE 0-3)  17
DPTR FM NORMAL  -181    PTCLDY (SCALE 4-7)  10
TOTAL FM JUL 1  1247    CLOUDY (SCALE 8-10)  4
DPTR FM NORMAL  -355

[CDD (BASE 65) ]
TOTAL THIS MO.    21
DPTR FM NORMAL    19    [PRESSURE DATA]
TOTAL FM JAN 1    21    HIGHEST SLP 30.56 ON 27
DPTR FM NORMAL    21    LOWEST  SLP 29.52 ON 30

[REMARKS]
#FINAL-01-13#
