000
CXUS52 KILM 011000
CF6FLO
PRELIMINARY LOCAL CLIMATOLOGICAL DATA (WS FORM: F-6)

                                          STATION:   FLORENCE SC
                                          MONTH:     JUNE
                                          YEAR:      2012
                                          LATITUDE:   34 10 N
                                          LONGITUDE:  79 43 W

  TEMPERATURE IN F:       :PCPN:    SNOW:  WIND      :SUNSHINE: SKY     :PK WND
================================================================================
1   2   3   4   5  6A  6B    7    8   9   10  11  12  13   14  15   16   17  18
                                     12Z  AVG MX 2MIN
DY MAX MIN AVG DEP HDD CDD  WTR  SNW DPTH SPD SPD DIR MIN PSBL S-S WX    SPD DR
================================================================================

 1  90  70  80   5   0  15    T    M    M  8.1 20 230   M    M   5 18     26 210
 2  80  61  71  -4   0   6 0.00    M    M  6.1 16  10   M    M   4        25  80
 3  84  59  72  -4   0   7 0.00    M    M  4.5 15 260   M    M   1        20 300
 4  81  66  74  -2   0   9 0.08    M    M  5.8 16 250   M    M   2 1      24 250
 5  75  63  69  -7   0   4 0.16    M    M  3.9 12 360   M    M   5 1      16 360
 6  79  60  70  -6   0   5 0.00  0.0    0  7.0 20  60   M    M   4 1      24  70
 7  83  58  71  -6   0   6 0.00    M    M  3.0 14 110   M    M   3        16 100
 8  86  59  73  -4   0   8 0.00    M    M  2.8 10  30   M    M   1        16  30
 9  87  61  74  -3   0   9 0.00    M    M  3.7 14 170   M    M   1        16 170
10  84  64  74  -3   0   9    T    M    M  5.3 15 140   M    M   7        18 140
11  87  70  79   1   0  14 1.12    M    M  7.7 21 150   M    M   8 13     25 170
12  82  69  76  -2   0  11 0.02    M    M  4.8 14 230   M    M   6 138    17 230
13  89  71  80   2   0  15    T    M    M  4.3 16 100   M    M   4 13     22 100
14  86  65  76  -2   0  11 0.00    M    M  8.2 16  50   M    M   1        21  60
15  83  64  74  -4   0   9 0.00    M    M  9.5 17  80   M    M   2        24  60
16  83  60  72  -6   0   7 0.00    M    M  7.8 20  60   M    M   0        23  40
17  83  60  72  -7   0   7 0.00    M    M  3.6 12  30   M    M   1        17  30
18  86  58  72  -7   0   7 0.00    M    M  3.4 10 170   M    M   1        14 160
19  89  64  77  -2   0  12 0.00    M    M  3.2  9 170   M    M   1 8      16  90
20  90  69  80   1   0  15 0.00    M    M  4.1 12 170   M    M   2        16 160
21  92  68  80   1   0  15 0.00    M    M  4.9 12 200   M    M   1        16 170
22  92  70  81   1   0  16 0.00    M    M  6.9 14 200   M    M   0        20 220
23  95  70  83   3   0  18 0.13    M    M  5.3 16 350   M    M   2 1       M  M
24  90  72  81   1   0  16 0.61    M    M  3.2 18 120   M    M   6 123    26 110
25  87  72  80   0   0  15 0.00    M    M  5.6 13 170   M    M   1 1      16 180
26  79  62  71  -9   0   6    T    M    M 10.6 24  50   M    M   1 1      32  50
27  87  58  73  -7   0   8 0.00    M    M  6.9 20  70   M    M   0        24  80
28  95  59  77  -3   0  12 0.00    M    M  5.2 14 250   M    M   0        17 240
29 105  72  89   9   0  24 0.00    M    M  4.8 10 300   M    M   0        16 210
30 105  73  89   9   0  24 0.00    M    M  3.9 12 190   M    M   0 18     22 140
================================================================================
SM 2614 1947         0 340  2.12     0.0 164.1          M       70
================================================================================
AV 87.1 64.9                               5.5 FASTST   M    M   2    MAX(MPH)
                                 MISC ---->  # 24  50               # 32   50
================================================================================
NOTES:
# LAST OF SEVERAL OCCURRENCES

COLUMN 17 PEAK WIND IN M.P.H.

PRELIMINARY LOCAL CLIMATOLOGICAL DATA (WS FORM: F-6) , PAGE 2

                                          STATION:  FLORENCE SC
                                          MONTH:    JUNE
                                          YEAR:     2012
                                          LATITUDE:   34 10 N
                                          LONGITUDE:  79 43 W

[TEMPERATURE DATA]      [PRECIPITATION DATA]       SYMBOLS USED IN COLUMN 16

AVERAGE MONTHLY: 76.0   TOTAL FOR MONTH:   2.12    1 = FOG OR MIST
DPTR FM NORMAL:  -2.2   DPTR FM NORMAL:   -2.50    2 = FOG REDUCING VISIBILITY
HIGHEST:   105 ON 30,29 GRTST 24HR  1.12 ON 11-11      TO 1/4 MILE OR LESS
LOWEST:     58 ON 27,18                            3 = THUNDER
                        SNOW, ICE PELLETS, HAIL    4 = ICE PELLETS
                        TOTAL MONTH:   0.0 INCH    5 = HAIL
                        GRTST 24HR     0.0         6 = FREEZING RAIN OR DRIZZLE
                        GRTST DEPTH:   0           7 = DUSTSTORM OR SANDSTORM:
                                                       VSBY 1/2 MILE OR LESS
                                                   8 = SMOKE OR HAZE
[NO. OF DAYS WITH]      [WEATHER - DAYS WITH]      9 = BLOWING SNOW
                                                   X = TORNADO
MAX 32 OR BELOW:   0    0.01 INCH OR MORE:   6
MAX 90 OR ABOVE:   9    0.10 INCH OR MORE:   4
MIN 32 OR BELOW:   0    0.50 INCH OR MORE:   2
MIN  0 OR BELOW:   0    1.00 INCH OR MORE:   1

[HDD (BASE 65) ]
TOTAL THIS MO.     0    CLEAR  (SCALE 0-3)  21
DPTR FM NORMAL    -1    PTCLDY (SCALE 4-7)   9
TOTAL FM JUL 1  1898    CLOUDY (SCALE 8-10)  0
DPTR FM NORMAL  -626

[CDD (BASE 65) ]
TOTAL THIS MO.   340
DPTR FM NORMAL   -57    [PRESSURE DATA]
TOTAL FM JAN 1   850    HIGHEST SLP 30.23 ON 16
DPTR FM NORMAL   146    LOWEST  SLP 29.68 ON  5

[REMARKS]
#FINAL-06-12#
