000
CXUS52 KILM 011000
CF6FLO
PRELIMINARY LOCAL CLIMATOLOGICAL DATA (WS FORM: F-6)

                                          STATION:   FLORENCE SC
                                          MONTH:     MARCH
                                          YEAR:      2013
                                          LATITUDE:   34 10 N
                                          LONGITUDE:  79 43 W

  TEMPERATURE IN F:       :PCPN:    SNOW:  WIND      :SUNSHINE: SKY     :PK WND
================================================================================
1   2   3   4   5  6A  6B    7    8   9   10  11  12  13   14  15   16   17  18
                                     12Z  AVG MX 2MIN
DY MAX MIN AVG DEP HDD CDD  WTR  SNW DPTH SPD SPD DIR MIN PSBL S-S WX    SPD DR
================================================================================

 1  55  33  44  -8  21   0 0.00    M    M  5.8 15 300   M    M   4        23 300
 2  49  34  42 -10  23   0 0.00    M    M  4.0 13  10   M    M   9        16 350
 3  50  31  41 -11  24   0 0.00    M    M  8.8 17 300   M    M   4        24 300
 4  56  25  41 -11  24   0 0.00    M    M  5.5 17 300   M    M   0        24 290
 5  70  36  53   0  12   0 0.01    M    M  8.7 21 220   M    M   4        28 230
 6  57  40  49  -4  16   0 0.00    M    M 17.2 29 320   M    M   3        40 270
 7  59  35  47  -6  18   0 0.00    M    M  8.6 16 330   M    M   0 3      23 320
 8  59  32  46  -8  19   0 0.00    M    M  9.0 10 350   M    M   0        14 350
 9  65  35  50  -4  15   0 0.00    M    M  5.0 14  40   M    M   0        20  50
10  71  32  52  -2  13   0 0.00    M    M  3.3 14 150   M    M   0 8      17 140
11  71  39  55   1  10   0 0.00    M    M  8.1 21 160   M    M   5 1      26 160
12  76  54  65  10   0   0 0.31    M    M 10.1 15 270   M    M   5 1      21 260
13  65  40  53  -2  12   0 0.00    M    M  9.9 24 360   M    M   0        31 270
14  56  32  44 -11  21   0 0.00    M    M  7.5 17 350   M    M   0        23 300
15  67  28  48  -7  17   0 0.00    M    M  5.4 13 210   M    M   0        18 250
16  83  54  69  13   0   4 0.00    M    M 14.6 26 250   M    M   0        38 270
17  81  56  69  13   0   4 0.00    M    M  9.8 17  50   M    M   1        22 230
18  64  46  55  -1  10   0 0.53    M    M  9.1 26 340   M    M   9 13     35 320
19  73  47  60   4   5   0    T    M    M  8.2 22 130   M    M   4 13     25 330
20  58  34  46 -11  19   0 0.00    M    M  4.9 15  20   M    M   3        20  20
21  56  36  46 -11  19   0 0.00    M    M 11.1 23 310   M    M   0        30 320
22  54  26  40 -17  25   0 0.00    M    M  4.7 14 270   M    M   2        17 230
23  56  36  46 -12  19   0 0.21    M    0  1.9  9  10   M    M   5 1      12  80
24  49  42  46 -12  19   0 1.24    M    M  8.9 23 110   M    M  10 1      30  90
25  56  40  48 -10  17   0 0.00    M    M 13.8 28 270   M    M   5        37 260
26  52  30  41 -17  24   0 0.00    M    M  9.1 21 320   M    M   4        28 310
27  58  33  46 -12  19   0 0.00    M    M  8.3 20 330   M    M   0        28 270
28  60  32  46 -13  19   0 0.00    M    M  6.7 18 310   M    M   0        25 280
29  64  29  47 -12  18   0 0.00    M    M  3.1 15 260   M    M   3        20 250
30  70  49  60   1   5   0    T    M    M  5.3 14  80   M    M   6        17  80
31  77  51  64   4   1   0 0.19    M    M  9.1 23 210   M    M   7 1      30 270
================================================================================
SM 1937 1167       464   8  2.49    M    245.5          M       93
================================================================================
AV 62.5 37.6                               7.9 FASTST   M    M   3    MAX(MPH)
                                 MISC ---->  # 29 320               # 40  270
================================================================================
NOTES:
# LAST OF SEVERAL OCCURRENCES

COLUMN 17 PEAK WIND IN M.P.H.

PRELIMINARY LOCAL CLIMATOLOGICAL DATA (WS FORM: F-6) , PAGE 2

                                          STATION:  FLORENCE SC
                                          MONTH:    MARCH
                                          YEAR:     2013
                                          LATITUDE:   34 10 N
                                          LONGITUDE:  79 43 W

[TEMPERATURE DATA]      [PRECIPITATION DATA]       SYMBOLS USED IN COLUMN 16

AVERAGE MONTHLY: 50.1   TOTAL FOR MONTH:   2.49    1 = FOG OR MIST
DPTR FM NORMAL:  -5.5   DPTR FM NORMAL:   -0.84    2 = FOG REDUCING VISIBILITY
HIGHEST:    83 ON 16    GRTST 24HR  1.24 ON 24-24      TO 1/4 MILE OR LESS
LOWEST:     25 ON  4                               3 = THUNDER
                        SNOW, ICE PELLETS, HAIL    4 = ICE PELLETS
                        TOTAL MONTH:    M          5 = HAIL
                        GRTST 24HR    M  ON   M    6 = FREEZING RAIN OR DRIZZLE
                        GRTST DEPTH:   0           7 = DUSTSTORM OR SANDSTORM:
                                                       VSBY 1/2 MILE OR LESS
                                                   8 = SMOKE OR HAZE
[NO. OF DAYS WITH]      [WEATHER - DAYS WITH]      9 = BLOWING SNOW
                                                   X = TORNADO
MAX 32 OR BELOW:   0    0.01 INCH OR MORE:   6
MAX 90 OR ABOVE:   0    0.10 INCH OR MORE:   5
MIN 32 OR BELOW:  10    0.50 INCH OR MORE:   2
MIN  0 OR BELOW:   0    1.00 INCH OR MORE:   1

[HDD (BASE 65) ]
TOTAL THIS MO.   464    CLEAR  (SCALE 0-3)  17
DPTR FM NORMAL   154    PTCLDY (SCALE 4-7)  11
TOTAL FM JUL 1  2211    CLOUDY (SCALE 8-10)  3
DPTR FM NORMAL  -165

[CDD (BASE 65) ]
TOTAL THIS MO.     8
DPTR FM NORMAL   -10    [PRESSURE DATA]
TOTAL FM JAN 1    29    HIGHEST SLP 30.35 ON 29
DPTR FM NORMAL     5    LOWEST  SLP 29.51 ON 24

[REMARKS]
#FINAL-03-13#
