000
CXUS52 KILM 011000
CF6FLO
PRELIMINARY LOCAL CLIMATOLOGICAL DATA (WS FORM: F-6)

                                          STATION:   FLORENCE SC
                                          MONTH:     OCTOBER
                                          YEAR:      2013
                                          LATITUDE:   34 10 N
                                          LONGITUDE:  79 43 W

  TEMPERATURE IN F:       :PCPN:    SNOW:  WIND      :SUNSHINE: SKY     :PK WND
================================================================================
1   2   3   4   5  6A  6B    7    8   9   10  11  12  13   14  15   16   17  18
                                     12Z  AVG MX 2MIN
DY MAX MIN AVG DEP HDD CDD  WTR  SNW DPTH SPD SPD DIR MIN PSBL S-S WX    SPD DR
================================================================================

 1  84  52  68  -1   0   3 0.00    M    M  2.1 10 360   M    M   0 1      15 360
 2  88  54  71   2   0   6 0.00    M    M  2.5  8 340   M    M   1 1      13  40
 3  86  59  73   5   0   8 0.00    M    M  2.8 12 180   M    M   4 1      15 150
 4  89  62  76   8   0  11 0.00    M    0  1.4  7  40   M    M   3 12      9  70
 5  90  62  76   8   0  11 0.00    M    M  1.4  9 150   M    M   3 12     12 140
 6  88  63  76   8   0  11    T    M    M  4.6 17 150   M    M   6 128    22 130
 7  82  72  77  10   0  12 0.58    M    M  7.3 16 360   M    M   6 1      20  10
 8  72  57  65  -2   0   0 0.08    M    M 13.2 22  30   M    M  10 18     28  20
 9  71  57  64  -2   1   0    T    M    M 12.0 20 360   M    M   9        25 350
10  69  56  63  -3   2   0 0.00    M    M  7.5 16 360   M    M   8        22 360
11  83  65  74   8   0   9    T    M    M  4.6 13 320   M    M   9        17 300
12  82  58  70   5   0   5 0.00    M    M  3.7 13 360   M    M   3 1      16 360
13  76  62  69   4   0   4 0.01    M    M  7.5 13  40   M    M  10 18     16  20
14  72  64  68   3   0   3    T    M    M 10.7 18  30   M    M  10 1      23  20
15  77  57  67   3   0   2 0.00    M    M  7.6 16  60   M    M   4        20  50
16  78  59  69   5   0   4 0.00    M    M  3.5 10  10   M    M   6        17  20
17  83  59  71   7   0   6 0.00    M    M  4.8 15 250   M    M   4 1      18 250
18  75  61  68   4   0   3 0.10    M    M  4.1 14  20   M    M  10 1      18  20
19  78  61  70   7   0   5 0.04    M    M  3.8 12 270   M    M   8 1      15 210
20  70  51  61  -2   4   0    T    M    M  4.7 18  30   M    M   2        24  60
21  71  49  60  -3   5   0 0.00    M    M  1.7  9 110   M    M   0        13 110
22  69  57  63   1   2   0 0.01    M    M  2.8 12 180   M    M   7 1      14 180
23  74  48  61  -1   4   0 0.00    M    M 10.3 24 290   M    M   3 1      35 290
24  64  36  50 -12  15   0 0.00    M    M  4.1 13 260   M    M   0        15 260
25  61  42  52 -10  13   0 0.00    M    M  8.1 18  10   M    M   2        23  20
26  64  29  47 -14  18   0 0.00    M    M  3.5 13 250   M    M   0        16 240
27  71  37  54  -7  11   0 0.00    M    M  2.1 10  50   M    M   0        16  60
28  72  47  60  -1   5   0 0.01    M    M  1.2  9 210   M    M   3 12     12 230
29  77  48  63   3   2   0 0.00    M    M  0.9  7  70   M    M   2 128    16  70
30  79  50  65   5   0   0 0.00    M    M  2.9 10 240   M    M   3 12     13 230
31  80  53  67   7   0   2 0.00    M    M  4.6 13 200   M    M   2 12     17 200
================================================================================
SM 2375 1687        82 105  0.83    M    152.0          M      138
================================================================================
AV 76.6 54.4                               4.9 FASTST   M    M   4    MAX(MPH)
                                 MISC ---->  # 24 290               # 35  290
================================================================================
NOTES:
# LAST OF SEVERAL OCCURRENCES

COLUMN 17 PEAK WIND IN M.P.H.

PRELIMINARY LOCAL CLIMATOLOGICAL DATA (WS FORM: F-6) , PAGE 2

                                          STATION:  FLORENCE SC
                                          MONTH:    OCTOBER
                                          YEAR:     2013
                                          LATITUDE:   34 10 N
                                          LONGITUDE:  79 43 W

[TEMPERATURE DATA]      [PRECIPITATION DATA]       SYMBOLS USED IN COLUMN 16

AVERAGE MONTHLY: 65.5   TOTAL FOR MONTH:   0.83    1 = FOG OR MIST
DPTR FM NORMAL:   1.2   DPTR FM NORMAL:   -2.25    2 = FOG REDUCING VISIBILITY
HIGHEST:    90 ON  5    GRTST 24HR  0.58 ON  7- 7      TO 1/4 MILE OR LESS
LOWEST:     29 ON 26                               3 = THUNDER
                        SNOW, ICE PELLETS, HAIL    4 = ICE PELLETS
                        TOTAL MONTH:    M          5 = HAIL
                        GRTST 24HR    M  ON   M    6 = FREEZING RAIN OR DRIZZLE
                        GRTST DEPTH:   0           7 = DUSTSTORM OR SANDSTORM:
                                                       VSBY 1/2 MILE OR LESS
                                                   8 = SMOKE OR HAZE
[NO. OF DAYS WITH]      [WEATHER - DAYS WITH]      9 = BLOWING SNOW
                                                   X = TORNADO
MAX 32 OR BELOW:   0    0.01 INCH OR MORE:   7
MAX 90 OR ABOVE:   1    0.10 INCH OR MORE:   2
MIN 32 OR BELOW:   1    0.50 INCH OR MORE:   1
MIN  0 OR BELOW:   0    1.00 INCH OR MORE:   0

[HDD (BASE 65) ]
TOTAL THIS MO.    82    CLEAR  (SCALE 0-3)  16
DPTR FM NORMAL   -26    PTCLDY (SCALE 4-7)   8
TOTAL FM JUL 1    82    CLOUDY (SCALE 8-10)  7
DPTR FM NORMAL   -35

[CDD (BASE 65) ]
TOTAL THIS MO.   105
DPTR FM NORMAL    19    [PRESSURE DATA]
TOTAL FM JAN 1  2030    HIGHEST SLP 30.38 ON 25
DPTR FM NORMAL   -12    LOWEST  SLP 29.73 ON 23

[REMARKS]
#FINAL-10-13#
