000
CXUS52 KILM 011000
CF6FLO
PRELIMINARY LOCAL CLIMATOLOGICAL DATA (WS FORM: F-6)

                                          STATION:   FLORENCE SC
                                          MONTH:     JANUARY
                                          YEAR:      2016
                                          LATITUDE:   34 10 N
                                          LONGITUDE:  79 43 W

  TEMPERATURE IN F:       :PCPN:    SNOW:  WIND      :SUNSHINE: SKY     :PK WND
================================================================================
1   2   3   4   5  6A  6B    7    8   9   10  11  12  13   14  15   16   17  18
                                     12Z  AVG MX 2MIN
DY MAX MIN AVG DEP HDD CDD  WTR  SNW DPTH SPD SPD DIR MIN PSBL S-S WX    SPD DR
================================================================================

 1  65  50  58  13   7   0 0.03    M    M  6.3 15  30   M    M   8 1      20  40
 2  51  38  45   0  20   0 0.00    M    M  4.9 14  30   M    M   1        16  30
 3  51  33  42  -3  23   0 0.00    M    M  2.3  8 240   M    M   0         9 260
 4  47  33  40  -5  25   0 0.00    M    M 12.5 23 360   M    M   1        30 350
 5  40  27  34 -10  31   0 0.00    M    M 10.6 18  20   M    M   0        22  10
 6  49  26  38  -6  27   0 0.00    M    M  8.2 14  40   M    M   4        18  30
 7  55  40  48   4  17   0 0.00    M    M  9.4 15 350   M    M   6 1      19  20
 8  50  43  47   3  18   0    T    M    M  6.6 13  30   M    M   9 1      15  30
 9  54  48  51   7  14   0 0.05    M    M  6.2 13  40   M    M  10 12     16  40
10  61  41  51   7  14   0 0.02    M    M 13.4 26 260   M    M   4 12     32 260
11  48  29  39  -5  26   0 0.00    M    M  4.3 10 350   0    0   0         M  M
12  56  27  42  -3  23   0 0.00    M    M 10.3 28 240   M    M   0        36 240
13  49  28  39  -6  26   0 0.00    M    M  4.1 12 240   M    M   0 8      15 240
14  60  27  44  -1  21   0 0.00    M    M  5.4 13 200   M    M   0        16 210
15  59  37  48   3  17   0 0.69    M    M 10.2 33  90   M    M   6 1      42  90
16  65  44  55  10  10   0 0.00    M    M  8.8 20 270   M    M   4        26 250
17  48  31  40  -5  25   0 0.02    M    M  9.8 20 340   M    M   4        26 340
18  45  26  36  -9  29   0 0.00    M    M  7.5 16 310   M    M   1        24 340
19  38  19  29 -16  36   0 0.00    M    M  5.9 15 360   M    M   0        22 320
20  44  23  34 -11  31   0    T    M    M  3.0 10 210   M    M   3        14 210
21  52  31  42  -3  23   0    T    M    M  5.6 14 100   M    M   3        16 100
22  41  30  36  -9  29   0 1.11    M    M 13.3 23  70   M    M   9 16     31  50
23  37  28  33 -12  32   0    T    M    M 13.2 22 310   M    M  10 1      29 330
24  49  28  39  -6  26   0 0.00    M    M  5.4 16 320   M    M   1        23 340
25  59  26  43  -2  22   0 0.00    M    M  4.1 15 190   M    M   0        19 190
26  66  32  49   3  16   0 0.00    M    M  4.6 17 200   M    M   2 12     21 220
27  54  43  49   3  16   0 0.00    M    M  6.0 17  50   M    M   7 1      22  40
28  47  41  44  -2  21   0 0.21    M    M  6.5 14  40   M    M  10 1      17  30
29  60  35  48   2  17   0 0.00    M    M  8.1 20 300   M    M   2 1      27 290
30  62  29  46   0  19   0 0.00    M    M  5.4 15 200   M    M   0        21 180
31  68  33  51   5  14   0 0.00    M    M  6.2 20 210   M    M   0        24 210
================================================================================
SM 1630 1026       675   0  2.13    M    228.1            0    105
================================================================================
AV 52.6 33.1                               7.4 FASTST    0   0   3    MAX(MPH)
                                 MISC ---->  # 33  90               # 42   90
================================================================================
NOTES:
# LAST OF SEVERAL OCCURRENCES

COLUMN 17 PEAK WIND IN M.P.H.

PRELIMINARY LOCAL CLIMATOLOGICAL DATA (WS FORM: F-6) , PAGE 2

                                          STATION:  FLORENCE SC
                                          MONTH:    JANUARY
                                          YEAR:     2016
                                          LATITUDE:   34 10 N
                                          LONGITUDE:  79 43 W

[TEMPERATURE DATA]      [PRECIPITATION DATA]       SYMBOLS USED IN COLUMN 16

AVERAGE MONTHLY: 42.8   TOTAL FOR MONTH:   2.13    1 = FOG OR MIST
DPTR FM NORMAL:  -2.1   DPTR FM NORMAL:   -1.10    2 = FOG REDUCING VISIBILITY
HIGHEST:    68 ON 31    GRTST 24HR  1.11 ON 22-22      TO 1/4 MILE OR LESS
LOWEST:     19 ON 19                               3 = THUNDER
                        SNOW, ICE PELLETS, HAIL    4 = ICE PELLETS
                        TOTAL MONTH:    M          5 = HAIL
                        GRTST 24HR    M  ON   M    6 = FREEZING RAIN OR DRIZZLE
                        GRTST DEPTH:  M  ON   M    7 = DUSTSTORM OR SANDSTORM:
                                                       VSBY 1/2 MILE OR LESS
                                                   8 = SMOKE OR HAZE
[NO. OF DAYS WITH]      [WEATHER - DAYS WITH]      9 = BLOWING SNOW
                                                   X = TORNADO
MAX 32 OR BELOW:   0    0.01 INCH OR MORE:   7
MAX 90 OR ABOVE:   0    0.10 INCH OR MORE:   3
MIN 32 OR BELOW:  17    0.50 INCH OR MORE:   2
MIN  0 OR BELOW:   0    1.00 INCH OR MORE:   1

[HDD (BASE 65) ]
TOTAL THIS MO.   675    CLEAR  (SCALE 0-3)  17
DPTR FM NORMAL    52    PTCLDY (SCALE 4-7)   8
TOTAL FM JUL 1  1160    CLOUDY (SCALE 8-10)  6
DPTR FM NORMAL  -442

[CDD (BASE 65) ]
TOTAL THIS MO.     0
DPTR FM NORMAL    -2    [PRESSURE DATA]
TOTAL FM JAN 1     0    HIGHEST SLP 30.61 ON  5
DPTR FM NORMAL     0    LOWEST  SLP 29.36 ON 15

[REMARKS]
#FINAL-01-16#
