000
CXUS52 KILM 011000
CF6FLO
PRELIMINARY LOCAL CLIMATOLOGICAL DATA (WS FORM: F-6)

                                          STATION:   FLORENCE SC
                                          MONTH:     MARCH
                                          YEAR:      2016
                                          LATITUDE:   34 10 N
                                          LONGITUDE:  79 43 W

  TEMPERATURE IN F:       :PCPN:    SNOW:  WIND      :SUNSHINE: SKY     :PK WND
================================================================================
1   2   3   4   5  6A  6B    7    8   9   10  11  12  13   14  15   16   17  18
                                     12Z  AVG MX 2MIN
DY MAX MIN AVG DEP HDD CDD  WTR  SNW DPTH SPD SPD DIR MIN PSBL S-S WX    SPD DR
================================================================================

 1  74  45  60   8   5   0 0.00    M    M  8.5 21 210   M    M   4 1      26 220
 2  61  42  52   0  13   0 0.18    M    M 11.4 22 220   M    M   3 1      31 230
 3  58  35  47  -5  18   0 0.31    M    M  8.4 18 360   M    M   4 1      21  10
 4  58  39  49  -3  16   0 0.00    M    M  9.2 18 360   M    M   7        23 340
 5  60  35  48  -5  17   0    T    M    M  5.4 13 230   M    M   5        16 240
 6  61  40  51  -2  14   0 0.00    M    M  5.5 17  30   M    M   4 1      22  50
 7  68  35  52  -1  13   0 0.00    M    M  4.4 14 210   M    M   0        19 230
 8  76  41  59   5   6   0 0.00    M    M  5.8 14 240   M    M   0 12     17 240
 9  77  46  62   8   3   0 0.00    M    M  6.6 20 180   M    M   2 12     24 180
10  81  52  67  13   0   2 0.00    M    M 10.0 22 180   M    M   2 1      32 210
11  82  62  72  18   0   7 0.00    M    M  7.1 18 240   M    M   1        24 230
12  82  56  69  14   0   4 0.00    M    M  7.2 16 210   M    M   4 1      21 200
13  83  59  71  16   0   6 0.27    M    M  8.9 31 190   M    M   3 1      42 220
14  81  61  71  16   0   6 0.02    M    M  7.5 26 320   M    M   6 13     34 340
15  83  55  69  14   0   4    T    M    M  5.2 16 250   M    M   0 1      20 350
16  87  58  73  17   0   8 0.00    M    M  9.2 21 270   M    M   0        27 260
17  82  49  66  10   0   1 0.00    M    M  4.8 16 230   M    M   1        20 230
18  76  54  65   9   0   0 0.00    M    M  5.5 16 100   M    M   0        23 100
19  76  53  65   9   0   0    T    M    M  5.6 20  20   M    M   7        23  20
20  56  44  50  -7  15   0 0.05    M    M  8.3 18  30   M    M  10 1      25  40
21  60  39  50  -7  15   0 0.00    M    M  9.5 20 310   M    M   2        25 330
22  70  34  52  -5  13   0 0.00    M    M  6.3 18 200   M    M   0        24 170
23  75  48  62   4   3   0 0.00    M    M 10.1 20 230   M    M   0        26 210
24  80  48  64   6   1   0 0.00    M    M 10.1 22 180   M    M   2        29 180
25  76  62  69  11   0   4 0.00    M    M 10.4 17 240   M    M   4        25 170
26  70  58  64   6   1   0 0.38    M    M  4.8 14 130   M    M   9 1      17 140
27   M   M   M   M   M   M 0.32    M    M  6.1  9 170   M    M   8 1       M  M
28  81  57  69  10   0   4 0.10    M    M  8.5 17 270   M    M   6 8      24 270
29  69  47  58  -1   7   0 0.00    M    M  6.6 17  20   M    M   0        24  50
30  74  45  60   1   5   0 0.00    M    M  7.2 21 140   M    M   0        25 120
31  83  51  67   7   0   2    T    M    M  9.2 24 160   M    M   2        30 170
================================================================================
SM 2200 1450       165  48  1.63    M    233.3          M       96
================================================================================
AV 73.3 48.3                               7.5 FASTST   M    M   3    MAX(MPH)
                                 MISC ---->  # 31 190               # 42  220
================================================================================
NOTES:
# LAST OF SEVERAL OCCURRENCES

COLUMN 17 PEAK WIND IN M.P.H.

PRELIMINARY LOCAL CLIMATOLOGICAL DATA (WS FORM: F-6) , PAGE 2

                                          STATION:  FLORENCE SC
                                          MONTH:    MARCH
                                          YEAR:     2016
                                          LATITUDE:   34 10 N
                                          LONGITUDE:  79 43 W

[TEMPERATURE DATA]      [PRECIPITATION DATA]       SYMBOLS USED IN COLUMN 16

AVERAGE MONTHLY: 60.8   TOTAL FOR MONTH:   1.63    1 = FOG OR MIST
DPTR FM NORMAL:   5.2   DPTR FM NORMAL:   -1.70    2 = FOG REDUCING VISIBILITY
HIGHEST:    87 ON 16    GRTST 24HR  0.47 ON 26-27      TO 1/4 MILE OR LESS
LOWEST:     34 ON 22                               3 = THUNDER
                        SNOW, ICE PELLETS, HAIL    4 = ICE PELLETS
                        TOTAL MONTH:    M          5 = HAIL
                        GRTST 24HR    M  ON   M    6 = FREEZING RAIN OR DRIZZLE
                        GRTST DEPTH:  M  ON   M    7 = DUSTSTORM OR SANDSTORM:
                                                       VSBY 1/2 MILE OR LESS
                                                   8 = SMOKE OR HAZE
[NO. OF DAYS WITH]      [WEATHER - DAYS WITH]      9 = BLOWING SNOW
                                                   X = TORNADO
MAX 32 OR BELOW:   0    0.01 INCH OR MORE:   8
MAX 90 OR ABOVE:   0    0.10 INCH OR MORE:   6
MIN 32 OR BELOW:   0    0.50 INCH OR MORE:   0
MIN  0 OR BELOW:   0    1.00 INCH OR MORE:   0

[HDD (BASE 65) ]
TOTAL THIS MO.   165    CLEAR  (SCALE 0-3)  18
DPTR FM NORMAL  -145    PTCLDY (SCALE 4-7)  11
TOTAL FM JUL 1  1825    CLOUDY (SCALE 8-10)  2
DPTR FM NORMAL  -551

[CDD (BASE 65) ]
TOTAL THIS MO.    48
DPTR FM NORMAL    30    [PRESSURE DATA]
TOTAL FM JAN 1    49    HIGHEST SLP 30.40 ON  7
DPTR FM NORMAL    25    LOWEST  SLP 29.74 ON 14

[REMARKS]
#FINAL-03-16#
