000
CXUS52 KILM 011000
CF6FLO
PRELIMINARY LOCAL CLIMATOLOGICAL DATA (WS FORM: F-6)

                                          STATION:   FLORENCE SOUTH  CAROLINA
                                          MONTH:     OCTOBER
                                          YEAR:      2016
                                          LATITUDE:   34 10 N
                                          LONGITUDE:  79 43 W

  TEMPERATURE IN F:       :PCPN:    SNOW:  WIND      :SUNSHINE: SKY     :PK WND
================================================================================
1   2   3   4   5  6A  6B    7    8   9   10  11  12  13   14  15   16   17  18
                                     12Z  AVG MX 2MIN
DY MAX MIN AVG DEP HDD CDD  WTR  SNW DPTH SPD SPD DIR MIN PSBL S-S WX    SPD DR
================================================================================

 1  86  58  72   3   0   7 0.00    M    M  2.0 13 200   M    M   1 1      17 240
 2  84  59  72   3   0   7 0.00    M    M  1.9  8 230   M    M   0        11 280
 3  84  59  72   4   0   7 0.00    M    M  3.5  9  40   M    M   0        14  40
 4  79  64  72   4   0   7 0.00    M    M 10.3 17  60   M    M   0        24  40
 5  73  63  68   0   0   3 0.00    M    M 11.2 18  40   M    M   7        23  40
 6  76  63  70   2   0   5    T    M    M 12.2 18  20   M    M   8 1      26  30
 7  81  68  75   8   0  10 1.02    M    M 11.4 22  30   M    M   9 1      27  40
 8  75  66  71   4   0   611.74    M    M 26.2 49 360   M    M  10 1      67 350
 9   M   M   M   M   M   M 0.01    M    M   M  20 320   M    M   M        27 320
10   M   M   M   M   M   M    M    M    M   M   8  50   M    M   M        10  30
11  70  49  60  -6   5   0 0.00    M    M  6.9 15  50   M    M   0        22  10
12  78  53  66   1   0   1 0.00    M    M  5.0 12  50   M    M   0        17  50
13  81  54  68   3   0   3 0.00    M    M  2.5 13 350   M    M   1 18     16 360
14  76  60  68   3   0   3 0.00    M    M  7.0 15  70   M    M   1        18  70
15  75  56  66   2   0   1 0.00    M    M  4.9 10  70   M    M   1        17 130
16  80  56  68   4   0   3 0.00    M    M  2.4  9  80   M    M   2        12  70
17  83  57  70   6   0   5 0.00    M    M  2.2  8 200   M    M   0        10 230
18  85  60  73   9   0   8 0.00    M    M  4.1 12 250   M    M   0 12     15 260
19  88  62  75  12   0  10 0.00    M    M  3.3 12 280   M    M   2        16 270
20  85  62  74  11   0   9 0.00    M    M  2.7 10 150   M    M   1 1      12 150
21  83  58  71   8   0   6 0.00    M    M  8.7 22 320   M    M   5 12     32 310
22  67  46  57  -5   8   0 0.00    M    M  9.2 20 340   M    M   0        25 340
23  72  39  56  -6   9   0 0.00    M    M  3.9  9 240   M    M   0        15 290
24  79  50  65   3   0   0 0.00    M    M  5.3 13  20   M    M   0        16 220
25  72  50  61  -1   4   0 0.00    M    M  6.2 16  40   M    M   0        19  50
26  73  44  59  -2   6   0 0.00    M    M  3.8  9 130   M    M   0        13  80
27  80  53  67   6   0   2 0.00    M    M  5.8 15 210   M    M   2        19 230
28  82  58  70   9   0   5 0.00    M    M  5.2 14 360   M    M   0 1      17 360
29  82  52  67   7   0   2 0.00    M    M  3.5  9 210   M    M   2 128    13 210
30  86  59  73  13   0   8 0.00    M    M  5.9 15 260   M    M   0 1      18 270
31  82  57  70  10   0   5 0.00    M    M  6.1 14  30   M    M   1 1      18  10
================================================================================
SM 2297 1635        32 123 12.77    M    183.3          M       53
================================================================================
AV 79.2 56.4                               6.3 FASTST   M    M   2    MAX(MPH)
                                 MISC ---->  # 49 360               # 67  350
================================================================================
NOTES:
# LAST OF SEVERAL OCCURRENCES

COLUMN 17 PEAK WIND IN M.P.H.

PRELIMINARY LOCAL CLIMATOLOGICAL DATA (WS FORM: F-6) , PAGE 2

                                          STATION:  FLORENCE SOUTH  CAROLINA
                                          MONTH:    OCTOBER
                                          YEAR:     2016
                                          LATITUDE:   34 10 N
                                          LONGITUDE:  79 43 W

[TEMPERATURE DATA]      [PRECIPITATION DATA]       SYMBOLS USED IN COLUMN 16

AVERAGE MONTHLY: 67.8   TOTAL FOR MONTH:  12.77    1 = FOG OR MIST
DPTR FM NORMAL:   3.5   DPTR FM NORMAL:    9.69    2 = FOG REDUCING VISIBILITY
HIGHEST:    88 ON 19    GRTST 24HR 11.74 ON  8- 8      TO 1/4 MILE OR LESS
LOWEST:     39 ON 23                               3 = THUNDER
                        SNOW, ICE PELLETS, HAIL    4 = ICE PELLETS
                        TOTAL MONTH:    M          5 = HAIL
                        GRTST 24HR    M  ON   M    6 = FREEZING RAIN OR DRIZZLE
                        GRTST DEPTH:  M  ON   M    7 = DUSTSTORM OR SANDSTORM:
                                                       VSBY 1/2 MILE OR LESS
                                                   8 = SMOKE OR HAZE
[NO. OF DAYS WITH]      [WEATHER - DAYS WITH]      9 = BLOWING SNOW
                                                   X = TORNADO
MAX 32 OR BELOW:   0    0.01 INCH OR MORE:   3
MAX 90 OR ABOVE:   0    0.10 INCH OR MORE:   2
MIN 32 OR BELOW:   0    0.50 INCH OR MORE:   2
MIN  0 OR BELOW:   0    1.00 INCH OR MORE:   2

[HDD (BASE 65) ]
TOTAL THIS MO.    32    CLEAR  (SCALE 0-3)  24
DPTR FM NORMAL   -76    PTCLDY (SCALE 4-7)   2
TOTAL FM JUL 1    32    CLOUDY (SCALE 8-10)  3
DPTR FM NORMAL   -85

[CDD (BASE 65) ]
TOTAL THIS MO.   123
DPTR FM NORMAL    37    [PRESSURE DATA]
TOTAL FM JAN 1  2564    HIGHEST SLP 30.41 ON 11
DPTR FM NORMAL   522    LOWEST  SLP 29.37 ON  8

[REMARKS]
#FINAL-10-16#
