000
CXUS52 KILM 011000
CF6FLO
PRELIMINARY LOCAL CLIMATOLOGICAL DATA (WS FORM: F-6)

                                          STATION:   FLORENCE SC
                                          MONTH:     JANUARY
                                          YEAR:      2015
                                          LATITUDE:   34 10 N
                                          LONGITUDE:  79 43 W

  TEMPERATURE IN F:       :PCPN:    SNOW:  WIND      :SUNSHINE: SKY     :PK WND
================================================================================
1   2   3   4   5  6A  6B    7    8   9   10  11  12  13   14  15   16   17  18
                                     12Z  AVG MX 2MIN
DY MAX MIN AVG DEP HDD CDD  WTR  SNW DPTH SPD SPD DIR MIN PSBL S-S WX    SPD DR
================================================================================

 1  56  29  43  -2  22   0 0.00    M    M  3.2 10 220   M    M   0 18     13 240
 2  58  45  52   7  13   0 0.03    M    M  3.4 10 320   M    M   7        13 320
 3  61  47  54   9  11   0 0.04    M    M  4.5  9  90   M    M   8 12     11  40
 4  76  60  68  23   0   3 0.10    M    M 12.7 23 270   M    M   8 12     35 260
 5  62  35  49   5  16   0 0.00    M    M  6.7 20 300   M    M   0 8      26 300
 6  62  31  47   3  18   0 0.00    M    M  6.4 24 260   M    M   0        30 250
 7  46  24  35  -9  30   0 0.00    M    M 10.8 26  10   M    M   3        34 350
 8  31  14  23 -21  42   0 0.00    M    M  8.3 23 350   M    M   0        30 350
 9  51  18  35  -9  30   0 0.00    M    M  7.4 20 250   M    M   3        28 270
10  46  27  37  -7  28   0 0.00    M    M  6.9 17  40   M    M   0        22  30
11  47  25  36  -8  29   0    T    M    M  6.0 10  50   M    M   6        13  50
12  53  42  48   3  17   0 1.05    M    M  3.9 18 360   M    M  10 123    22  10
13  51  37  44  -1  21   0 0.08    M    M 10.6 23  50   M    M  10 12     29  40
14  38  34  36  -9  29   0 0.00    M    M  9.2 16  40   M    M  10 1      20  50
15  43  35  39  -6  26   0 0.07    M    M  3.5  9  10   M    M  10 1      12 340
16  56  35  46   1  19   0 0.03    M    M  4.1 13 300   M    M   5 1      17 300
17  59  32  46   1  19   0 0.00    M    M  4.0 14  80   M    M   2 1      19 100
18  66  42  54   9  11   0 0.13    M    M  8.1 25 270   M    M   4 12     33 270
19  65  35  50   5  15   0 0.00    M    M  6.6 16 220   M    M   0        18 230
20  68  46  57  12   8   0 0.00    M    M  8.9 20 240   M    M   0        24 230
21  68  39  54   9  11   0 0.00    M    M  4.9 10 300   M    M   0        14 310
22  62  39  51   6  14   0 0.00    M    M  6.0 12  70   M    M   2 18     14 120
23  50  43  47   2  18   0 0.42    M    M  8.3 18  70   M    M  10 1      22  70
24  53  38  46   1  19   0 0.48    M    M  8.0 16 280   M    M   7 1      23 280
25  60  30  45   0  20   0 0.00    M    M  6.3 15 170   M    M   1        19 180
26  57  40  49   3  16   0    T    M    M  8.1 20 310   M    M   6        23 330
27  49  32  41  -5  24   0 0.00    M    M  9.0 20 350   M    M   2        25 350
28  49  28  39  -7  26   0 0.00    M    M  6.9 20 360   M    M   0        23 360
29  56  25  41  -5  24   0 0.00    M    M  5.4 15 210   M    M   2 18     19 220
30  54  36  45  -1  20   0 0.00    M    M 12.4 26 310   M    M   2        33 320
31  52  23  38  -8  27   0 0.00    M    M  4.4 10 360   M    M   0        13  10
================================================================================
SM 1705 1066       623   3  2.43    M    214.9          M      118
================================================================================
AV 55.0 34.4                               6.9 FASTST   M    M   4    MAX(MPH)
                                 MISC ---->  # 26  10               # 35  260
================================================================================
NOTES:
# LAST OF SEVERAL OCCURRENCES

COLUMN 17 PEAK WIND IN M.P.H.

PRELIMINARY LOCAL CLIMATOLOGICAL DATA (WS FORM: F-6) , PAGE 2

                                          STATION:  FLORENCE SC
                                          MONTH:    JANUARY
                                          YEAR:     2015
                                          LATITUDE:   34 10 N
                                          LONGITUDE:  79 43 W

[TEMPERATURE DATA]      [PRECIPITATION DATA]       SYMBOLS USED IN COLUMN 16

AVERAGE MONTHLY: 44.7   TOTAL FOR MONTH:   2.43    1 = FOG OR MIST
DPTR FM NORMAL:  -0.2   DPTR FM NORMAL:   -0.80    2 = FOG REDUCING VISIBILITY
HIGHEST:    76 ON  4    GRTST 24HR  1.05 ON 12-12      TO 1/4 MILE OR LESS
LOWEST:     14 ON  8                               3 = THUNDER
                        SNOW, ICE PELLETS, HAIL    4 = ICE PELLETS
                        TOTAL MONTH:    M          5 = HAIL
                        GRTST 24HR    M  ON   M    6 = FREEZING RAIN OR DRIZZLE
                        GRTST DEPTH:  M  ON   M    7 = DUSTSTORM OR SANDSTORM:
                                                       VSBY 1/2 MILE OR LESS
                                                   8 = SMOKE OR HAZE
[NO. OF DAYS WITH]      [WEATHER - DAYS WITH]      9 = BLOWING SNOW
                                                   X = TORNADO
MAX 32 OR BELOW:   1    0.01 INCH OR MORE:  10
MAX 90 OR ABOVE:   0    0.10 INCH OR MORE:   5
MIN 32 OR BELOW:  13    0.50 INCH OR MORE:   1
MIN  0 OR BELOW:   0    1.00 INCH OR MORE:   1

[HDD (BASE 65) ]
TOTAL THIS MO.   623    CLEAR  (SCALE 0-3)  18
DPTR FM NORMAL     0    PTCLDY (SCALE 4-7)   7
TOTAL FM JUL 1  1592    CLOUDY (SCALE 8-10)  6
DPTR FM NORMAL   -10

[CDD (BASE 65) ]
TOTAL THIS MO.     3
DPTR FM NORMAL     1    [PRESSURE DATA]
TOTAL FM JAN 1     3    HIGHEST SLP 30.68 ON  8
DPTR FM NORMAL     3    LOWEST  SLP 29.55 ON 24

[REMARKS]
#FINAL-01-15#
