000
CXUS52 KILM 011000
CF6FLO
PRELIMINARY LOCAL CLIMATOLOGICAL DATA (WS FORM: F-6)

                                          STATION:   FLORENCE SOUTH  CAROLINA
                                          MONTH:     JANUARY
                                          YEAR:      2017
                                          LATITUDE:   34 10 N
                                          LONGITUDE:  79 43 W

  TEMPERATURE IN F:       :PCPN:    SNOW:  WIND      :SUNSHINE: SKY     :PK WND
================================================================================
1   2   3   4   5  6A  6B    7    8   9   10  11  12  13   14  15   16   17  18
                                     12Z  AVG MX 2MIN
DY MAX MIN AVG DEP HDD CDD  WTR  SNW DPTH SPD SPD DIR MIN PSBL S-S WX    SPD DR
================================================================================

 1  58  44  51   6  14   0 0.06    M    M  3.4 10 120   M    M   9 1      14 100
 2  71  56  64  19   1   0 0.74    M    M  4.8 10  90   M    M  10 12     13 270
 3  72  57  65  20   0   0 0.65    M    M  8.3 18 250   M    M   6 12     25 250
 4  65  48  57  12   8   0 0.00    M    M  8.7 15 300   M    M   0        20 300
 5  56  37  47   3  18   0 0.00    M    M  5.4 12  90   M    M   3        16 100
 6  49  39  44   0  21   0 0.38    M    M  5.9 16 100   M    M   7 1      18 100
 7  39  25  32 -12  33   0 0.30    M    M 13.4 25 360   M    M   8 1      32 360
 8  34  19  27 -17  38   0 0.00    M    M  7.0 16 350   M    M   0        21 320
 9  38  18  28 -16  37   0 0.00    M    M  3.6  9  40   M    M   0        12  20
10  59  24  42  -2  23   0 0.00    M    M  4.4 13 160   M    M   0 1      17 140
11  70  41  56  12   9   0 0.00    M    M  5.0 13 210   M    M   4 12     16 210
12  75  51  63  18   2   0 0.00    M    M  7.8 20 220   M    M   3 12     25 230
13  78  51  65  20   0   0 0.00    M    M  4.2 14 270   M    M   0 12     18 260
14  63  45  54   9  11   0 0.00    M    M  5.3 15  50   M    M   2 1      19  60
15  70  43  57  12   8   0 0.00    M    M  3.5 10  80   M    M   2 12     13  70
16  54  50  52   7  13   0 0.00    M    M  4.6  9  50   M    M  10 12     11  50
17  69  52  61  16   4   0 0.00    M    M  3.7 14 190   M    M   6 12     16 190
18  79  48  64  19   1   0 0.00    M    M  9.7 20 240   M    M   1        27 290
19  69  43  56  11   9   0 0.00    M    M  4.2 10  30   M    M   0        15 280
20  75  50  63  18   2   0    T    M    M  4.2 15 260   M    M   5        21 250
21  69  54  62  17   3   0 0.34    M    M  6.9 31 150   M    M   6 12     37 150
22  65  59  62  17   3   0 0.44    M    M  9.2 20 110   M    M   8 1      26 110
23  62  48  55  10  10   0 0.35    M    M  8.3 25 220   M    M   5 1      34 220
24  67  40  54   9  11   0 0.00    M    M  7.9 18 310   M    M   1 1      23 270
25  75  39  57  12   8   0 0.00    M    M  6.5 18 210   M    M   0        24 220
26  73  47  60  14   5   0    T    M    M 13.2 33 260   M    M   2        43 250
27  56  31  44  -2  21   0 0.00    M    M  8.2 23 260   M    M   0        28 280
28  53  29  41  -5  24   0 0.00    M    M  8.3 17 240   M    M   0        23 270
29  57  36  47   1  18   0    T    M    M 12.0 25 240   M    M   3        32 240
30  52  32  42  -4  23   0 0.00    M    M 10.0 23 310   M    M   0        31 310
31  72  35  54   8  11   0 0.00    M    M 11.4 24 230   M    M   0        30 250
================================================================================
SM 1944 1291       389   0  3.26    M    219.0          M      101
================================================================================
AV 62.7 41.7                               7.1 FASTST   M    M   3    MAX(MPH)
                                 MISC ---->  # 33 260               # 43  250
================================================================================
NOTES:
# LAST OF SEVERAL OCCURRENCES

COLUMN 17 PEAK WIND IN M.P.H.

PRELIMINARY LOCAL CLIMATOLOGICAL DATA (WS FORM: F-6) , PAGE 2

                                          STATION:  FLORENCE SOUTH  CAROLINA
                                          MONTH:    JANUARY
                                          YEAR:     2017
                                          LATITUDE:   34 10 N
                                          LONGITUDE:  79 43 W

[TEMPERATURE DATA]      [PRECIPITATION DATA]       SYMBOLS USED IN COLUMN 16

AVERAGE MONTHLY: 52.2   TOTAL FOR MONTH:   3.26    1 = FOG OR MIST
DPTR FM NORMAL:   7.3   DPTR FM NORMAL:    0.03    2 = FOG REDUCING VISIBILITY
HIGHEST:    79 ON 18    GRTST 24HR  1.06 ON  2- 3      TO 1/4 MILE OR LESS
LOWEST:     18 ON  9                               3 = THUNDER
                        SNOW, ICE PELLETS, HAIL    4 = ICE PELLETS
                        TOTAL MONTH:    M          5 = HAIL
                        GRTST 24HR    M  ON   M    6 = FREEZING RAIN OR DRIZZLE
                        GRTST DEPTH:  M  ON   M    7 = DUSTSTORM OR SANDSTORM:
                                                       VSBY 1/2 MILE OR LESS
                                                   8 = SMOKE OR HAZE
[NO. OF DAYS WITH]      [WEATHER - DAYS WITH]      9 = BLOWING SNOW
                                                   X = TORNADO
MAX 32 OR BELOW:   0    0.01 INCH OR MORE:   8
MAX 90 OR ABOVE:   0    0.10 INCH OR MORE:   7
MIN 32 OR BELOW:   7    0.50 INCH OR MORE:   2
MIN  0 OR BELOW:   0    1.00 INCH OR MORE:   0

[HDD (BASE 65) ]
TOTAL THIS MO.   389    CLEAR  (SCALE 0-3)  17
DPTR FM NORMAL  -234    PTCLDY (SCALE 4-7)  11
TOTAL FM JUL 1  1197    CLOUDY (SCALE 8-10)  3
DPTR FM NORMAL  -405

[CDD (BASE 65) ]
TOTAL THIS MO.     0
DPTR FM NORMAL    -2    [PRESSURE DATA]
TOTAL FM JAN 1     0    HIGHEST SLP 30.83 ON  9
DPTR FM NORMAL     0    LOWEST  SLP 29.22 ON 23

[REMARKS]
#FINAL-01-17#
