000
CXUS52 KILM 011000
CF6FLO
PRELIMINARY LOCAL CLIMATOLOGICAL DATA (WS FORM: F-6)

                                          STATION:   FLORENCE SC
                                          MONTH:     APRIL
                                          YEAR:      2014
                                          LATITUDE:   34 10 N
                                          LONGITUDE:  79 43 W

  TEMPERATURE IN F:       :PCPN:    SNOW:  WIND      :SUNSHINE: SKY     :PK WND
================================================================================
1   2   3   4   5  6A  6B    7    8   9   10  11  12  13   14  15   16   17  18
                                     12Z  AVG MX 2MIN
DY MAX MIN AVG DEP HDD CDD  WTR  SNW DPTH SPD SPD DIR MIN PSBL S-S WX    SPD DR
================================================================================

 1  86  41  64   4   1   0 0.00    M    M  5.4 17 220   M    M   0 8      24 220
 2  87  51  69   9   0   4 0.00    M    M  8.2 17 220   M    M   0        23 200
 3  87  55  71  11   0   6 0.00    M    M  9.9 20 210   M    M   0        26 200
 4  87  61  74  14   0   9 0.00    M    M 12.4 26 230   M    M   0        35 230
 5  82  59  71  10   0   6 0.00    M    M  8.9 20 250   M    M   1        23 250
 6  61  55  58  -3   7   0 0.00    M    M  9.7 20  80   M    M   6        25  70
 7  67  55  61   0   4   0 0.86    M    M  7.0 18 340   M    M   9 1      22 340
 8  72  58  65   4   0   0 0.02    M    M  8.5 17 250   M    M   4        23 230
 9  72  47  60  -2   5   0 0.01    M    M  7.4 20 310   M    M   3 38     23 310
10  78  42  60  -2   5   0 0.00    M    M  5.9 18 240   M    M   0 18     25 210
11  80  48  64   2   1   0 0.00    M    M 10.2 22 250   M    M   1        27 230
12  82  53  68   6   0   3 0.00    M    M  6.1 14 180   M    M   0        18 210
13  83  54  69   6   0   4 0.00    M    M  6.4 18 150   M    M   3 128    22 160
14  79  59  69   6   0   4 0.04    M    M  8.7 18 150   M    M   4 1      23 140
15  76  44  60  -3   5   0 0.66    M    M 13.7 25 350   M    M   9 1      34  10
16  59  36  48 -15  17   0 0.00    M    M 11.2 22  30   M    M   0        32  30
17  68  37  53 -11  12   0 0.00    M    M  7.9 16  50   M    M   0        21  60
18  64  47  56  -8   9   0 0.99    M    M 11.1 25  60   M    M   7 1      34  50
19  56  50  53 -11  12   0 1.14    M    M 15.2 25  60   M    M  10 1      33  60
20  68  49  59  -5   6   0 0.10    M    M 13.5 23  30   M    M  10 1      32  20
21  76  50  63  -2   2   0 0.00    M    M  6.3 15  10   M    M   1 8      18 360
22  85  49  67   2   0   2    T    M    M  7.1 22 300   M    M   2 8      30 300
23  82  51  67   2   0   2 0.00    M    M  7.1 17 310   M    M   0 1      24 330
24  77  48  63  -2   2   0 0.00    M    M  7.3 16  70   M    M   0 8      20  90
25  86  55  71   5   0   6 0.00    M    M  9.2 26 240   M    M   3 18     33 230
26  82  55  69   3   0   4 0.00    M    M  7.5 15  20   M    M   0 8      21 360
27  87  52  70   4   0   5 0.00    M    M  5.0 14 250   M    M   0 8      16 260
28  89  66  78  12   0  13 0.00    M    M  8.0 18 220   M    M   2 18     23 190
29  87  65  76   9   0  11 0.00    M    M  8.9 22 180   M    M   1 18     28 170
30  82  68  75   8   0  10 0.65    M    M 10.6 30 240   M    M   6 1      37 240
================================================================================
SM 2327 1560        88  89  4.47    M    264.3          M       82
================================================================================
AV 77.6 52.0                               8.8 FASTST   M    M   3    MAX(MPH)
                                 MISC ---->  # 30 240               # 37  240
================================================================================
NOTES:
# LAST OF SEVERAL OCCURRENCES

COLUMN 17 PEAK WIND IN M.P.H.

PRELIMINARY LOCAL CLIMATOLOGICAL DATA (WS FORM: F-6) , PAGE 2

                                          STATION:  FLORENCE SC
                                          MONTH:    APRIL
                                          YEAR:     2014
                                          LATITUDE:   34 10 N
                                          LONGITUDE:  79 43 W

[TEMPERATURE DATA]      [PRECIPITATION DATA]       SYMBOLS USED IN COLUMN 16

AVERAGE MONTHLY: 64.8   TOTAL FOR MONTH:   4.47    1 = FOG OR MIST
DPTR FM NORMAL:   1.5   DPTR FM NORMAL:    1.85    2 = FOG REDUCING VISIBILITY
HIGHEST:    89 ON 28    GRTST 24HR  2.06 ON 18-19      TO 1/4 MILE OR LESS
LOWEST:     36 ON 16                               3 = THUNDER
                        SNOW, ICE PELLETS, HAIL    4 = ICE PELLETS
                        TOTAL MONTH:    M          5 = HAIL
                        GRTST 24HR    M  ON   M    6 = FREEZING RAIN OR DRIZZLE
                        GRTST DEPTH:  M  ON   M    7 = DUSTSTORM OR SANDSTORM:
                                                       VSBY 1/2 MILE OR LESS
                                                   8 = SMOKE OR HAZE
[NO. OF DAYS WITH]      [WEATHER - DAYS WITH]      9 = BLOWING SNOW
                                                   X = TORNADO
MAX 32 OR BELOW:   0    0.01 INCH OR MORE:   9
MAX 90 OR ABOVE:   0    0.10 INCH OR MORE:   6
MIN 32 OR BELOW:   0    0.50 INCH OR MORE:   5
MIN  0 OR BELOW:   0    1.00 INCH OR MORE:   1

[HDD (BASE 65) ]
TOTAL THIS MO.    88    CLEAR  (SCALE 0-3)  20
DPTR FM NORMAL   -36    PTCLDY (SCALE 4-7)   6
TOTAL FM JUL 1  2660    CLOUDY (SCALE 8-10)  4
DPTR FM NORMAL   160

[CDD (BASE 65) ]
TOTAL THIS MO.    89
DPTR FM NORMAL    17    [PRESSURE DATA]
TOTAL FM JAN 1    99    HIGHEST SLP 30.50 ON 17
DPTR FM NORMAL     3    LOWEST  SLP 29.59 ON  8

[REMARKS]
#FINAL-04-14#
