000
CXUS52 KILM 011000
CF6FLO
PRELIMINARY LOCAL CLIMATOLOGICAL DATA (WS FORM: F-6)

                                          STATION:   FLORENCE SC
                                          MONTH:     JANUARY
                                          YEAR:      2014
                                          LATITUDE:   34 10 N
                                          LONGITUDE:  79 43 W

  TEMPERATURE IN F:       :PCPN:    SNOW:  WIND      :SUNSHINE: SKY     :PK WND
================================================================================
1   2   3   4   5  6A  6B    7    8   9   10  11  12  13   14  15   16   17  18
                                     12Z  AVG MX 2MIN
DY MAX MIN AVG DEP HDD CDD  WTR  SNW DPTH SPD SPD DIR MIN PSBL S-S WX    SPD DR
================================================================================

 1  51  33  42  -3  23   0 0.03    M    M  1.9  8 100   M    M   4 1      10  80
 2  53  45  49   4  16   0 0.50    M    M  4.1 20 290   M    M   8 1      26 300
 3  49  24  37  -8  28   0 0.00    M    M 13.2 28 320   M    M   2        39 310
 4  39  24  32 -13  33   0 0.00    M    M  6.2 12  60   M    M   7        14  70
 5  58  38  48   4  17   0 0.02    M    M  4.1 12 250   M    M  10 18     14 250
 6  62  24  43  -1  22   0 0.03    M    M 14.9 25 280   M    M   6 12     36 290
 7  29  14  22 -22  43   0 0.00    M    M  4.6 16 340   M    M   0        22 350
 8  46  15  31 -13  34   0 0.00    M    M  1.6  8 120   M    M   0 18     10  60
 9  59  24  42  -2  23   0    T    M    M  4.9 12  60   M    M   5        17  70
10  72  47  60  16   5   0 0.14    M    M  5.2 20 170   M    M   9 12     26 160
11  73  55  64  20   1   0 1.07    M    M 10.2 25 310   M    M   9 123    38 320
12  61  37  49   4  16   0 0.00    M    M  5.6 14 280   M    M   0 18     20 280
13  64  32  48   3  17   0 0.00    M    M  3.5 15 220   M    M   1        17 220
14  58  38  48   3  17   0 0.22    M    M  3.3 15 250   M    M   8 12     21 250
15  62  34  48   3  17   0 0.00    M    M  4.6 18 330   M    M   3 12     23 330
16  50  30  40  -5  25   0 0.00    M    M  6.1 14 320   M    M   4        20 320
17  58  28  43  -2  22   0 0.00    M    M  6.7 18 300   M    M   1        26 300
18  48  28  38  -7  27   0 0.00    M    M  9.8 22 300   M    M   0        30 270
19  59  31  45   0  20   0    T    M    M  8.1 20 260   M    M   3        25 270
20  69  30  50   5  15   0 0.00    M    M  8.2 20 230   M    M   0        25 240
21  65  38  52   7  13   0    T    M    M 11.9 31 320   M    M   3        45 320
22  41  22  32 -13  33   0 0.00    M    M  7.0 17  10   M    M   3        23  20
23  44  21  33 -12  32   0 0.00    M    M  4.6 15 360   M    M   0 8      17 360
24  31  13  22 -23  43   0 0.00    M    M  8.6 20 350   M    M   1        26  10
25  51  12  32 -13  33   0 0.00    M    M 11.7 26 240   M    M   3        36 230
26  56  28  42  -4  23   0 0.00    M    M  7.8 17 220   M    M   0        23 260
27  70  43  57  11   8   0 0.00    M    M  8.4 17 210   M    M   1        23 190
28  51  26  39  -7  26   0 0.28    M    M 11.9 22  50   M    M   7 146    30  50
29  29  19  24 -22  41   0 0.07    M    M  6.7 17  20   M    M   4 16     20  10
30  39  14  27 -19  38   0 0.00    M    M  4.8 14  60   M    M   3         M  M
31  57  22  40  -6  25   0 0.00    M    M  1.2  8 350   M    M   1 8       9 170
================================================================================
SM 1654  889       736   0  2.36    M    211.4          M      106
================================================================================
AV 53.4 28.7                               6.8 FASTST   M    M   3    MAX(MPH)
                                 MISC ---->  # 31 320               # 45  320
================================================================================
NOTES:
# LAST OF SEVERAL OCCURRENCES

COLUMN 17 PEAK WIND IN M.P.H.

PRELIMINARY LOCAL CLIMATOLOGICAL DATA (WS FORM: F-6) , PAGE 2

                                          STATION:  FLORENCE SC
                                          MONTH:    JANUARY
                                          YEAR:     2014
                                          LATITUDE:   34 10 N
                                          LONGITUDE:  79 43 W

[TEMPERATURE DATA]      [PRECIPITATION DATA]       SYMBOLS USED IN COLUMN 16

AVERAGE MONTHLY: 41.0   TOTAL FOR MONTH:   2.36    1 = FOG OR MIST
DPTR FM NORMAL:  -3.9   DPTR FM NORMAL:   -0.87    2 = FOG REDUCING VISIBILITY
HIGHEST:    73 ON 11    GRTST 24HR  1.08 ON 10-11      TO 1/4 MILE OR LESS
LOWEST:     12 ON 25                               3 = THUNDER
                        SNOW, ICE PELLETS, HAIL    4 = ICE PELLETS
                        TOTAL MONTH:    M          5 = HAIL
                        GRTST 24HR    M  ON   M    6 = FREEZING RAIN OR DRIZZLE
                        GRTST DEPTH:  M  ON   M    7 = DUSTSTORM OR SANDSTORM:
                                                       VSBY 1/2 MILE OR LESS
                                                   8 = SMOKE OR HAZE
[NO. OF DAYS WITH]      [WEATHER - DAYS WITH]      9 = BLOWING SNOW
                                                   X = TORNADO
MAX 32 OR BELOW:   3    0.01 INCH OR MORE:   9
MAX 90 OR ABOVE:   0    0.10 INCH OR MORE:   5
MIN 32 OR BELOW:  21    0.50 INCH OR MORE:   2
MIN  0 OR BELOW:   0    1.00 INCH OR MORE:   1

[HDD (BASE 65) ]
TOTAL THIS MO.   736    CLEAR  (SCALE 0-3)  18
DPTR FM NORMAL   113    PTCLDY (SCALE 4-7)  10
TOTAL FM JUL 1  1648    CLOUDY (SCALE 8-10)  3
DPTR FM NORMAL    46

[CDD (BASE 65) ]
TOTAL THIS MO.     0
DPTR FM NORMAL    -2    [PRESSURE DATA]
TOTAL FM JAN 1     0    HIGHEST SLP 30.63 ON 24
DPTR FM NORMAL     0    LOWEST  SLP 29.50 ON 21

[REMARKS]
#FINAL-01-14#
