000
CXUS52 KILM 011000
CF6FLO
PRELIMINARY LOCAL CLIMATOLOGICAL DATA (WS FORM: F-6)

                                          STATION:   FLORENCE SOUTH  CAROLINA
                                          MONTH:     AUGUST
                                          YEAR:      2017
                                          LATITUDE:   34 10 N
                                          LONGITUDE:  79 43 W

  TEMPERATURE IN F:       :PCPN:    SNOW:  WIND      :SUNSHINE: SKY     :PK WND
================================================================================
1   2   3   4   5  6A  6B    7    8   9   10  11  12  13   14  15   16   17  18
                                     12Z  AVG MX 2MIN
DY MAX MIN AVG DEP HDD CDD  WTR  SNW DPTH SPD SPD DIR MIN PSBL S-S WX    SPD DR
================================================================================

 1  87  60  74  -7   0   9 0.00    M    M  4.7 14  70   M    M   0 8      21  60
 2  89  65  77  -4   0  12 0.00    M    M  2.5  9 130   M    M   0        15 130
 3  85  67  76  -5   0  11 0.00    M    M  3.9 14 130   M    M   1        17 150
 4  87  73  80  -1   0  15 0.01    M    M  7.4 29 210   M    M   4        41 210
 5  89  73  81   0   0  16    T    M    M  6.3 21  20   M    M   5 3      27  20
 6  92  72  82   1   0  17 0.51    M    M  5.4 15  20   M    M   4 13     19  30
 7  91  72  82   1   0  17 0.06    M    M  9.1 22 200   M    M   2 13     31 210
 8  85  72  79  -2   0  14 0.46    M    M  5.8 14 340   M    M   8 1      19 340
 9  76  70  73  -8   0   8 0.04    M    M  5.8 14  30   M    M   9 1      16  40
10  82  69  76  -5   0  11 0.00    M    M  5.5 10  70   M    M   8        14  20
11  89  72  81   1   0  16    T    M    M  4.6 18 160   M    M   6 123    22 160
12  91  74  83   3   0  18 0.49    M    M  5.5 20 170   M    M   4 13     25 180
13  91  76  84   4   0  19    T    M    M  4.0 14  50   M    M   4 13     16 110
14  92  76  84   4   0  19 0.00    M    M  3.9 14 140   M    M   6 12     17 160
15  93  75  84   4   0  19 0.00    M    M  3.9 14 220   M    M   3 3      17 230
16  93  76  85   5   0  20 0.01    M    M  3.6 15 120   M    M   3 3      19 130
17  95  75  85   5   0  20 0.00    M    M  4.5 20 260   M    M   0 13     23 250
18  95  77  86   6   0  21 0.00    M    M  7.8 15 210   M    M   1        20 210
19  95  77  86   6   0  21    T    M    M  5.5 16 260   M    M   3        20 250
20  94  73  84   4   0  19 0.00    M    M  3.4 10 140   M    M   1 12     13 130
21  92  74  83   3   0  18 0.00    M    M  4.3 15 160   M    M   2 1      19 140
22  91  74  83   3   0  18 0.00    M    M  5.1 17 180   M    M   2 1      21 160
23  96  72  84   5   0  19 1.36    M    M  7.9 35 250   M    M   3 13     46 240
24  86  71  79   0   0  14 0.04    M    M  5.9 20 360   M    M   8 13     24 360
25  86  72  79   0   0  14 0.00    M    M  7.0 15  60   M    M   5        23  70
26  87  70  79   0   0  14 0.00    M    M  8.7 18  50   M    M   1        22  40
27  85  66  76  -3   0  11 0.00    M    M 11.5 22  70   M    M   0        27  70
28  78  64  71  -8   0   6 0.12    M    M 12.8 21  40   M    M   7 1      27  40
29  81  64  73  -6   0   8 0.02    M    M 10.8 18  20   M    M   8 1      24 360
30  84  65  75  -3   0  10 0.00    M    M  5.5 10 210   M    M   2 8      12 200
31  85  70  78   0   0  13 0.43    M    M  5.6 26 340   M    M   5 13     35 340
================================================================================
SM 2742 2206         0 467  3.55    M    188.2          M      115
================================================================================
AV 88.5 71.2                               6.1 FASTST   M    M   4    MAX(MPH)
                                 MISC ---->  # 35 250               # 46  240
================================================================================
NOTES:
# LAST OF SEVERAL OCCURRENCES

COLUMN 17 PEAK WIND IN M.P.H.

PRELIMINARY LOCAL CLIMATOLOGICAL DATA (WS FORM: F-6) , PAGE 2

                                          STATION:  FLORENCE SOUTH  CAROLINA
                                          MONTH:    AUGUST
                                          YEAR:     2017
                                          LATITUDE:   34 10 N
                                          LONGITUDE:  79 43 W

[TEMPERATURE DATA]      [PRECIPITATION DATA]       SYMBOLS USED IN COLUMN 16

AVERAGE MONTHLY: 79.8   TOTAL FOR MONTH:   3.55    1 = FOG OR MIST
DPTR FM NORMAL:  -0.1   DPTR FM NORMAL:   -1.69    2 = FOG REDUCING VISIBILITY
HIGHEST:    96 ON 23    GRTST 24HR  1.36 ON 23-23      TO 1/4 MILE OR LESS
LOWEST:     60 ON  1                               3 = THUNDER
                        SNOW, ICE PELLETS, HAIL    4 = ICE PELLETS
                        TOTAL MONTH:    M          5 = HAIL
                        GRTST 24HR    M  ON   M    6 = FREEZING RAIN OR DRIZZLE
                        GRTST DEPTH:  M  ON   M    7 = DUSTSTORM OR SANDSTORM:
                                                       VSBY 1/2 MILE OR LESS
                                                   8 = SMOKE OR HAZE
[NO. OF DAYS WITH]      [WEATHER - DAYS WITH]      9 = BLOWING SNOW
                                                   X = TORNADO
MAX 32 OR BELOW:   0    0.01 INCH OR MORE:  12
MAX 90 OR ABOVE:  14    0.10 INCH OR MORE:   6
MIN 32 OR BELOW:   0    0.50 INCH OR MORE:   2
MIN  0 OR BELOW:   0    1.00 INCH OR MORE:   1

[HDD (BASE 65) ]
TOTAL THIS MO.     0    CLEAR  (SCALE 0-3)  15
DPTR FM NORMAL     0    PTCLDY (SCALE 4-7)  13
TOTAL FM JUL 1     0    CLOUDY (SCALE 8-10)  3
DPTR FM NORMAL     0

[CDD (BASE 65) ]
TOTAL THIS MO.   467
DPTR FM NORMAL     3    [PRESSURE DATA]
TOTAL FM JAN 1  1782    HIGHEST SLP 30.21 ON 10
DPTR FM NORMAL   112    LOWEST  SLP 29.77 ON 23

[REMARKS]
#FINAL-08-17#
