000
CXUS52 KILM 042126
CF6FLO
PRELIMINARY LOCAL CLIMATOLOGICAL DATA (WS FORM: F-6)

                                          STATION:   FLORENCE SC
                                          MONTH:     JUNE
                                          YEAR:      2014
                                          LATITUDE:   34 10 N
                                          LONGITUDE:  79 43 W

  TEMPERATURE IN F:       :PCPN:    SNOW:  WIND      :SUNSHINE: SKY     :PK WND
================================================================================
1   2   3   4   5  6A  6B    7    8   9   10  11  12  13   14  15   16   17  18
                                     12Z  AVG MX 2MIN
DY MAX MIN AVG DEP HDD CDD  WTR  SNW DPTH SPD SPD DIR MIN PSBL S-S WX    SPD DR
================================================================================

 1  82  59  71  -4   0   6 0.00    M    M  7.5 17  50   M    M   0        22  50
 2  84  56  70  -5   0   5 0.00    M    M  4.6 12 180   M    M   0        13 170
 3  89  66  78   2   0  13 0.00    M    M  6.2 14 250   M    M   2        17 240
 4  94  67  81   5   0  16 0.00    M    M  7.0 15 210   M    M   1        21 210
 5  96  73  85   9   0  20 0.12    M    M  9.5 21 270   M    M   2 3      27 300
 6  88  71  80   4   0  15 0.00    M    M  4.4 12 130   M    M   2 1      17  30
 7  89  66  78   1   0  13 0.00    M    M  6.3 15 100   M    M   5 1      19 140
 8  89  63  76  -1   0  11    T    M    M  7.4 18 180   M    M   3 1      27 190
 9  95  70  83   6   0  18 0.00    M    M  5.3 15 260   M    M   4 12     18 220
10  96  73  85   8   0  20 0.00    M    M  6.4 14 190   M    M   1        19 210
11  94  71  83   5   0  18 0.03    M    M  6.2 23 140   M    M   2 3      29 140
12  91  69  80   2   0  15 0.01    M    M  6.6 18 190   M    M   4 1      23 220
13  91  69  80   2   0  15    T    M    M  8.1 18 230   M    M   2        22 270
14  93  70  82   4   0  17 0.00    M    M  4.6 14 260   M    M   1        20 250
15  93  72  83   5   0  18 0.00    M    M  7.2 16 160   M    M   3 1      19 160
16  97  66  82   4   0  17 0.00    M    M  4.4 15 170   M    M   2 12     18 180
17  97  69  83   4   0  18 0.00    M    M  6.5 14 180   M    M   0 1      19 200
18  96  69  83   4   0  18 0.00    M    M  6.6 15 170   M    M   0        20 160
19  97  72  85   6   0  20 0.00    M    M  7.6 15 230   M    M   0        22 200
20  98  72  85   6   0  20 0.00    M    M  6.5 14 190   M    M   2        18 200
21  97  71  84   5   0  19 0.22    M    M  4.9 17 280   M    M   3 13     24 360
22  91  70  81   1   0  16 0.00    M    M  6.0 14  60   M    M   1 1      20  20
23  92  71  82   2   0  17 0.00    M    M  7.5 16 180   M    M   3 1      23 170
24  86  72  79  -1   0  14 0.29    M    M  6.7 18 140   M    M   5 1      23 130
25  94  73  84   4   0  19 0.03    M    M  8.6 20 250   M    M   4 1      26 230
26  96  73  85   5   0  20    T    M    M  4.9 20 100   M    M   3 3      24 100
27  91  73  82   2   0  17 0.28    M    M  6.1 20 120   M    M   2 1      25 120
28  90  73  82   2   0  17    T    M    M  8.1 24  90   M    M   7 1      31  90
29  91  69  80   0   0  15 0.00    M    M  6.0 12 100   M    M   0        16  30
30  92  67  80   0   0  15    T    M    M  3.9 12 150   M    M   3        16 170
================================================================================
SM 2769 2075         0 482  0.98    M    191.6          M       67
================================================================================
AV 92.3 69.2                               6.4 FASTST   M    M   2    MAX(MPH)
                                 MISC ---->  # 24  90               # 31   90
================================================================================
NOTES:
# LAST OF SEVERAL OCCURRENCES

COLUMN 17 PEAK WIND IN M.P.H.

PRELIMINARY LOCAL CLIMATOLOGICAL DATA (WS FORM: F-6) , PAGE 2

                                          STATION:  FLORENCE SC
                                          MONTH:    JUNE
                                          YEAR:     2014
                                          LATITUDE:   34 10 N
                                          LONGITUDE:  79 43 W

[TEMPERATURE DATA]      [PRECIPITATION DATA]       SYMBOLS USED IN COLUMN 16

AVERAGE MONTHLY: 80.7   TOTAL FOR MONTH:   0.98    1 = FOG OR MIST
DPTR FM NORMAL:   2.5   DPTR FM NORMAL:   -3.64    2 = FOG REDUCING VISIBILITY
HIGHEST:    98 ON 20    GRTST 24HR  0.32 ON 24-25      TO 1/4 MILE OR LESS
LOWEST:     56 ON  2                               3 = THUNDER
                        SNOW, ICE PELLETS, HAIL    4 = ICE PELLETS
                        TOTAL MONTH:    M          5 = HAIL
                        GRTST 24HR    M  ON   M    6 = FREEZING RAIN OR DRIZZLE
                        GRTST DEPTH:  M  ON   M    7 = DUSTSTORM OR SANDSTORM:
                                                       VSBY 1/2 MILE OR LESS
                                                   8 = SMOKE OR HAZE
[NO. OF DAYS WITH]      [WEATHER - DAYS WITH]      9 = BLOWING SNOW
                                                   X = TORNADO
MAX 32 OR BELOW:   0    0.01 INCH OR MORE:   7
MAX 90 OR ABOVE:  23    0.10 INCH OR MORE:   4
MIN 32 OR BELOW:   0    0.50 INCH OR MORE:   0
MIN  0 OR BELOW:   0    1.00 INCH OR MORE:   0

[HDD (BASE 65) ]
TOTAL THIS MO.     0    CLEAR  (SCALE 0-3)  24
DPTR FM NORMAL    -1    PTCLDY (SCALE 4-7)   6
TOTAL FM JUL 1  2669    CLOUDY (SCALE 8-10)  0
DPTR FM NORMAL   145

[CDD (BASE 65) ]
TOTAL THIS MO.   482
DPTR FM NORMAL    85    [PRESSURE DATA]
TOTAL FM JAN 1   864    HIGHEST SLP 30.30 ON  1
DPTR FM NORMAL   160    LOWEST  SLP 29.71 ON  5

[REMARKS]
CORRECTED ERRONEOUS SNOWFALL/SNOW DEPTH ON JUNE 27TH
#FINAL-06-14#
