000
CXUS52 KILM 191759
CF6FLO
PRELIMINARY LOCAL CLIMATOLOGICAL DATA (WS FORM: F-6)

                                          STATION:   FLORENCE SOUTH  CAROLINA
                                          MONTH:     JUNE
                                          YEAR:      2017
                                          LATITUDE:   34 10 N
                                          LONGITUDE:  79 43 W

  TEMPERATURE IN F:       :PCPN:    SNOW:  WIND      :SUNSHINE: SKY     :PK WND
================================================================================
1   2   3   4   5  6A  6B    7    8   9   10  11  12  13   14  15   16   17  18
                                     12Z  AVG MX 2MIN
DY MAX MIN AVG DEP HDD CDD  WTR  SNW DPTH SPD SPD DIR MIN PSBL S-S WX    SPD DR
================================================================================

 1  86  66  76   1   0  11 0.00    M    M  4.1 10 220   M    M   1        13 210
 2  90  71  81   6   0  16 0.00    M    M  5.5 12 360   M    M   1        14  20
 3  91  66  79   3   0  14 0.24    M    M  4.6 15 170   M    M   4 13     19 220
 4  89  67  78   2   0  13 0.00    M    M  5.3 17 170   M    M   1 1      21 140
 5  88  71  80   4   0  15 0.66    M    M  8.6 20 180   M    M   4 13     27 180
 6  83  72  78   2   0  13 0.03    M    M  5.8 12  10   M    M   6 1      14  10
 7  73  65  69  -8   0   4 0.03    M    M  9.1 18  90   M    M   5 1      23  90
 8  79  59  69  -8   0   4 0.01    M    M  9.2 20  50   M    M   5        25  20
 9  84  56  70  -7   0   5 0.00    M    M  5.2 13 260   M    M   3        19 260
10  88  65  77   0   0  12 0.00    M    M  5.6 16 180   M    M   3        20 170
11  89  64  77  -1   0  12 0.00    M    M  3.3 13 180   M    M   1 12     16 190
12  88  64  76  -2   0  11 0.00    M    M  3.3 13 160   M    M   0        15 160
13  87  64  76  -2   0  11 0.00    M    M  3.4 13 220   M    M   0        17 200
14  92  67  80   2   0  15    T    M    M  5.8 21 340   M    M   2 38     27 350
15  95  70  83   5   0  18 0.63    M    M  4.6 26 110   M    M   2 13     31 110
16  89  69  79   1   0  14 0.21    M    M  4.8 16 210   M    M   4 13     20 200
17  88  73  81   2   0  16 0.04    M    M  6.0 21 170   M    M   4 38     24 170
18   M   M   M   M   M   M 0.01    M    M  8.8 15 160   M    M   2        20 160
19  90  73  82   3   0  17 0.14    M    M  9.2 24 170   M    M   5 13     30 160
20  81  71  76  -3   0  11 1.25    M    M  6.1 13 220   M    M   6 1      15 120
21  83  70  77  -2   0  12 0.07    M    M  3.9 12 310   M    M   7 1      16 320
22  87  73  80   0   0  15 0.00    M    M  5.1 14  20   M    M   5 1      16  10
23  92  75  84   4   0  19 0.00    M    M 10.6 18 200   M    M   5        25 190
24  92  75  84   4   0  19    T    M    M 11.1 21 230   M    M   2 3      30 240
25  88  74  81   1   0  16    T    M    M  4.9 12 180   M    M   6 1      13 200
26  87  69  78  -2   0  13 0.00    M    M  5.5 15  40   M    M   3        19  50
27  87  65  76  -4   0  11 0.00    M    M  4.6 13  10   M    M   1        15  10
28  87  63  75  -5   0  10 0.00    M    M  6.6 15  90   M    M   0        21  90
29  90  61  76  -4   0  11 0.00    M    M  5.4 13 170   M    M   0         M  M
30  82  70  76  -4   0  11 0.92    M    M  5.5 23 270   M    M   6 18     27 270
================================================================================
SM 2525 1968         0 369  4.24    M    181.5          M       94
================================================================================
AV 87.1 67.9                               6.1 FASTST   M    M   3    MAX(MPH)
                                 MISC ---->  # 26 110               # 31  110
================================================================================
NOTES:
# LAST OF SEVERAL OCCURRENCES

COLUMN 17 PEAK WIND IN M.P.H.

PRELIMINARY LOCAL CLIMATOLOGICAL DATA (WS FORM: F-6) , PAGE 2

                                          STATION:  FLORENCE SOUTH  CAROLINA
                                          MONTH:    JUNE
                                          YEAR:     2017
                                          LATITUDE:   34 10 N
                                          LONGITUDE:  79 43 W

[TEMPERATURE DATA]      [PRECIPITATION DATA]       SYMBOLS USED IN COLUMN 16

AVERAGE MONTHLY: 77.5   TOTAL FOR MONTH:   4.24    1 = FOG OR MIST
DPTR FM NORMAL:  -0.7   DPTR FM NORMAL:   -0.38    2 = FOG REDUCING VISIBILITY
HIGHEST:    95 ON 15    GRTST 24HR  1.25 ON 20-20      TO 1/4 MILE OR LESS
LOWEST:     56 ON  9                               3 = THUNDER
                        SNOW, ICE PELLETS, HAIL    4 = ICE PELLETS
                        TOTAL MONTH:    M          5 = HAIL
                        GRTST 24HR    M  ON   M    6 = FREEZING RAIN OR DRIZZLE
                        GRTST DEPTH:  M  ON   M    7 = DUSTSTORM OR SANDSTORM:
                                                       VSBY 1/2 MILE OR LESS
                                                   8 = SMOKE OR HAZE
[NO. OF DAYS WITH]      [WEATHER - DAYS WITH]      9 = BLOWING SNOW
                                                   X = TORNADO
MAX 32 OR BELOW:   0    0.01 INCH OR MORE:  13
MAX 90 OR ABOVE:   8    0.10 INCH OR MORE:   7
MIN 32 OR BELOW:   0    0.50 INCH OR MORE:   4
MIN  0 OR BELOW:   0    1.00 INCH OR MORE:   1

[HDD (BASE 65) ]
TOTAL THIS MO.     0    CLEAR  (SCALE 0-3)  16
DPTR FM NORMAL    -1    PTCLDY (SCALE 4-7)  14
TOTAL FM JUL 1  1836    CLOUDY (SCALE 8-10)  0
DPTR FM NORMAL  -688

[CDD (BASE 65) ]
TOTAL THIS MO.   369
DPTR FM NORMAL   -28    [PRESSURE DATA]
TOTAL FM JAN 1   800    HIGHEST SLP 30.24 ON 11
DPTR FM NORMAL    96    LOWEST  SLP 29.69 ON  5

[REMARKS]
CORRECTED MAX/MIN TEMPS ON JUNE 30TH
#FINAL-06-17#
