000
CXUS52 KILM 011000
CF6FLO
PRELIMINARY LOCAL CLIMATOLOGICAL DATA (WS FORM: F-6)

                                          STATION:   FLORENCE SC
                                          MONTH:     APRIL
                                          YEAR:      2015
                                          LATITUDE:   34 10 N
                                          LONGITUDE:  79 43 W

  TEMPERATURE IN F:       :PCPN:    SNOW:  WIND      :SUNSHINE: SKY     :PK WND
================================================================================
1   2   3   4   5  6A  6B    7    8   9   10  11  12  13   14  15   16   17  18
                                     12Z  AVG MX 2MIN
DY MAX MIN AVG DEP HDD CDD  WTR  SNW DPTH SPD SPD DIR MIN PSBL S-S WX    SPD DR
================================================================================

 1  74  52  63   3   2   0 0.00    M    M  9.2 18  50   M    M   0        23  60
 2  78  44  61   1   4   0 0.00    M    M  8.7 18 180   M    M   2        25 180
 3  85  58  72  12   0   7    T    M    M 11.7 23 220   M    M   4        32 210
 4  73  50  62   2   3   0 0.01    M    M 12.7 24 350   M    M   2        29 360
 5  72  40  56  -5   9   0 0.00    M    M  8.8 18 160   M    M   3        23 160
 6  80  55  68   7   0   3 0.00    M    M  8.3 17 150   M    M   2        23 130
 7  79  60  70   9   0   5 0.14    M    M  4.0 10 160   M    M   6 13     13 160
 8  88  63  76  15   0  11 0.09    M    M  6.9 16 230   M    M   2 138    26 270
 9  91  66  79  17   0  14 0.00    M    M  9.3 18 200   M    M   1 3      24 200
10  87  66  77  15   0  12 0.02    M    M 10.7 21 240   M    M   2 3      27 200
11  79  57  68   6   0   3 0.07    M    M  5.7 16  20   M    M   3 1      22  20
12  77  52  65   3   0   0 0.00    M    M  8.3 17 130   M    M   1        23 100
13  77  59  68   5   0   3    T    M    M  9.4 18 110   M    M   8 1      22 110
14  82  67  75  12   0  10    T    M    M  7.7 18 220   M    M   7 1      23 220
15  73  54  64   1   1   0 0.87    M    M 11.8 22  60   M    M   8 1      28  70
16  64  51  58  -5   7   0    T    M    M  7.9 15  50   M    M  10 18     19  50
17  74  60  67   3   0   2 0.04    M    M  3.7 10 360   M    M   9 12     14 340
18  78  65  72   8   0   7 1.04    M    M  5.0 10 120   M    M   8 1      14  80
19  73  64  69   5   0   4 0.66    M    M  6.9 32 200   M    M   9 13     40 190
20  79  64  72   8   0   7 0.00    M    M 10.5 20 220   M    M   4        26 200
21  76  56  66   1   0   1 0.00    M    M  7.4 20 240   M    M   0        25 250
22  81  48  65   0   0   0 0.00    M    M  9.2 24 240   M    M   0        32 260
23  76  56  66   1   0   1 0.00    M    M  6.5 16 270   M    M   1        21 280
24  73  46  60  -5   5   0 0.00    M    M  6.7 16  10   M    M   0        21  20
25  71  56  64  -2   1   0 0.18    M    M  6.4 13 160   M    M   7 1      17 230
26  68  53  61  -5   4   0 0.03    M    M  9.0 17  30   M    M   9 12     21  40
27  73  48  61  -5   4   0 0.00    M    M  6.4 16 320   M    M   3 18     22 310
28  72  46  59  -7   6   0 0.00    M    M  5.1 14  10   M    M   0        18  60
29  63  52  58  -9   7   0 0.25    M    M  4.7 15  80   M    M   5 1      17  80
30  76   M   M   M   M   M 0.00    M    M  5.9 14 310   M    M   2 12     19 320
================================================================================
SM 2292 1608        53  90  3.40    M    234.5          M      118
================================================================================
AV 76.4 55.4                               7.8 FASTST   M    M   4    MAX(MPH)
                                 MISC ---->  # 32 200               # 40  190
================================================================================
NOTES:
# LAST OF SEVERAL OCCURRENCES

COLUMN 17 PEAK WIND IN M.P.H.

PRELIMINARY LOCAL CLIMATOLOGICAL DATA (WS FORM: F-6) , PAGE 2

                                          STATION:  FLORENCE SC
                                          MONTH:    APRIL
                                          YEAR:     2015
                                          LATITUDE:   34 10 N
                                          LONGITUDE:  79 43 W

[TEMPERATURE DATA]      [PRECIPITATION DATA]       SYMBOLS USED IN COLUMN 16

AVERAGE MONTHLY: 65.9   TOTAL FOR MONTH:   3.40    1 = FOG OR MIST
DPTR FM NORMAL:   2.6   DPTR FM NORMAL:    0.78    2 = FOG REDUCING VISIBILITY
HIGHEST:    91 ON  9    GRTST 24HR  1.08 ON 17-18      TO 1/4 MILE OR LESS
LOWEST:     40 ON  5                               3 = THUNDER
                        SNOW, ICE PELLETS, HAIL    4 = ICE PELLETS
                        TOTAL MONTH:    M          5 = HAIL
                        GRTST 24HR    M  ON   M    6 = FREEZING RAIN OR DRIZZLE
                        GRTST DEPTH:  M  ON   M    7 = DUSTSTORM OR SANDSTORM:
                                                       VSBY 1/2 MILE OR LESS
                                                   8 = SMOKE OR HAZE
[NO. OF DAYS WITH]      [WEATHER - DAYS WITH]      9 = BLOWING SNOW
                                                   X = TORNADO
MAX 32 OR BELOW:   0    0.01 INCH OR MORE:  12
MAX 90 OR ABOVE:   1    0.10 INCH OR MORE:   6
MIN 32 OR BELOW:   0    0.50 INCH OR MORE:   3
MIN  0 OR BELOW:   0    1.00 INCH OR MORE:   1

[HDD (BASE 65) ]
TOTAL THIS MO.    53    CLEAR  (SCALE 0-3)  16
DPTR FM NORMAL   -71    PTCLDY (SCALE 4-7)   7
TOTAL FM JUL 1  2543    CLOUDY (SCALE 8-10)  7
DPTR FM NORMAL    43

[CDD (BASE 65) ]
TOTAL THIS MO.    90
DPTR FM NORMAL    18    [PRESSURE DATA]
TOTAL FM JAN 1   117    HIGHEST SLP 30.37 ON  5
DPTR FM NORMAL    21    LOWEST  SLP 29.53 ON 26

[REMARKS]
#FINAL-04-15#
