000
CXUS52 KILM 011000
CF6FLO
PRELIMINARY LOCAL CLIMATOLOGICAL DATA (WS FORM: F-6)

                                          STATION:   FLORENCE SC
                                          MONTH:     NOVEMBER
                                          YEAR:      2015
                                          LATITUDE:   34 10 N
                                          LONGITUDE:  79 43 W

  TEMPERATURE IN F:       :PCPN:    SNOW:  WIND      :SUNSHINE: SKY     :PK WND
================================================================================
1   2   3   4   5  6A  6B    7    8   9   10  11  12  13   14  15   16   17  18
                                     12Z  AVG MX 2MIN
DY MAX MIN AVG DEP HDD CDD  WTR  SNW DPTH SPD SPD DIR MIN PSBL S-S WX    SPD DR
================================================================================

 1  74  58  66   6   0   1 0.43    M    M  3.6 13 360   M    M   7 1      15 330
 2  69  66  68   9   0   3 0.20    M    M  5.9 14  60   M    M   9 12     17 340
 3  68  64  66   7   0   1 0.48    M    M  7.9 14  50   M    M  10 1      17  60
 4  66  61  64   5   1   0 0.55    M    M  6.3 14  20   M    M  10 1      16  20
 5  72  65  69  11   0   4 0.00    M    M  2.1  7 320   M    M  10 1       8 310
 6  75  67  71  13   0   6    T    M    M  4.6 12 210   M    M   9 12     14 260
 7  79  66  73  15   0   8 0.01    M    M  6.8 24  20   M    M  10 1      33  30
 8  66  52  59   1   6   0 0.05    M    M 11.6 20  70   M    M  10        26  60
 9  61  51  56  -1   9   0 0.34    M    M  9.2 16  60   M    M  10 1      21  50
10  71  53  62   5   3   0 0.23    M    M  6.0 13 260   M    M   5 1      16 250
11  71  48  60   3   5   0 0.00    M    M  2.2  9 260   M    M   2 12     11 270
12  77  49  63   7   2   0 0.00    M    M  8.9 23 250   M    M   0 1      30 270
13  70  48  59   3   6   0 0.00    M    M  6.7 14 310   M    M   0 8      18 290
14  63  37  50  -6  15   0 0.00    M    M  6.7 16 360   M    M   0 18     21 350
15  63  34  49  -7  16   0 0.00    M    M  1.9 10  60   M    M   0 18     13  50
16  69  36  53  -2  12   0 0.00    M    M  1.1  6 340   M    M   0 1      11  30
17  70  47  59   4   6   0 0.00    M    M  6.6 14  50   M    M   1        16  50
18  77  54  66  11   0   1 0.02    M    M  8.7 22 160   M    M   5 1      28 160
19  74  61  68  14   0   3 1.23    M    M  6.2 21 150   M    M   7 12     25 150
20  66  48  57   3   8   0 0.00    M    M  9.7 18 360   M    M   0        23  10
21  63  41  52  -2  13   0 0.41    M    M  5.7 13  80   M    M   3 1      16  70
22  56  39  48  -6  17   0 0.45    M    M  7.7 20  20   M    M   6 1      24  40
23  50  32  41 -12  24   0 0.00    M    M  5.2 15  10   M    M   1 18     19  20
24  58  29  44  -9  21   0 0.00    M    M  1.3  9  50   M    M   0 1      14  50
25  60  34  47  -6  18   0 0.00    M    M  6.7 14  80   M    M   0        18  60
26  72  45  59   7   6   0 0.00    M    M  7.2 16  70   M    M   0        20  60
27  74  50  62  10   3   0 0.00    M    M  5.5 12  70   M    M   0        15  20
28  73  45  59   7   6   0 0.00    M    M  1.2  9 330   M    M   0 1      12 340
29  74  50  62  11   3   0 0.00    M    M  2.6 10 260   M    M   2 1      17 290
30  70  55  63  12   2   0 0.00    M    M  6.2 13  40   M    M   7        15  40
================================================================================
SM 2051 1485       202  27  4.40    M    172.0          M      124
================================================================================
AV 68.4 49.5                               5.7 FASTST   M    M   4    MAX(MPH)
                                 MISC ---->  # 24  20               # 33   30
================================================================================
NOTES:
# LAST OF SEVERAL OCCURRENCES

COLUMN 17 PEAK WIND IN M.P.H.

PRELIMINARY LOCAL CLIMATOLOGICAL DATA (WS FORM: F-6) , PAGE 2

                                          STATION:  FLORENCE SC
                                          MONTH:    NOVEMBER
                                          YEAR:     2015
                                          LATITUDE:   34 10 N
                                          LONGITUDE:  79 43 W

[TEMPERATURE DATA]      [PRECIPITATION DATA]       SYMBOLS USED IN COLUMN 16

AVERAGE MONTHLY: 58.9   TOTAL FOR MONTH:   4.40    1 = FOG OR MIST
DPTR FM NORMAL:   3.5   DPTR FM NORMAL:    1.73    2 = FOG REDUCING VISIBILITY
HIGHEST:    79 ON  7    GRTST 24HR  1.25 ON 18-19      TO 1/4 MILE OR LESS
LOWEST:     29 ON 24                               3 = THUNDER
                        SNOW, ICE PELLETS, HAIL    4 = ICE PELLETS
                        TOTAL MONTH:    M          5 = HAIL
                        GRTST 24HR    M  ON   M    6 = FREEZING RAIN OR DRIZZLE
                        GRTST DEPTH:  M  ON   M    7 = DUSTSTORM OR SANDSTORM:
                                                       VSBY 1/2 MILE OR LESS
                                                   8 = SMOKE OR HAZE
[NO. OF DAYS WITH]      [WEATHER - DAYS WITH]      9 = BLOWING SNOW
                                                   X = TORNADO
MAX 32 OR BELOW:   0    0.01 INCH OR MORE:  12
MAX 90 OR ABOVE:   0    0.10 INCH OR MORE:   9
MIN 32 OR BELOW:   2    0.50 INCH OR MORE:   2
MIN  0 OR BELOW:   0    1.00 INCH OR MORE:   1

[HDD (BASE 65) ]
TOTAL THIS MO.   202    CLEAR  (SCALE 0-3)  15
DPTR FM NORMAL  -103    PTCLDY (SCALE 4-7)   7
TOTAL FM JUL 1   264    CLOUDY (SCALE 8-10)  8
DPTR FM NORMAL  -158

[CDD (BASE 65) ]
TOTAL THIS MO.    27
DPTR FM NORMAL    10    [PRESSURE DATA]
TOTAL FM JAN 1  2470    HIGHEST SLP 30.67 ON 26
DPTR FM NORMAL   411    LOWEST  SLP 29.81 ON 12

[REMARKS]
#FINAL-11-15#
