000
CXUS52 KILM 011000
CF6FLO
PRELIMINARY LOCAL CLIMATOLOGICAL DATA (WS FORM: F-6)

                                          STATION:   FLORENCE SC
                                          MONTH:     OCTOBER
                                          YEAR:      2011
                                          LATITUDE:   34 10 N
                                          LONGITUDE:  79 43 W

  TEMPERATURE IN F:       :PCPN:    SNOW:  WIND      :SUNSHINE: SKY     :PK WND
================================================================================
1   2   3   4   5  6A  6B    7    8   9   10  11  12  13   14  15   16   17  18
                                     12Z  AVG MX 2MIN
DY MAX MIN AVG DEP HDD CDD  WTR  SNW DPTH SPD SPD DIR MIN PSBL S-S WX    SPD DR
================================================================================

 1  69  50  60  -9   5   0 0.00    M    M  9.4 21 350   M    M   1        29 350
 2  68  44  56 -13   9   0 0.00    M    M  5.7 15 270   M    M   1        23 330
 3  73  39  56 -12   9   0 0.00    M    M  4.6 16 260   M    M   0        20 310
 4  76  45  61  -7   4   0 0.00    M    M  4.9 18  10   M    M   1        25 340
 5  78  49  64  -4   1   0 0.00    M    M  2.9 10  30   M    M   0        16  70
 6  79  52  66  -2   0   1 0.00    M    M  7.1 17  40   M    M   0        21  30
 7  77  53  65  -2   0   0 0.00    M    M  7.4 16  50   M    M   1        20  60
 8  79  54  67   0   0   2 0.00    M    M  8.4 15  60   M    M   0        20  50
 9  80  60  70   4   0   5 0.00    M    M 13.4 24  70   M    M   4        32  70
10  73  65  69   3   0   4 0.04    M    M 12.8 21  50   M    M   7        26  50
11  69  61  65  -1   0   0 0.40    M    M 10.4 22  60   M    M  10 1      28  60
12  82  66  74   9   0   9 0.01    M    M  3.5 12 260   M    M   8 12     16 260
13  79  63  71   6   0   6 0.07  0.0    0  6.8 17 250   M    M   6 123    24 250
14  78  59  69   4   0   4 0.00    M    M 10.4 23 270   M    M   3        31 300
15  82  52  67   3   0   2 0.00    M    M  7.9 20 310   M    M   0        26 310
16  82  44  63  -1   2   0 0.00    M    M  4.5 12 200   M    M   0        15 210
17  87  54  71   7   0   6 0.00    M    M  7.1 14 230   M    M   0        17 240
18  81  55  68   4   0   3 0.24    M    M  4.8 17 120   M    M   5 12     22 130
19  81  51  66   3   0   1 0.15    M    M 10.2 29 260   M    M   7 18     36 250
20  62  45  54  -9  11   0 0.00    M    M 12.1 25 260   M    M   2        33 250
21  67  38  53 -10  12   0 0.00    M    M  2.2  9 300   M    M   0 1      14 320
22  69  40  55  -7  10   0 0.00    M    M  3.6 12  30   M    M   3        18  30
23  72  40  56  -6   9   0 0.00    M    M  3.4 12  50   M    M   0 1      16  60
24  74  45  60  -2   5   0 0.00  0.0    0  3.3 12 330   M    M   0 18     17  40
25  75  47  61  -1   4   0 0.00    M    M  4.0 16  50   M    M   0        20  60
26  79  43  61   0   4   0 0.00    M    M  5.4 16 240   M    M   0 12     22 240
27  80  56  68   7   0   3 0.00    M    M  9.0 24 250   M    M   0        31 250
28  63  48  56  -5   9   0 0.00    M    M 10.7 20  70   M    M   7        26  50
29  61  37  49 -11  16   0 0.01    M    M  9.5 21 340   M    M   5 1      26 340
30  62  31  47 -13  18   0 0.00    M    M  4.0 14  70   M    M   0        17  40
31  50  38  44 -16  21   0 0.65    M    M  6.2 14 360   M    M   6 1      16  20
================================================================================
SM 2287 1524       149  46  1.57     0.0 215.6          M       77
================================================================================
AV 73.8 49.2                               7.0 FASTST   M    M   2    MAX(MPH)
                                 MISC ---->  # 29 260               # 36  250
================================================================================
NOTES:
# LAST OF SEVERAL OCCURRENCES

COLUMN 17 PEAK WIND IN M.P.H.

PRELIMINARY LOCAL CLIMATOLOGICAL DATA (WS FORM: F-6) , PAGE 2

                                          STATION:  FLORENCE SC
                                          MONTH:    OCTOBER
                                          YEAR:     2011
                                          LATITUDE:   34 10 N
                                          LONGITUDE:  79 43 W

[TEMPERATURE DATA]      [PRECIPITATION DATA]       SYMBOLS USED IN COLUMN 16

AVERAGE MONTHLY: 61.5   TOTAL FOR MONTH:   1.57    1 = FOG OR MIST
DPTR FM NORMAL:  -2.8   DPTR FM NORMAL:   -1.51    2 = FOG REDUCING VISIBILITY
HIGHEST:    87 ON 17    GRTST 24HR  0.65 ON 31-31      TO 1/4 MILE OR LESS
LOWEST:     31 ON 30                               3 = THUNDER
                        SNOW, ICE PELLETS, HAIL    4 = ICE PELLETS
                        TOTAL MONTH:   0.0 INCH    5 = HAIL
                        GRTST 24HR     0.0         6 = FREEZING RAIN OR DRIZZLE
                        GRTST DEPTH:   0           7 = DUSTSTORM OR SANDSTORM:
                                                       VSBY 1/2 MILE OR LESS
                                                   8 = SMOKE OR HAZE
[NO. OF DAYS WITH]      [WEATHER - DAYS WITH]      9 = BLOWING SNOW
                                                   X = TORNADO
MAX 32 OR BELOW:   0    0.01 INCH OR MORE:   8
MAX 90 OR ABOVE:   0    0.10 INCH OR MORE:   4
MIN 32 OR BELOW:   1    0.50 INCH OR MORE:   1
MIN  0 OR BELOW:   0    1.00 INCH OR MORE:   0

[HDD (BASE 65) ]
TOTAL THIS MO.   149    CLEAR  (SCALE 0-3)  21
DPTR FM NORMAL    41    PTCLDY (SCALE 4-7)   9
TOTAL FM JUL 1   154    CLOUDY (SCALE 8-10)  1
DPTR FM NORMAL    37

[CDD (BASE 65) ]
TOTAL THIS MO.    46
DPTR FM NORMAL   -40    [PRESSURE DATA]
TOTAL FM JAN 1  2430    HIGHEST SLP 30.45 ON  8
DPTR FM NORMAL   388    LOWEST  SLP 29.31 ON 19

[REMARKS]
#FINAL-10-11#
