000
CXUS52 KILM 062221
CF6FLO

PRELIMINARY LOCAL CLIMATOLOGICAL DATA (WS FORM: F-6)

                                          STATION:   FLORENCE SC
                                          MONTH:     JULY
                                          YEAR:      2011
                                          LATITUDE:   34 10 N
                                          LONGITUDE:  79 43 W

  TEMPERATURE IN F:       :PCPN:    SNOW:  WIND      :SUNSHINE: SKY     :PK WND
================================================================================
1   2   3   4   5  6A  6B    7    8   9   10  11  12  13   14  15   16   17  18
                                     12Z  AVG MX 2MIN
DY MAX MIN AVG DEP HDD CDD  WTR  SNW DPTH SPD SPD DIR MIN PSBL S-S WX    SPD DR
================================================================================

 1  98  68  83   3   0  18 0.00    M    M  3.7 14  30   M    M   2 18     17  30
 2  99  67  83   3   0  18 0.00    M    M  3.8 24 150   M    M   2 128    31 160
 3  97  72  85   5   0  20 0.00    M    M  8.0 14 220   M    M   1 18     22 200
 4  97  73  85   4   0  20 0.00    M    M  8.3 16 210   M    M   1 8      26 250
 5  97  74  86   5   0  21 2.34    M    M  7.2 22 290   M    M   4 138    36 290
 6  92  73  83   2   0  18 0.12    M    M   M  20 250   M    M   M 138    25 260
 7  93  70  82   1   0  17 0.00    M    M  4.4 14 180   M    M   3 128    17 190
 8  89  75  82   1   0  17 0.79    M    M  6.3 18 220   M    M   4 13     25 240
 9  91  73  82   1   0  17 0.03    M    M  3.6 14 340   M    M   3 13     17 340
10  93  72  83   2   0  18 0.00    M    M  4.8 14 110   M    M   4 12     18 110
11  95  74  85   4   0  20 0.00    M    M  4.4 10 150   M    M   3 18     14 150
12  98  77  88   7   0  23 0.00    M    M  7.6 15 250   M    M   1 18     18 220
13 100  74  87   6   0  22 0.10    M    M  5.6 23 320   M    M   1 138    31 320
14  91  74  83   2   0  18    T    M    M  7.6 25 140   M    M   4        30 130
15  88  69  79  -2   0  14 0.00    M    M  8.1 15 100   M    M   6        18  70
16  88  69  79  -2   0  14 0.00    M    M  7.5 17 120   M    M   3        24 110
17  90  65  78  -3   0  13 0.00    M    M  5.4 15 140   M    M   2        20 170
18  91  65  78  -4   0  13 0.00    M    M  2.4 10 180   M    M   1        14 180
19  97  70  84   2   0  19 0.00    M    M  5.1 10 240   M    M   0        15 220
20 100  74  87   5   0  22 0.00    M    M  4.0  8 280   M    M   1         M  M
21 101  77  89   7   0  24 0.00    M    M  6.6 16 240   M    M   0 18     23 220
22 102  79  91   9   0  26 0.00    M    M  8.8 18 120   M    M   1        22 120
23 100  77  89   7   0  24 0.00    M    M  8.1 17 130   M    M   1        22 220
24  99  78  89   7   0  24 0.01    M    M  7.2 21 210   M    M   1        28 230
25  97  73  85   3   0  20 0.17    M    M  7.8 23 250   M    M   4 1      29 250
26  87  73  80  -1   0  15 0.94    M    M  3.7 13 240   M    M   5 123    15 240
27  95  74  85   4   0  20 0.00    M    M  3.9 10 220   M    M   4 128    15 240
28  94  73  84   3   0  19 0.00    M    M  6.0 14 240   M    M   0        20 270
29 100  75  88   7   0  23 0.00    M    M  3.7 13 230   M    M   0 1      16 270
30 101  74  88   7   0  23 0.00    M    M  2.9 14 150   M    M   0 1      16 160
31  96  73  85   4   0  20 0.23    M    M  5.2 26 170   M    M   4 1238   32 170
================================================================================
SM 2956 2254         0 600 4.73    M      171.7         M       66
================================================================================
AV 95.4 72.7                               5.7 FASTST   M    M   2    MAX(MPH)
                                 MISC ---->  # 26 170                   # 36 290
================================================================================
NOTES:
# LAST OF SEVERAL OCCURRENCES

COLUMN 17 PEAK WIND IN M.P.H.
/F
PRELIMINARY LOCAL CLIMATOLOGICAL DATA (WS FORM: F-6) , PAGE 2

                                          STATION:  FLORENCE SC
                                          MONTH:    JULY
                                          YEAR:     2011
                                          LATITUDE:   34 10 N
                                          LONGITUDE:  79 43 W

[TEMPERATURE DATA]      [PRECIPITATION DATA]       SYMBOLS USED IN COLUMN 16

AVERAGE MONTHLY: 84.0   TOTAL FOR MONTH:   4.73    1 = FOG OR MIST
DPTR FM NORMAL:   2.9   DPTR FM NORMAL:   -0.55    2 = FOG REDUCING VISIBILITY
HIGHEST:   102 ON 22    GRTST 24HR  2.34 ON  5         TO 1/4 MILE OR LESS
LOWEST:     65 ON 18,17                            3 = THUNDER
                        SNOW, ICE PELLETS, HAIL    4 = ICE PELLETS
                        TOTAL MONTH:    M          5 = HAIL
                        GRTST 24HR    M  ON   M    6 = FREEZING RAIN OR DRIZZLE
                        GRTST DEPTH:  M  ON   M    7 = DUSTSTORM OR SANDSTORM:
                                                       VSBY 1/2 MILE OR LESS
                                                   8 = SMOKE OR HAZE
[NO. OF DAYS WITH]      [WEATHER - DAYS WITH]      9 = BLOWING SNOW
                                                   X = TORNADO
MAX 32 OR BELOW:   0    0.01 INCH OR MORE:   8
MAX 90 OR ABOVE:  27    0.10 INCH OR MORE:   6
MIN 32 OR BELOW:   0    0.50 INCH OR MORE:   3
MIN  0 OR BELOW:   0    1.00 INCH OR MORE:   1

[HDD (BASE 65) ]
TOTAL THIS MO.     0    CLEAR  (SCALE 0-3)  18
DPTR FM NORMAL     0    PTCLDY (SCALE 4-7)  12
TOTAL FM JUL 1     0    CLOUDY (SCALE 8-10)  0
DPTR FM NORMAL     0

[CDD (BASE 65) ]
TOTAL THIS MO.   600
DPTR FM NORMAL    99    [PRESSURE DATA]
TOTAL FM JAN 1  1534    HIGHEST SLP 30.21 ON 17
DPTR FM NORMAL   357    LOWEST  SLP 29.76 ON 13

[REMARKS]
RECORD HIGH TEMP SET ON THE 22ND. PREVIOUS RECORD SET IN 1952.
RECORD DAILY RAINFALL SET ON THE 8TH. PREVIOUS RECORD SET IN 1949.
RECORD DAILY RAINFALL SET ON THE 5TH. PREVIOUS RECORD SET IN 1983.
UPDATED ON DEC 6 2011 TO INCLUDE RECOVERED RAINFALL TOTAL JULY 6TH.
#FINAL-07-11#
