000
CXUS52 KILM 030418
CF6FLO
PRELIMINARY LOCAL CLIMATOLOGICAL DATA (WS FORM: F-6)

                                          STATION:   FLORENCE SC
                                          MONTH:     NOVEMBER
                                          YEAR:      2013
                                          LATITUDE:   34 10 N
                                          LONGITUDE:  79 43 W

  TEMPERATURE IN F:       :PCPN:    SNOW:  WIND      :SUNSHINE: SKY     :PK WND
================================================================================
1   2   3   4   5  6A  6B    7    8   9   10  11  12  13   14  15   16   17  18
                                     12Z  AVG MX 2MIN
DY MAX MIN AVG DEP HDD CDD  WTR  SNW DPTH SPD SPD DIR MIN PSBL S-S WX    SPD DR
================================================================================

 1  83  67  75  15   0  10 0.59    M    M  9.7 22 220   M    M   5 1      29 240
 2  74  49  62   3   3   0 0.00    M    M  6.5 20 310   M    M   2        28 320
 3  66  46  56  -3   9   0 0.00    M    M  8.0 20 360   M    M   0        24  10
 4  64  40  52  -7  13   0 0.00    M    M  8.8 20  60   M    M   0        26  60
 5  62  40  51  -7  14   0 0.00    M    M  8.5 14  20   M    M   6 18     17  20
 6  77  50  64   6   1   0    T    M    M  5.4 12  60   M    M   6 1      15  60
 7  75  52  64   6   1   0 0.01    M    M  5.6 17 360   M    M   5 12     22 350
 8  63  36  50  -8  15   0 0.00    M    M  7.3 17  20   M    M   0        23  10
 9  64  31  48  -9  17   0 0.00    M    M  1.4  8  50   M    M   0 8      13 240
10  71  41  56  -1   9   0 0.00    M    M  2.2 10  10   M    M   0        15  40
11  65  37  51  -6  14   0 0.00    M    M  4.5 16  60   M    M   0 18     30  30
12  70  34  52  -4  13   0 0.04    M    M  9.2 31  20   M    M   5 18     40  40
13  49  25  37 -19  28   0 0.00    M    M  7.7 17  30   M    M   1 1      23  20
14  59  22  41 -15  24   0 0.00    M    M  1.0  8 260   M    M   0 1      12 250
15  62  32  47  -9  18   0    T    M    M  1.3  9  50   M    M   5        10  60
16  76  52  64   9   1   0    T    M    M  2.8  8  80   M    M   6 128    13 180
17  71  51  61   6   4   0 0.13    M    M  2.7  9 190   M    M   9 128    13 190
18  83  59  71  16   0   6    T    M    M  9.2 17 260   M    M   4 1      23 250
19  62  42  52  -2  13   0 0.00    M    M  8.4 20  10   M    M   0        23  20
20  60  36  48  -6  17   0 0.00    M    M  9.6 20  50   M    M   3        22  40
21  69  46  58   4   7   0 0.00    M    M  6.1 14  20   M    M   9        17  30
22  73  56  65  11   0   0    T    M    M  3.3 12 230   M    M   8 18     15 230
23  65  48  57   4   8   0 0.12    M    M  4.9 15  30   M    M   8 1      20 360
24  48  26  37 -16  28   0 0.00    M    M 11.1 24 360   M    M   0        30 360
25  47  21  34 -19  31   0 0.00    M    M  5.7 14  50   M    M   1        17  60
26  70  39  55   3  10   0 0.73    M    M  9.8 23 140   M    M  10 18     29 140
27  68  31  50  -2  15   0 0.54    M    M  9.3 21 330   M    M   8 18     28 310
28  48  24  36 -16  29   0 0.00    M    M  3.2 13  20   M    M   0 18     17  20
29  56  26  41 -10  24   0 0.00    M    M  5.0 12  50   M    M   0 1      15  50
30  55  31  43  -8  22   0    T    M    M  7.6 16  30   M    M   3        20  30
================================================================================
SM 1955 1190       388  16  2.16    M    185.8          M      104
================================================================================
AV 65.2 39.7                               6.2 FASTST   M    M   3    MAX(MPH)
                                 MISC ---->  # 31  20               # 40   40
================================================================================
NOTES:
# LAST OF SEVERAL OCCURRENCES

COLUMN 17 PEAK WIND IN M.P.H.

PRELIMINARY LOCAL CLIMATOLOGICAL DATA (WS FORM: F-6) , PAGE 2

                                          STATION:  FLORENCE SC
                                          MONTH:    NOVEMBER
                                          YEAR:     2013
                                          LATITUDE:   34 10 N
                                          LONGITUDE:  79 43 W

[TEMPERATURE DATA]      [PRECIPITATION DATA]       SYMBOLS USED IN COLUMN 16

AVERAGE MONTHLY: 52.4   TOTAL FOR MONTH:   2.16    1 = FOG OR MIST
DPTR FM NORMAL:  -3.0   DPTR FM NORMAL:   -0.51    2 = FOG REDUCING VISIBILITY
HIGHEST:    83 ON 18, 1 GRTST 24HR  1.26 ON 26-27      TO 1/4 MILE OR LESS
LOWEST:     21 ON 25                               3 = THUNDER
                        SNOW, ICE PELLETS, HAIL    4 = ICE PELLETS
                        TOTAL MONTH:    M          5 = HAIL
                        GRTST 24HR    M  ON   M    6 = FREEZING RAIN OR DRIZZLE
                        GRTST DEPTH:  M  ON   M    7 = DUSTSTORM OR SANDSTORM:
                                                       VSBY 1/2 MILE OR LESS
                                                   8 = SMOKE OR HAZE
[NO. OF DAYS WITH]      [WEATHER - DAYS WITH]      9 = BLOWING SNOW
                                                   X = TORNADO
MAX 32 OR BELOW:   0    0.01 INCH OR MORE:   7
MAX 90 OR ABOVE:   0    0.10 INCH OR MORE:   5
MIN 32 OR BELOW:  10    0.50 INCH OR MORE:   3
MIN  0 OR BELOW:   0    1.00 INCH OR MORE:   0

[HDD (BASE 65) ]
TOTAL THIS MO.   388    CLEAR  (SCALE 0-3)  14
DPTR FM NORMAL    83    PTCLDY (SCALE 4-7)  13
TOTAL FM JUL 1   470    CLOUDY (SCALE 8-10)  3
DPTR FM NORMAL    48

[CDD (BASE 65) ]
TOTAL THIS MO.    16
DPTR FM NORMAL    -1    [PRESSURE DATA]
TOTAL FM JAN 1  2046    HIGHEST SLP 30.61 ON 25
DPTR FM NORMAL   -13    LOWEST  SLP 29.49 ON 27

[REMARKS]
CORRECTED NOV 16 RAINFALL TOTAL
#FINAL-11-13#
