000
CXUS52 KILM 011000
CF6FLO
PRELIMINARY LOCAL CLIMATOLOGICAL DATA (WS FORM: F-6)

                                          STATION:   FLORENCE SC
                                          MONTH:     APRIL
                                          YEAR:      2011
                                          LATITUDE:   34 10 N
                                          LONGITUDE:  79 43 W

  TEMPERATURE IN F:       :PCPN:    SNOW:  WIND      :SUNSHINE: SKY     :PK WND
================================================================================
1   2   3   4   5  6A  6B    7    8   9   10  11  12  13   14  15   16   17  18
                                     12Z  AVG MX 2MIN
DY MAX MIN AVG DEP HDD CDD  WTR  SNW DPTH SPD SPD DIR MIN PSBL S-S WX    SPD DR
================================================================================

 1  60  44  52  -8  13   0 0.00    M    M  8.3 20 320   M    M   7 1      30 300
 2  70  41  56  -4   9   0 0.00    M    M  9.2 25 290   M    M   1        35 300
 3  76  34  55  -5  10   0 0.00    M    M  5.4 16 180   M    M   0        29 210
 4  86  52  69   9   0   4 0.00    M    M 12.7 25 200   M    M   0        35 190
 5  71  41  56  -5   9   0 0.26    M    M 13.7 30 270   M    M   3 13     41 250
 6  69  32  51 -10  14   0 0.00    M    M  4.7 16 220   M    M   0        20 210
 7  79  44  62   1   3   0 0.00    M    M  6.8 15 250   M    M   0        18 250
 8  85  53  69   8   0   4 0.00    M    M  7.1 20 240   M    M   1 8      26 250
 9  77  57  67   6   0   2 0.96    M    M  8.5 28 180   M    M   1 13     35 170
10  72  57  65   3   0   0 0.00    M    M  4.2 12  60   M    M   6 1      14  60
11  87  59  73  11   0   8 0.00    M    M  9.3 21 250   M    M   4 18     28 200
12  74  57  66   4   0   1    T    M    M 12.3 28 260   M    M   5        33 280
13  75  47  61  -2   4   0 0.00    M    M  6.2 16 290   M    M   0 18     22 300
14  76  48  62  -1   3   0 0.00    M    M  5.6 15 150   M    M   0 1      18 140
15  78  50  64   1   1   0 0.00    M    M  9.2 20 130   M    M   4 12     30 170
16  82  60  71   8   0   6 0.35    M    M 14.6 30 180   M    M   7 1      40 190
17  73  48  61  -2   4   0 0.00    M    M  5.9 15 290   M    M   0        20 290
18  80  45  63  -1   2   0 0.00    M    M  6.3 17 180   M    M   0 1      22 160
19  86  50  68   4   0   3 0.00    M    M  7.0 16 200   M    M   0 12     20 190
20  87  66  77  13   0  12 0.00    M    M  9.6 24 260   M    M   2        31 250
21  82  60  71   7   0   6 0.01    M    M  7.6 23  30   M    M   2 1      28  30
22  62  55  59  -6   6   0 0.76    M    M  6.7 15  80   M    M   9 1      20  80
23  83  60  72   7   0   7 0.00    M    M  5.9 15 220   M    M   6 12     20 210
24  87  66  77  12   0  12 0.00    M    M  7.3 15 180   M    M   4 1      20 220
25  84  63  74   9   0   9 0.00    M    M  7.2 15 160   M    M   2 12     23 300
26  83  65  74   8   0   9 0.06    M    M  5.8 20 160   M    M   5 13     26 180
27  87  67  77  11   0  12 0.00    M    M 11.7 23 180   M    M   7 1      30 190
28  83  66  75   9   0  10 1.00    M    M 12.6 24 210   M    M   5 1235   35 240
29  78  50  64  -2   1   0 0.00    M    M  6.2 16 260   M    M   0        23 320
30  81  50  66  -1   0   1 0.00    M    M  4.0 13  80   M    M   0        16  80
================================================================================
SM 2353 1587        79 106  3.40    M    241.6          M       81
================================================================================
AV 78.4 52.9                               8.1 FASTST   M    M   3    MAX(MPH)
                                 MISC ---->  # 30 270               # 41  250
================================================================================
NOTES:
# LAST OF SEVERAL OCCURRENCES

COLUMN 17 PEAK WIND IN M.P.H.

PRELIMINARY LOCAL CLIMATOLOGICAL DATA (WS FORM: F-6) , PAGE 2

                                          STATION:  FLORENCE SC
                                          MONTH:    APRIL
                                          YEAR:     2011
                                          LATITUDE:   34 10 N
                                          LONGITUDE:  79 43 W

[TEMPERATURE DATA]      [PRECIPITATION DATA]       SYMBOLS USED IN COLUMN 16

AVERAGE MONTHLY: 65.7   TOTAL FOR MONTH:   3.40    1 = FOG OR MIST
DPTR FM NORMAL:   2.6   DPTR FM NORMAL:    0.61    2 = FOG REDUCING VISIBILITY
HIGHEST:    87 ON 27,24 GRTST 24HR  1.00 ON 28-28      TO 1/4 MILE OR LESS
LOWEST:     32 ON  6                               3 = THUNDER
                        SNOW, ICE PELLETS, HAIL    4 = ICE PELLETS
                        TOTAL MONTH:    M          5 = HAIL
                        GRTST 24HR    M  ON   M    6 = FREEZING RAIN OR DRIZZLE
                        GRTST DEPTH:  M  ON   M    7 = DUSTSTORM OR SANDSTORM:
                                                       VSBY 1/2 MILE OR LESS
                                                   8 = SMOKE OR HAZE
[NO. OF DAYS WITH]      [WEATHER - DAYS WITH]      9 = BLOWING SNOW
                                                   X = TORNADO
MAX 32 OR BELOW:   0    0.01 INCH OR MORE:   7
MAX 90 OR ABOVE:   0    0.10 INCH OR MORE:   5
MIN 32 OR BELOW:   1    0.50 INCH OR MORE:   3
MIN  0 OR BELOW:   0    1.00 INCH OR MORE:   1

[HDD (BASE 65) ]
TOTAL THIS MO.    79    CLEAR  (SCALE 0-3)  18
DPTR FM NORMAL   -31    PTCLDY (SCALE 4-7)  11
TOTAL FM JUL 1  2662    CLOUDY (SCALE 8-10)  1
DPTR FM NORMAL    90

[CDD (BASE 65) ]
TOTAL THIS MO.   106
DPTR FM NORMAL    48    [PRESSURE DATA]
TOTAL FM JAN 1   138    HIGHEST SLP 30.28 ON  6
DPTR FM NORMAL    44    LOWEST  SLP 29.46 ON  5

[REMARKS]
#FINAL-04-11#
