000
CXUS52 KILM 021010
CF6FLO
PRELIMINARY LOCAL CLIMATOLOGICAL DATA (WS FORM: F-6)

                                          STATION:   FLORENCE SC
                                          MONTH:     DECEMBER
                                          YEAR:      2011
                                          LATITUDE:   34 10 N
                                          LONGITUDE:  79 43 W

  TEMPERATURE IN F:       :PCPN:    SNOW:  WIND      :SUNSHINE: SKY     :PK WND
================================================================================
1   2   3   4   5  6A  6B    7    8   9   10  11  12  13   14  15   16   17  18
                                     12Z  AVG MX 2MIN
DY MAX MIN AVG DEP HDD CDD  WTR  SNW DPTH SPD SPD DIR MIN PSBL S-S WX    SPD DR
================================================================================

 1  58  31  45  -6  20   0 0.00    M    M  4.6 13  60   M    M   0 18     16  40
 2  64  28  46  -4  19   0 0.00    M    M  0.9  8 250   M    M   0 18     10 270
 3  64  33  49  -1  16   0 0.00    M    M  5.8 13  60   M    M   0 1      17  60
 4  71  43  57   7   8   0 0.00    M    M  5.4 12 120   M    M   4        14 120
 5  73  50  62  12   3   0    T    M    M  5.8 17 150   M    M   8 12     23 150
 6  77  52  65  16   0   0 0.00    M    M  5.5 14 210   M    M   5 12     18 200
 7  77  47  62  13   3   0 0.19    M    M 13.3 33 260   M    M   6 1      44 250
 8  55  35  45  -4  20   0 0.00    M    M  5.4 16  10   M    M   0        21  10
 9  62  35  49   1  16   0 0.00    M    M  3.9  9  90   M    M   3 8      14 340
10  57  38  48   0  17   0 0.00    M    M  8.2 17  20   M    M   3        22  20
11  52  33  43  -5  22   0 0.00    M    M  9.8 20  70   M    M   0 8      25  60
12  54  38  46  -2  19   0 0.00    M    M  8.1 14  20   M    M   2        18  30
13  65  37  51   3  14   0 0.00    M    M  3.5 10  40   M    M   0 18     13  10
14  64  38  51   4  14   0 0.00    M    M  1.8 13 140   M    M   2 1      16 130
15  74  40  57  10   8   0 0.00    M    M  5.2 17 230   M    M   1 1      22 250
16  76  55  66  19   0   1 0.00    M    M  8.1 17 260   M    M   2 8      25 210
17  64  37  51   4  14   0 0.00    M    M  5.9 21  20   M    M   5 1      24  20
18  54  32  43  -3  22   0 0.00    M    M  3.1 13 360   M    M   1 18     18 350
19  64  28  46   0  19   0 0.00    M    M  3.8 15 240   M    M   0        18 230
20  71  39  55   9  10   0 0.00    M    M  2.9 13 210   M    M   2 12     15 210
21  68  52  60  14   5   0 0.10    M    M  6.7 18 220   M    M   6 1      23 230
22  78  61  70  24   0   5    T    M    M  8.2 16 200   M    M   7        23 190
23  73  53  63  17   2   0    T    M    M  8.7 17 210   M    M   3        26 210
24  60  40  50   5  15   0 0.00    M    M  5.2 18  50   M    M   0        22  50
25  55  35  45   0  20   0 0.05    M    M  3.1 12 280   M    M   4 1      15 270
26  57  36  47   2  18   0 0.00    M    M  5.6 18  30   M    M   2 12     23  40
27  67  41  54   9  11   0 0.91    M    M 12.9 28 220   M    M   7 1      41 190
28  55  34  45   0  20   0 0.00    M    M  7.1 17 270   M    M   0        26 280
29  58  28  43  -2  22   0 0.00    M    M  3.8 15 210   M    M   0        22 200
30  65  36  51   6  14   0 0.00    M    M  5.1 15 220   M    M   1        18 190
31  68   M   M   M   M   M 0.00    M    M  9.0 15 280   M    M   1        21 270
================================================================================
SM 2000 1185       391   6  1.25    M    186.4          M       75
================================================================================
AV 64.5 39.5                               6.0 FASTST   M    M   2    MAX(MPH)
                                 MISC ---->  # 33 260               # 44  250
================================================================================
NOTES:
# LAST OF SEVERAL OCCURRENCES

COLUMN 17 PEAK WIND IN M.P.H.

PRELIMINARY LOCAL CLIMATOLOGICAL DATA (WS FORM: F-6) , PAGE 2

                                          STATION:  FLORENCE SC
                                          MONTH:    DECEMBER
                                          YEAR:     2011
                                          LATITUDE:   34 10 N
                                          LONGITUDE:  79 43 W

[TEMPERATURE DATA]      [PRECIPITATION DATA]       SYMBOLS USED IN COLUMN 16

AVERAGE MONTHLY: 52.0   TOTAL FOR MONTH:   1.25    1 = FOG OR MIST
DPTR FM NORMAL:   4.9   DPTR FM NORMAL:   -1.76    2 = FOG REDUCING VISIBILITY
HIGHEST:    78 ON 22    GRTST 24HR  0.91 ON 27-27      TO 1/4 MILE OR LESS
LOWEST:     28 ON 29,19                            3 = THUNDER
                        SNOW, ICE PELLETS, HAIL    4 = ICE PELLETS
                        TOTAL MONTH:    M          5 = HAIL
                        GRTST 24HR    M  ON   M    6 = FREEZING RAIN OR DRIZZLE
                        GRTST DEPTH:  M  ON   M    7 = DUSTSTORM OR SANDSTORM:
                                                       VSBY 1/2 MILE OR LESS
                                                   8 = SMOKE OR HAZE
[NO. OF DAYS WITH]      [WEATHER - DAYS WITH]      9 = BLOWING SNOW
                                                   X = TORNADO
MAX 32 OR BELOW:   0    0.01 INCH OR MORE:   4
MAX 90 OR ABOVE:   0    0.10 INCH OR MORE:   3
MIN 32 OR BELOW:   5    0.50 INCH OR MORE:   1
MIN  0 OR BELOW:   0    1.00 INCH OR MORE:   0

[HDD (BASE 65) ]
TOTAL THIS MO.   391    CLEAR  (SCALE 0-3)  21
DPTR FM NORMAL  -166    PTCLDY (SCALE 4-7)  10
TOTAL FM JUL 1   820    CLOUDY (SCALE 8-10)  0
DPTR FM NORMAL  -159

[CDD (BASE 65) ]
TOTAL THIS MO.     6
DPTR FM NORMAL     2    [PRESSURE DATA]
TOTAL FM JAN 1  2458    HIGHEST SLP M ON M
DPTR FM NORMAL   395    LOWEST  SLP 29.64 ON M

[REMARKS]
RETRANSMITTED FOR NWS WEBPAGES
#FINAL-12-11#
