000
CXUS52 KILM 011000
CF6FLO
PRELIMINARY LOCAL CLIMATOLOGICAL DATA (WS FORM: F-6)

                                          STATION:   FLORENCE SC
                                          MONTH:     JANUARY
                                          YEAR:      2011
                                          LATITUDE:   34 10 N
                                          LONGITUDE:  79 43 W

  TEMPERATURE IN F:       :PCPN:    SNOW:  WIND      :SUNSHINE: SKY     :PK WND
================================================================================
1   2   3   4   5  6A  6B    7    8   9   10  11  12  13   14  15   16   17  18
                                     12Z  AVG MX 2MIN
DY MAX MIN AVG DEP HDD CDD  WTR  SNW DPTH SPD SPD DIR MIN PSBL S-S WX    SPD DR
================================================================================

 1  71  43  57  12   8   0 0.14    M    M  5.0 21 150   M    M   7 12     26 160
 2  66  45  56  11   9   0 0.04    M    M  8.0 18  20   M    M   8 1      25  30
 3  49  27  38  -7  27   0 0.00    M    M  4.4 15  10   M    M   0        20 350
 4  53  23  38  -7  27   0 0.00    M    M  3.1 13 230   M    M   1        16 270
 5  47  27  37  -8  28   0 0.01    M    M  3.6  8 210   M    M   4 1      10 210
 6  44  30  37  -8  28   0 0.02    M    M  2.7  8 230   M    M   8 128    10 230
 7  48  29  39  -6  26   0 0.01    M    M  6.3 17 230   M    M   5 1      21 230
 8  50  29  40  -5  25   0 0.00    M    M 11.2 25 250   M    M   3        31 280
 9  39  22  31 -14  34   0 0.00    M    M  7.1 16  30   M    M   1        21  40
10  33  26  30 -15  35   0    T    M    M   M   M   M   M    M  10 1246    M  M
11  34  30  32 -13  33   0 0.27    M    M  7.1 15  30   M    M  10 16     18  20
12  37  27  32 -13  33   0 0.00    M    M 10.8 21 310   M    M   1 1      29 290
13  39  20  30 -15  35   0 0.00    M    M  6.3 16 330   M    M   0        22 320
14  44  16  30 -15  35   0 0.00    M    M  2.2  8 340   M    M   0        14 350
15  52  22  37  -8  28   0 0.00    M    M  3.5 14 220   M    M   0        18 240
16  56  27  42  -3  23   0 0.00    M    M  3.2  9 100   M    M   0 8      12  60
17  48  30  39  -6  26   0 0.07    M    M  6.2 15  10   M    M   5 1      20  20
18  45  38  42  -3  23   0 0.07    M    M  6.3 14  10   M    M  10 1      17 260
19  55  35  45   0  20   0 0.17    M    0  3.8 12 320   M    M   7 12     14 310
20  59  33  46   1  19   0 0.00    M    M  4.8 12 200   M    M   0 12     17  80
21  49  30  40  -5  25   0 0.01    M    M  9.1 18 350   M    M   2        23 340
22  41  23  32 -13  33   0 0.00    M    M  7.2 16 340   M    M   0        21 340
23  47  16  32 -13  33   0 0.00    M    M  1.5  9 150   M    M   0        12 160
24  48  27  38  -7  27   0 0.00    M    M  4.8 10  30   M    M   4        17  10
25  51  35  43  -2  22   0 0.01    M    M  6.7 15  50   M    M   9 1      20  60
26  54  41  48   3  17   0 0.02    M    M 10.2 29 250   M    M   8 12     39 260
27  51  27  39  -6  26   0 0.00    M    M  3.3  9 270   M    M   0 12     14 200
28  61  30  46   1  19   0 0.00    M    M  7.1 18 260   M    M   0        23 250
29  63  26  45   0  20   0 0.00    M    M  5.3 15 200   M    M   0 1      21 210
30  73  39  56  11   9   0 0.00    M    M  4.4 14 250   M    M   0        18 250
31  53  41  47   1  18   0 0.00    M    M  7.3 15  50   M    M   6 18     17  20
================================================================================
SM 1560  914       771   0  0.84    M    172.5          M      109
================================================================================
AV 50.3 29.5                               5.8 FASTST   M    M   4    MAX(MPH)
                                 MISC ---->  # 29 250               # 39  260
================================================================================
NOTES:
# LAST OF SEVERAL OCCURRENCES

COLUMN 17 PEAK WIND IN M.P.H.

PRELIMINARY LOCAL CLIMATOLOGICAL DATA (WS FORM: F-6) , PAGE 2

                                          STATION:  FLORENCE SC
                                          MONTH:    JANUARY
                                          YEAR:     2011
                                          LATITUDE:   34 10 N
                                          LONGITUDE:  79 43 W

[TEMPERATURE DATA]      [PRECIPITATION DATA]       SYMBOLS USED IN COLUMN 16

AVERAGE MONTHLY: 39.9   TOTAL FOR MONTH:   0.84    1 = FOG OR MIST
DPTR FM NORMAL:  -5.1   DPTR FM NORMAL:   -3.25    2 = FOG REDUCING VISIBILITY
HIGHEST:    73 ON 30    GRTST 24HR  0.27 ON 11-11      TO 1/4 MILE OR LESS
LOWEST:     16 ON 23,14                            3 = THUNDER
                        SNOW, ICE PELLETS, HAIL    4 = ICE PELLETS
                        TOTAL MONTH:    M          5 = HAIL
                        GRTST 24HR    M  ON   M    6 = FREEZING RAIN OR DRIZZLE
                        GRTST DEPTH:   0           7 = DUSTSTORM OR SANDSTORM:
                                                       VSBY 1/2 MILE OR LESS
                                                   8 = SMOKE OR HAZE
[NO. OF DAYS WITH]      [WEATHER - DAYS WITH]      9 = BLOWING SNOW
                                                   X = TORNADO
MAX 32 OR BELOW:   0    0.01 INCH OR MORE:  12
MAX 90 OR ABOVE:   0    0.10 INCH OR MORE:   3
MIN 32 OR BELOW:  22    0.50 INCH OR MORE:   0
MIN  0 OR BELOW:   0    1.00 INCH OR MORE:   0

[HDD (BASE 65) ]
TOTAL THIS MO.   771    CLEAR  (SCALE 0-3)  17
DPTR FM NORMAL   103    PTCLDY (SCALE 4-7)  10
TOTAL FM JUL 1  1902    CLOUDY (SCALE 8-10)  4
DPTR FM NORMAL   259

[CDD (BASE 65) ]
TOTAL THIS MO.     0
DPTR FM NORMAL   -14    [PRESSURE DATA]
TOTAL FM JAN 1     0    HIGHEST SLP 30.48 ON 14
DPTR FM NORMAL   -14    LOWEST  SLP 29.42 ON  7

[REMARKS]
#FINAL-01-11#
