000
CXUS52 KILM 071952
CF6FLO

PRELIMINARY LOCAL CLIMATOLOGICAL DATA (WS FORM: F-6)

                                          STATION:   FLORENCE SC
                                          MONTH:     MAY
                                          YEAR:      2011
                                          LATITUDE:   34 10 N
                                          LONGITUDE:  79 43 W

  TEMPERATURE IN F:       :PCPN:    SNOW:  WIND      :SUNSHINE: SKY     :PK WND
================================================================================
1   2   3   4   5  6A  6B    7    8   9   10  11  12  13   14  15   16   17  18
                                     12Z  AVG MX 2MIN
DY MAX MIN AVG DEP HDD CDD  WTR  SNW DPTH SPD SPD DIR MIN PSBL S-S WX    SPD DR
================================================================================

 1  79  56  68   0   0   3 0.00    M    M  4.1 14 160   M    M   3 12     16 140
 2  83  58  71   3   0   6 0.00    M    M  5.7 13 150   M    M   2 1      15 160
 3  85  59  72   4   0   7 0.00    M    M  8.0 17 190   M    M   1 12     23 180
 4  71  54  63  -5   2   0 0.07    M    M 11.2 22 340   M    M   4 1      26 340
 5  69  45  57 -11   8   0 0.00    M    M  5.6 15  20   M    M   0        21  30
 6  72  48  60  -9   5   0 0.34    M    M  3.9 18 190   M    M   5 12     23 210
 7  77  57  67  -2   0   2 0.00    M    M  3.7 13 210   M    M   3 12     17 310
 8  86  61  74   5   0   9 0.01    M    M  7.4 16 290   M    M   5        20  70
 9  82  59  71   2   0   6 0.01    M    M  3.5 10 100   M    M   2 1      13  50
10  87  61  74   5   0   9 0.01    M    M  3.6 13 260   M    M   5 128    16 270
11  81  64  73   3   0   8 0.61    M    M  7.0 24 250   M    M   6 13     32 250
12  79  64  72   2   0   7 0.00    M    M  5.8 12 150   M    M   7        15 150
13  88  63  76   6   0  11 0.08    M    M  6.7 20 230   M    M   3 138    28 220
14  83  61  72   2   0   7 0.08    M    M  4.6 24 270   M    M   2 13     32 270
15  81  63  72   2   0   7 0.00    M    M  7.8 16 250   M    M   3        22 230
16  74  56  65  -5   0   0 0.00    M    M  8.0 13 210   M    M   4        17 210
17  71  57  64  -7   1   0 0.29    M    M  6.7 13 230   M    M  10 123     M  M
18  73  52  63  -8   2   0 0.00    M    M  4.5 15 220   M    M   6 12     21 210
19  80  52  66  -6   0   1 0.00    M    M  3.8 16 220   M    M   1        22 240
20  83  58  71  -1   0   6    T    M    M  3.5 12 240   M    M   5 1      15 250
21  89  65  77   5   0  12 0.00    M    M  2.4 10 360   M    M   4 18     14 280
22  92  66  79   6   0  14 0.00    M    M  4.9 16 160   M    M   2 128    20 160
23  94  72  83  10   0  18 0.00    M    M  7.5 14 230   M    M   3 1      20 230
24  94  69  82   9   0  17 0.00    M    M  6.8 15 230   M    M   1 1      20 190
25  95  70  83  10   0  18 0.00    M    M  5.9 15 210   M    M   1 18     23 250
26  92  68  80   6   0  15 0.00    M    M  9.5 22 150   M    M   0 8      28 160
27  80  68  74   0   0   9 0.07    M    M  6.8 20 140   M    M   8 13     28 260
28  88  68  78   4   0  13 0.03    M    M  6.0 25 350   M    M   5 13     33 340
29  89  68  79   5   0  14 0.00    M    M  3.7 10 160   M    M   3 1      14 170
30  91  69  80   6   0  15 0.00    M    M  4.0 10 330   M    M   2 1      14 320
31  96  70  83   8   0  18 0.00    M    M  5.2 13  30   M    M   1        18 290
================================================================================
SM 2584 1901        18 252 1.60         M  177.8        M      107
================================================================================
AV 83.4 61.3                               5.7 FASTST   M    M   3    MAX(MPH)
                                 MISC ---->  # 25 350                   # 33 340
================================================================================
NOTES:
# LAST OF SEVERAL OCCURRENCES

COLUMN 17 PEAK WIND IN M.P.H.

PRELIMINARY LOCAL CLIMATOLOGICAL DATA (WS FORM: F-6) , PAGE 2

                                          STATION:  FLORENCE SC
                                          MONTH:    MAY
                                          YEAR:     2011
                                          LATITUDE:   34 10 N
                                          LONGITUDE:  79 43 W

[TEMPERATURE DATA]      [PRECIPITATION DATA]       SYMBOLS USED IN COLUMN 16

AVERAGE MONTHLY: 72.3   TOTAL FOR MONTH:   1.60    1 = FOG OR MIST
DPTR FM NORMAL:   1.3   DPTR FM NORMAL:   -1.71    2 = FOG REDUCING VISIBILITY
HIGHEST:    96 ON 31    GRTST 24HR  0.62 ON 10-11      TO 1/4 MILE OR LESS
LOWEST:     45 ON  5                               3 = THUNDER
                        SNOW, ICE PELLETS, HAIL    4 = ICE PELLETS
                        TOTAL MONTH:   M           5 = HAIL
                        GRTST 24HR    M  ON  M     6 = FREEZING RAIN OR DRIZZLE
                        GRTST DEPTH:  M  ON  M     7 = DUSTSTORM OR SANDSTORM:
                                                       VSBY 1/2 MILE OR LESS
                                                   8 = SMOKE OR HAZE
[NO. OF DAYS WITH]      [WEATHER - DAYS WITH]      9 = BLOWING SNOW
                                                   X = TORNADO
MAX 32 OR BELOW:   0    0.01 INCH OR MORE:  11
MAX 90 OR ABOVE:   7    0.10 INCH OR MORE:   3
MIN 32 OR BELOW:   0    0.50 INCH OR MORE:   1
MIN  0 OR BELOW:   0    1.00 INCH OR MORE:   0

[HDD (BASE 65) ]
TOTAL THIS MO.    18    CLEAR  (SCALE 0-3)  16
DPTR FM NORMAL    18    PTCLDY (SCALE 4-7)  14
TOTAL FM JUL 1  2680    CLOUDY (SCALE 8-10)  1
DPTR FM NORMAL   108

[CDD (BASE 65) ]
TOTAL THIS MO.   252
DPTR FM NORMAL    49    [PRESSURE DATA]
TOTAL FM JAN 1   390    HIGHEST SLP 30.31 ON  5
DPTR FM NORMAL    93    LOWEST  SLP 29.55 ON 15

[REMARKS]
CORRECTED ON 12-7-2011 FOR MAY 10TH RAINFALL TOTAL.
#FINAL-05-11#
