000
CXUS52 KILM 011000
CF6FLO
PRELIMINARY LOCAL CLIMATOLOGICAL DATA (WS FORM: F-6)

                                          STATION:   FLORENCE SC
                                          MONTH:     SEPTEMBER
                                          YEAR:      2011
                                          LATITUDE:   34 10 N
                                          LONGITUDE:  79 43 W

  TEMPERATURE IN F:       :PCPN:    SNOW:  WIND      :SUNSHINE: SKY     :PK WND
================================================================================
1   2   3   4   5  6A  6B    7    8   9   10  11  12  13   14  15   16   17  18
                                     12Z  AVG MX 2MIN
DY MAX MIN AVG DEP HDD CDD  WTR  SNW DPTH SPD SPD DIR MIN PSBL S-S WX    SPD DR
================================================================================

 1  89  64  77  -1   0  12 0.00    M    M  3.7 13  30   M    M   0 1      20  40
 2  93  66  80   2   0  15 0.03    M    M  5.0 16 320   M    M   1 13     24 330
 3  91  70  81   3   0  16 0.00    M    M  5.2 21 140   M    M   3 1      26 130
 4  91  66  79   1   0  14 0.00    M    M   M   M 170   M    M   3         M  M
 5  90  73  82   5   0  17 0.01    M    M  8.1 18 190   M    M   5 1      24 190
 6  87  72  80   3   0  15 0.65    M    M  9.8 30 240   M    M   6 138    45 210
 7  84  60  72  -5   0   7 0.00    M    M  5.0 17 170   M    M   0 8      23 180
 8  84  60  72  -5   0   7 0.00    M    M  1.5  9 140   M    M   2 1      14 130
 9  85  63  74  -2   0   9 0.00    M    M  4.3 14 230   M    M   1        16 260
10  89  60  75  -1   0  10 0.00    M    M  3.5 13 210   M    M   0 1      20 190
11  91  60  76   0   0  11 0.00    M    M  3.6 14 150   M    M   0        23 190
12  92  65  79   3   0  14 0.00    M    M  5.0 14 110   M    M   1 1      17 110
13  92  64  78   3   0  13 0.00    M    M  2.3 17 180   M    M   1 1      23 190
14  91  64  78   3   0  13 0.00    M    M  3.3 13 180   M    M   1 1      18 160
15  94  64  79   4   0  14 0.07    M    M  6.1 24  30   M    M   2 13     31 240
16  70  58  64 -10   1   0 0.01    M    M 12.0 28  40   M    M  10        36  20
17  64  57  61 -13   4   0    T    M    M  8.5 14  30   M    M  10 1      17  20
18  72  61  67  -7   0   2 0.00    M    M  8.7 17  30   M    M   9 1      22  30
19  78  60  69  -4   0   4 0.00    M    M  6.8 13  60   M    M   7        17  60
20  78  67  73   0   0   8 0.04    M    M  5.2 12  80   M    M   8 1      15  20
21  88  69  79   6   0  14 0.02    M    M  6.0 17 150   M    M   7 128    22 150
22  83  69  76   4   0  11 0.02    M    M  3.4 12 330   M    M   2 1      14 340
23  79  70  75   3   0  10 0.38    M    M  3.1 10 250   M    M   5 12     14 220
24  84  70  77   5   0  12 0.23    M    M  4.0 13 100   M    M   8 123    21  40
25  85  68  77   6   0  12 0.75    M    M  6.1 16 270   M    M   6 12     24 260
26  85  67  76   5   0  11 0.70    M    M  3.4 20 170   M    M   6 138    23 170
27  90  72  81  10   0  16 0.00    M    M  6.5 16 250   M    M   4 1      21 240
28  88  68  78   8   0  13 0.00    M    M  3.7 14 240   M    M   3        18 230
29  87  66  77   7   0  12 0.00    M    M  3.1 15 220   M    M   1 1      18 280
30  87  61  74   4   0   9 0.04    M    M  6.2 21 350   M    M   1 13     28 340
================================================================================
SM 2561 1954         5 321  2.95    M    153.1          M      113
================================================================================
AV 85.4 65.1                               5.3 FASTST   M    M   4    MAX(MPH)
                                 MISC ---->  # 30 240               # 45  210
================================================================================
NOTES:
# LAST OF SEVERAL OCCURRENCES

COLUMN 17 PEAK WIND IN M.P.H.

PRELIMINARY LOCAL CLIMATOLOGICAL DATA (WS FORM: F-6) , PAGE 2

                                          STATION:  FLORENCE SC
                                          MONTH:    SEPTEMBER
                                          YEAR:     2011
                                          LATITUDE:   34 10 N
                                          LONGITUDE:  79 43 W

[TEMPERATURE DATA]      [PRECIPITATION DATA]       SYMBOLS USED IN COLUMN 16

AVERAGE MONTHLY: 75.2   TOTAL FOR MONTH:   2.95    1 = FOG OR MIST
DPTR FM NORMAL:   1.1   DPTR FM NORMAL:   -0.72    2 = FOG REDUCING VISIBILITY
HIGHEST:    94 ON 15    GRTST 24HR  1.45 ON 25-26      TO 1/4 MILE OR LESS
LOWEST:     57 ON 17                               3 = THUNDER
                        SNOW, ICE PELLETS, HAIL    4 = ICE PELLETS
                        TOTAL MONTH:    M          5 = HAIL
                        GRTST 24HR    M  ON   M    6 = FREEZING RAIN OR DRIZZLE
                        GRTST DEPTH:  M  ON   M    7 = DUSTSTORM OR SANDSTORM:
                                                       VSBY 1/2 MILE OR LESS
                                                   8 = SMOKE OR HAZE
[NO. OF DAYS WITH]      [WEATHER - DAYS WITH]      9 = BLOWING SNOW
                                                   X = TORNADO
MAX 32 OR BELOW:   0    0.01 INCH OR MORE:  13
MAX 90 OR ABOVE:  10    0.10 INCH OR MORE:   5
MIN 32 OR BELOW:   0    0.50 INCH OR MORE:   3
MIN  0 OR BELOW:   0    1.00 INCH OR MORE:   0

[HDD (BASE 65) ]
TOTAL THIS MO.     5    CLEAR  (SCALE 0-3)  17
DPTR FM NORMAL    -4    PTCLDY (SCALE 4-7)   9
TOTAL FM JUL 1     5    CLOUDY (SCALE 8-10)  4
DPTR FM NORMAL    -4

[CDD (BASE 65) ]
TOTAL THIS MO.   321
DPTR FM NORMAL    35    [PRESSURE DATA]
TOTAL FM JAN 1  2384    HIGHEST SLP 30.30 ON 18
DPTR FM NORMAL   428    LOWEST  SLP 29.63 ON 30

[REMARKS]
#FINAL-09-11#
