000
CXUS52 KILM 222131
CF6FLO
PRELIMINARY LOCAL CLIMATOLOGICAL DATA (WS FORM: F-6)

                                          STATION:   FLORENCE SC
                                          MONTH:     MAY
                                          YEAR:      2012
                                          LATITUDE:   34 10 N
                                          LONGITUDE:  79 43 W

  TEMPERATURE IN F:       :PCPN:    SNOW:  WIND      :SUNSHINE: SKY     :PK WND
================================================================================
1   2   3   4   5  6A  6B    7    8   9   10  11  12  13   14  15   16   17  18
                                     12Z  AVG MX 2MIN
DY MAX MIN AVG DEP HDD CDD  WTR  SNW DPTH SPD SPD DIR MIN PSBL S-S WX    SPD DR
================================================================================

 1  87  67  77  10   0  12 0.00    M    M  7.7 14 210   M    M   4 18     32 330
 2  89  64  77  10   0  12 0.00    M    M  5.2 14 230   M    M   2 12     28 320
 3  90  63  77   9   0  12 0.00    M    M  5.0 14 280   M    M   2 1      28 270
 4  89  63  76   8   0  11 0.00    M    M  5.8 15 260   M    M   1 1      18 270
 5  92  67  80  12   0  15    T    M    M  7.0 16 290   M    M   2        22 290
 6  80  66  73   5   0   8    T    M    M  8.0 17  70   M    M   6        23  30
 7  82  61  72   3   0   7 0.00    M    M  6.8 20 130   M    M   3        25 140
 8  84  61  73   4   0   8 0.00    M    M  6.1 17 140   M    M   5        22 140
 9  81  63  72   3   0   7 0.52    M    M  5.9 25 330   M    M   8 138    31  60
10  78  56  67  -3   0   2 0.00    M    M  5.9 15 320   M    M   1 1      29 330
11  79  53  66  -4   0   1 0.00    M    M  4.7 15  50   M    M   1        20  60
12  81  52  67  -3   0   2 0.00    M    M  3.1 13 140   M    M   0        17 160
13  77  58  68  -2   0   3 0.49    M    M  6.4 18 160   M    M   6 1      35 290
14  82  65  74   4   0   9 0.55    M    M  7.5 20 170   M    M   7 1      24 170
15  87  66  77   6   0  12 0.30    M    M  4.7 16  30   M    M   5 138    28 360
16  84  68  76   5   0  11    T    M    M  2.7 14 110   M    M   6 13     22  60
17  84  65  75   4   0  10 2.90    M    M  5.6 22 170   M    M   7 123    28 160
18  76  62  69  -3   0   4 0.08    M    M  9.0 16  30   M    M   8 18     22  40
19  74  59  67  -5   0   2 0.00    M    M  8.2 20  30   M    M   1        25  30
20  85  55  70  -2   0   5 0.00    M    M  7.9 20  50   M    M   4        25  50
21  85  65  75   3   0  10 0.71    M    M  4.6 21  90   M    M   5 3      25 110
22  87  64  76   3   0  11 0.27    M    M  4.7 16 210   M    M   2 138    21 190
23  85  63  74   1   0   9    T    M    M  4.0 20  30   M    M   3 13     24  30
24  89  67  78   5   0  13 0.00    M    M  3.6 15 140   M    M   4 128    17 140
25  90  68  79   6   0  14 0.00    M    M  6.0 15  30   M    M   4 1      22  50
26  88  70  79   5   0  14 0.00    M    M  9.8 20  50   M    M   1        31  70
27  89  71  80   6   0  15    T    M    M  9.5 20 110   M    M   4        23 120
28  89  73  81   7   0  16    T    M    M  9.9 20 150   M    M   4        24 150
29  89  73  81   7   0  16 0.09    M    M  6.8 23 160   M    M   5 1238   30 170
30  87  68  78   3   0  13 1.99    M    M  9.3 22 350   M    M   5 1      29 350
31  91  66  79   4   0  14 0.00    M    M  6.7 15 170   M    M   0        30 270
================================================================================
SM 2630 1982         0 298  7.90    M    198.1          M      116
================================================================================
AV 84.8 63.9                               6.4 FASTST   M    M   4    MAX(MPH)
                                 MISC ---->  # 25 330               # 35  290
================================================================================
NOTES:
# LAST OF SEVERAL OCCURRENCES

COLUMN 17 PEAK WIND IN M.P.H.

PRELIMINARY LOCAL CLIMATOLOGICAL DATA (WS FORM: F-6) , PAGE 2

                                          STATION:  FLORENCE SC
                                          MONTH:    MAY
                                          YEAR:     2012
                                          LATITUDE:   34 10 N
                                          LONGITUDE:  79 43 W

[TEMPERATURE DATA]      [PRECIPITATION DATA]       SYMBOLS USED IN COLUMN 16

AVERAGE MONTHLY: 74.4   TOTAL FOR MONTH:   7.90    1 = FOG OR MIST
DPTR FM NORMAL:   3.3   DPTR FM NORMAL:    4.64    2 = FOG REDUCING VISIBILITY
HIGHEST:    92 ON  5    GRTST 24HR  2.98 ON 17-18      TO 1/4 MILE OR LESS
LOWEST:     52 ON 12                               3 = THUNDER
                        SNOW, ICE PELLETS, HAIL    4 = ICE PELLETS
                        TOTAL MONTH:    M          5 = HAIL
                        GRTST 24HR    M  ON   M    6 = FREEZING RAIN OR DRIZZLE
                        GRTST DEPTH:  M  ON   M    7 = DUSTSTORM OR SANDSTORM:
                                                       VSBY 1/2 MILE OR LESS
                                                   8 = SMOKE OR HAZE
[NO. OF DAYS WITH]      [WEATHER - DAYS WITH]      9 = BLOWING SNOW
                                                   X = TORNADO
MAX 32 OR BELOW:   0    0.01 INCH OR MORE:  10
MAX 90 OR ABOVE:   4    0.10 INCH OR MORE:   8
MIN 32 OR BELOW:   0    0.50 INCH OR MORE:   5
MIN  0 OR BELOW:   0    1.00 INCH OR MORE:   2

[HDD (BASE 65) ]
TOTAL THIS MO.     0    CLEAR  (SCALE 0-3)  11
DPTR FM NORMAL   -23    PTCLDY (SCALE 4-7)  20
TOTAL FM JUL 1  1898    CLOUDY (SCALE 8-10)  0
DPTR FM NORMAL  -625

[CDD (BASE 65) ]
TOTAL THIS MO.   298
DPTR FM NORMAL    87    [PRESSURE DATA]
TOTAL FM JAN 1   510    HIGHEST SLP 30.34 ON 12
DPTR FM NORMAL   203    LOWEST  SLP 29.66 ON 30

[REMARKS]
#FINAL-05-12#
