000
CXUS52 KILM 011000
CF6FLO
PRELIMINARY LOCAL CLIMATOLOGICAL DATA (WS FORM: F-6)

                                          STATION:   FLORENCE SC
                                          MONTH:     AUGUST
                                          YEAR:      2011
                                          LATITUDE:   34 10 N
                                          LONGITUDE:  79 43 W

  TEMPERATURE IN F:       :PCPN:    SNOW:  WIND      :SUNSHINE: SKY     :PK WND
================================================================================
1   2   3   4   5  6A  6B    7    8   9   10  11  12  13   14  15   16   17  18
                                     12Z  AVG MX 2MIN
DY MAX MIN AVG DEP HDD CDD  WTR  SNW DPTH SPD SPD DIR MIN PSBL S-S WX    SPD DR
================================================================================

 1  93  71  82   1   0  17 0.00    M    M  4.3 10  10   M    M   5 1      15 330
 2  97  72  85   4   0  20 0.00    M    M  4.2 12 270   M    M   0 18     16 300
 3  98  73  86   5   0  21 0.00    M    M  6.0 14 230   M    M   0        20 220
 4  98  78  88   7   0  23 0.00    M    M  6.1 15  20   M    M   1        17  30
 5  91  75  83   2   0  18 0.12    M    M  5.7 15 100   M    M   3 138    18  80
 6  93  74  84   3   0  19    T    M    M  4.6 22 160   M    M   5 1      25 160
 7  97  74  86   5   0  21    T    M    M  7.2 15 240   M    M   1 1      20 260
 8 100  77  89   8   0  24 0.00    M    M  5.2 21 350   M    M   0 8      26 340
 9  98  75  87   6   0  22 0.00    M    M  6.9 16 310   M    M   0 8      22 310
10  97  75  86   5   0  21 0.00    M    M  5.4 17 260   M    M   1        25 250
11  96  70  83   3   0  18 0.99    M    M  5.2 37 340   M    M   1 13     44 350
12  87  71  79  -1   0  14 0.67    M    M  5.2 21 200   M    M   3 13     25 190
13  87  73  80   0   0  15 0.35    M    M  6.3 24 160   M    M   3 13     32 170
14  89  71  80   0   0  15    T    M    M  4.4 17 170   M    M   5 18     22 250
15  89  68  79  -1   0  14 0.00    M    M  4.8 15 290   M    M   2 1      20 300
16  90  64  77  -3   0  12 0.00    M    M  2.8 13  20   M    M   0        15  20
17  92  65  79  -1   0  14 0.00    M    M  3.1 12  60   M    M   1 18     15 130
18  92  69  81   1   0  16 0.00    M    M  4.8 20 130   M    M   1 18     24 120
19  93  66  80   0   0  15 0.00    M    M  4.5 13 250   M    M   1 1      16 260
20  92  70  81   1   0  16 0.00    M    M  3.5 22 200   M    M   1 1      29 200
21  95  71  83   3   0  18 0.02    M    M  7.8 17 220   M    M   4 123    24 250
22  93  70  82   2   0  17 0.03    M    M  5.6 21  50   M    M   1 13     25  10
23  90  69  80   1   0  15    T    M    M  8.1 15  60   M    M   5 3      20  60
24  91  69  80   1   0  15 0.00    M    M  6.4 16 160   M    M   2 1      22 150
25  94  70  82   3   0  17 0.00    M    M  3.8 15 120   M    M   1 1      21 130
26  90  73  82   3   0  17 0.29    M    M 13.8 32  40   M    M   4 1      43  50
27  93  75  84   5   0  19 0.18    M    M 13.6 29 310   M    M   5        38 320
28  93  67  80   1   0  15 0.00    M    M  4.0 10  10   M    M   0        14  20
29  95  68  82   3   0  17 0.06    M    M  6.7 28 150   M    M   1 18     36 150
30  85  68  77  -1   0  12 0.03    M    M  8.4 15  50   M    M   5 138    18  50
31  89  65  77  -1   0  12 0.00    M    M  6.0 13  60   M    M   1 1      18  40
================================================================================
SM 2877 2196         0 529  2.74    M    184.4          M       63
================================================================================
AV 92.8 70.8                               5.9 FASTST   M    M   2    MAX(MPH)
                                 MISC ---->  # 37 340               # 44  350
================================================================================
NOTES:
# LAST OF SEVERAL OCCURRENCES

COLUMN 17 PEAK WIND IN M.P.H.

PRELIMINARY LOCAL CLIMATOLOGICAL DATA (WS FORM: F-6) , PAGE 2

                                          STATION:  FLORENCE SC
                                          MONTH:    AUGUST
                                          YEAR:     2011
                                          LATITUDE:   34 10 N
                                          LONGITUDE:  79 43 W

[TEMPERATURE DATA]      [PRECIPITATION DATA]       SYMBOLS USED IN COLUMN 16

AVERAGE MONTHLY: 81.8   TOTAL FOR MONTH:   2.74    1 = FOG OR MIST
DPTR FM NORMAL:   1.9   DPTR FM NORMAL:   -2.50    2 = FOG REDUCING VISIBILITY
HIGHEST:   100 ON  8    GRTST 24HR  1.66 ON 11-12      TO 1/4 MILE OR LESS
LOWEST:     64 ON 16                               3 = THUNDER
                        SNOW, ICE PELLETS, HAIL    4 = ICE PELLETS
                        TOTAL MONTH:    M          5 = HAIL
                        GRTST 24HR    M  ON   M    6 = FREEZING RAIN OR DRIZZLE
                        GRTST DEPTH:  M  ON   M    7 = DUSTSTORM OR SANDSTORM:
                                                       VSBY 1/2 MILE OR LESS
                                                   8 = SMOKE OR HAZE
[NO. OF DAYS WITH]      [WEATHER - DAYS WITH]      9 = BLOWING SNOW
                                                   X = TORNADO
MAX 32 OR BELOW:   0    0.01 INCH OR MORE:  10
MAX 90 OR ABOVE:  25    0.10 INCH OR MORE:   6
MIN 32 OR BELOW:   0    0.50 INCH OR MORE:   2
MIN  0 OR BELOW:   0    1.00 INCH OR MORE:   0

[HDD (BASE 65) ]
TOTAL THIS MO.     0    CLEAR  (SCALE 0-3)  23
DPTR FM NORMAL     0    PTCLDY (SCALE 4-7)   8
TOTAL FM JUL 1     0    CLOUDY (SCALE 8-10)  0
DPTR FM NORMAL     0

[CDD (BASE 65) ]
TOTAL THIS MO.   529
DPTR FM NORMAL    65    [PRESSURE DATA]
TOTAL FM JAN 1  2063    HIGHEST SLP 30.19 ON 31
DPTR FM NORMAL   393    LOWEST  SLP 29.44 ON 27

[REMARKS]
#FINAL-08-11#
