000
CXUS52 KILM 011653
CF6FLO
PRELIMINARY LOCAL CLIMATOLOGICAL DATA (WS FORM: F-6)

                                          STATION:   FLORENCE SC
                                          MONTH:     FEBRUARY
                                          YEAR:      2014
                                          LATITUDE:   34 10 N
                                          LONGITUDE:  79 43 W

  TEMPERATURE IN F:       :PCPN:    SNOW:  WIND      :SUNSHINE: SKY     :PK WND
================================================================================
1   2   3   4   5  6A  6B    7    8   9   10  11  12  13   14  15   16   17  18
                                     12Z  AVG MX 2MIN
DY MAX MIN AVG DEP HDD CDD  WTR  SNW DPTH SPD SPD DIR MIN PSBL S-S WX    SPD DR
================================================================================

 1  45  26  36 -10  29   0 0.48    M    M  2.3  9  90   M    M   7 18     10  90
 2  62  42  52   6  13   0 0.00    M    M  4.0  9 230   M    M   6 12     13 230
 3  76  47  62  16   3   0 0.00    M    M 11.6 25 260   M    M   7 1      32 260
 4  47  41  44  -3  21   0 0.01    M    M  8.8 15  60   M    M   9 18     20  50
 5  69  41  55   8  10   0 0.05    M    M  7.5 21 260   M    M   6 12     26 270
 6  49  38  44  -3  21   0 0.02    M    M  7.9 17  20   M    M   2        23  40
 7  53  29  41  -6  24   0 0.00    M    M  3.0  9  90   M    M   1 18     14  60
 8  54  34  44  -3  21   0 0.02    M    M  3.0 10  50   M    M   2 18     12  10
 9  62  29  46  -1  19   0 0.00    M    M  5.1 15 230   M    M   2 18     20 210
10  56  37  47  -1  18   0 0.01    M    M  6.8 16  20   M    M   5 1      21  20
11  39  29  34 -14  31   0 0.53    M    M 10.0 17  50   M    M   8 1468   22  30
12  32  27  30 -18  35   0 0.92    M    M 12.0 17  40   M    M  10 146    31  50
13  37  32  35 -13  30   0 0.43    M    M  8.8 15 260   M    M   4 1      21 260
14  58  32  45  -3  20   0 0.00    M    M  7.8 16 240   M    M   0 1      23 240
15  55  29  42  -6  23   0 0.33    M    M 11.2 24 330   M    M   5 1      37 330
16  60  30  45  -4  20   0 0.00    M    M  3.9 15 250   M    M   3        18 250
17  56  33  45  -4  20   0 0.00    M    M  7.1 20 140   M    M   2        24 150
18  68  36  52   3  13   0    T    M    M  3.6 10 330   M    M   2 1      15 220
19  80  55  68  19   0   3    T    M    M 10.9 26 270   M    M   3        32 270
20  83  53  68  18   0   3 0.00    M    M  8.7 23 230   M    M   1        29 210
21  73  48  61  11   4   0 0.42    M    M 11.5 29 250   M    M   6 13     38 250
22  70  39  55   5  10   0 0.00    M    M  4.9 15  70   M    M   0        19  50
23  66  37  52   2  13   0 0.00    M    M  3.6 13 210   M    M   0 18     17 230
24  68  45  57   7   8   0 0.00    M    M  5.5 16  40   M    M   0 1      20  10
25  74  41  58   7   7   0 0.00    M    M  8.4 24 270   M    M   1        33 270
26  48  34  41 -10  24   0 0.14    M    M  6.3 13 100   M    M   8 1      16 120
27  58  26  42  -9  23   0 0.00    M    M  5.1 18 250   M    M   2 12     24 250
28  56  32  44  -7  21   0 0.00    M    M 10.5 18  60   M    M   2        26  60
================================================================================
SM 1654 1022       481   6  3.36    M    199.8          M      104
================================================================================
AV 59.1 36.5                               7.1 FASTST   M    M   4    MAX(MPH)
                                 MISC ---->  # 29 250               # 38  250
================================================================================
NOTES:
# LAST OF SEVERAL OCCURRENCES

COLUMN 17 PEAK WIND IN M.P.H.

PRELIMINARY LOCAL CLIMATOLOGICAL DATA (WS FORM: F-6) , PAGE 2

                                          STATION:  FLORENCE SC
                                          MONTH:    FEBRUARY
                                          YEAR:     2014
                                          LATITUDE:   34 10 N
                                          LONGITUDE:  79 43 W

[TEMPERATURE DATA]      [PRECIPITATION DATA]       SYMBOLS USED IN COLUMN 16

AVERAGE MONTHLY: 47.8   TOTAL FOR MONTH:   3.36    1 = FOG OR MIST
DPTR FM NORMAL:  -0.7   DPTR FM NORMAL:    0.44    2 = FOG REDUCING VISIBILITY
HIGHEST:    83 ON 20    GRTST 24HR  0.92 ON 12-12      TO 1/4 MILE OR LESS
LOWEST:     26 ON 27, 1                            3 = THUNDER
                        SNOW, ICE PELLETS, HAIL    4 = ICE PELLETS
                        TOTAL MONTH:    M          5 = HAIL
                        GRTST 24HR    M  ON   M    6 = FREEZING RAIN OR DRIZZLE
                        GRTST DEPTH:  M  ON   M    7 = DUSTSTORM OR SANDSTORM:
                                                       VSBY 1/2 MILE OR LESS
                                                   8 = SMOKE OR HAZE
[NO. OF DAYS WITH]      [WEATHER - DAYS WITH]      9 = BLOWING SNOW
                                                   X = TORNADO
MAX 32 OR BELOW:   1    0.01 INCH OR MORE:  12
MAX 90 OR ABOVE:   0    0.10 INCH OR MORE:   7
MIN 32 OR BELOW:  11    0.50 INCH OR MORE:   2
MIN  0 OR BELOW:   0    1.00 INCH OR MORE:   0

[HDD (BASE 65) ]
TOTAL THIS MO.   481    CLEAR  (SCALE 0-3)  15
DPTR FM NORMAL    17    PTCLDY (SCALE 4-7)  10
TOTAL FM JUL 1  2129    CLOUDY (SCALE 8-10)  3
DPTR FM NORMAL    63

[CDD (BASE 65) ]
TOTAL THIS MO.     6
DPTR FM NORMAL     2    [PRESSURE DATA]
TOTAL FM JAN 1     6    HIGHEST SLP 30.25 ON 28
DPTR FM NORMAL     0    LOWEST  SLP 29.79 ON 27

[REMARKS]
CORRECTED MONTHLY RAINFALL
#FINAL-02-14#
