000
CXUS52 KILM 011000
CF6FLO
PRELIMINARY LOCAL CLIMATOLOGICAL DATA (WS FORM: F-6)

                                          STATION:   FLORENCE SC
                                          MONTH:     MARCH
                                          YEAR:      2014
                                          LATITUDE:   34 10 N
                                          LONGITUDE:  79 43 W

  TEMPERATURE IN F:       :PCPN:    SNOW:  WIND      :SUNSHINE: SKY     :PK WND
================================================================================
1   2   3   4   5  6A  6B    7    8   9   10  11  12  13   14  15   16   17  18
                                     12Z  AVG MX 2MIN
DY MAX MIN AVG DEP HDD CDD  WTR  SNW DPTH SPD SPD DIR MIN PSBL S-S WX    SPD DR
================================================================================

 1  58  37  48  -4  17   0 0.00    M    M  4.7 12  20   M    M   7 1      15  40
 2  73  33  53   1  12   0 0.00    M    M  5.7 16 230   M    M   0 18     20 240
 3  67  31  49  -3  16   0 0.06    M    M 13.1 30  20   M    M   6 1      39  30
 4  39  24  32 -20  33   0 0.00    M    M  9.3 20  20   M    M  10        23  30
 5  40  33  37 -16  28   0 0.23    M    M  6.2 13  10   M    M   8 1      17  30
 6  44  32  38 -15  27   0 1.06    M    M 15.6 28  50   M    M   7 1      37  50
 7  42  35  39 -14  26   0 0.47    M    M 12.1 22  10   M    M   9 1      29  30
 8  69  30  50  -4  15   0 0.00    M    M  7.1 15 270   M    M   0 1      21 250
 9  73  44  59   5   6   0 0.00    M    M  5.1 13 270   M    M   0        16 250
10  76  39  58   4   7   0 0.00    M    M  6.3 17 260   M    M   0        21 250
11  82  47  65  11   0   0 0.00    M    M  7.4 16 250   M    M   0        23 250
12  76  49  63   8   2   0 0.08    M    M 14.6 30 320   M    M   6 1      44 270
13  54  30  42 -13  23   0 0.00    M    M  9.6 23 340   M    M   0        31 290
14  65  25  45 -10  20   0 0.00    M    M  6.8 20 220   M    M   0        25 190
15  76  53  65  10   0   0 0.00    M    M  8.5 22 250   M    M   3        28 230
16  56  52  54  -2  11   0 0.47    M    M  5.4 20 130   M    M   8 1      24 130
17  54  36  45 -11  20   0 0.18    M    M 11.1 21  20   M    M  10 1      26  30
18  45  35  40 -16  25   0 0.02    M    M 12.4 21  20   M    M  10 1      25  20
19  51  40  46 -10  19   0 0.00    M    M  5.4 13 260   M    M   8 12     14 260
20  73  37  55  -2  10   0 0.00    M    M  3.9 15 280   M    M   1 12     18 220
21  71  38  55  -2  10   0 0.00    M    M  7.4 15  10   M    M   0        19  30
22  80  43  62   5   3   0 0.00    M    M  5.7 18 240   M    M   1        23 230
23  71  41  56  -2   9   0    T    M    M  8.5 22 360   M    M   7 12     25 360
24  57  37  47 -11  18   0 0.00    M    M  7.4 18  60   M    M   0 18     24  60
25  51  38  45 -13  20   0 0.09    M    M  7.4 25 330   M    M   7 1      33 340
26  53  29  41 -17  24   0 0.00    M    M  7.7 20 320   M    M   0        24 280
27  65  27  46 -12  19   0 0.00    M    M  6.8 20 200   M    M   0        24 150
28  72  41  57  -2   8   0 0.75    M    M  6.1 21 190   M    M   7 1      25 190
29  78  60  69  10   0   4 1.14    M    M  9.3 20 260   M    M   7 1      25 260
30  64  47  56  -3   9   0 0.00    M    M 16.2 31 330   M    M   3        45 340
31  76  41  59  -1   6   0 0.00    M    M  5.6 14 330   M    M   0 8      20 340
================================================================================
SM 1951 1184       443   4  4.55    M    258.4          M      125
================================================================================
AV 62.9 38.2                               8.3 FASTST   M    M   4    MAX(MPH)
                                 MISC ---->  # 31 330               # 45  340
================================================================================
NOTES:
# LAST OF SEVERAL OCCURRENCES

COLUMN 17 PEAK WIND IN M.P.H.

PRELIMINARY LOCAL CLIMATOLOGICAL DATA (WS FORM: F-6) , PAGE 2

                                          STATION:  FLORENCE SC
                                          MONTH:    MARCH
                                          YEAR:     2014
                                          LATITUDE:   34 10 N
                                          LONGITUDE:  79 43 W

[TEMPERATURE DATA]      [PRECIPITATION DATA]       SYMBOLS USED IN COLUMN 16

AVERAGE MONTHLY: 50.6   TOTAL FOR MONTH:   4.55    1 = FOG OR MIST
DPTR FM NORMAL:  -5.0   DPTR FM NORMAL:    1.22    2 = FOG REDUCING VISIBILITY
HIGHEST:    82 ON 11    GRTST 24HR  1.14 ON 29-29      TO 1/4 MILE OR LESS
LOWEST:     24 ON  4                               3 = THUNDER
                        SNOW, ICE PELLETS, HAIL    4 = ICE PELLETS
                        TOTAL MONTH:    M          5 = HAIL
                        GRTST 24HR    M  ON   M    6 = FREEZING RAIN OR DRIZZLE
                        GRTST DEPTH:  M  ON   M    7 = DUSTSTORM OR SANDSTORM:
                                                       VSBY 1/2 MILE OR LESS
                                                   8 = SMOKE OR HAZE
[NO. OF DAYS WITH]      [WEATHER - DAYS WITH]      9 = BLOWING SNOW
                                                   X = TORNADO
MAX 32 OR BELOW:   0    0.01 INCH OR MORE:  11
MAX 90 OR ABOVE:   0    0.10 INCH OR MORE:   7
MIN 32 OR BELOW:   8    0.50 INCH OR MORE:   3
MIN  0 OR BELOW:   0    1.00 INCH OR MORE:   2

[HDD (BASE 65) ]
TOTAL THIS MO.   443    CLEAR  (SCALE 0-3)  16
DPTR FM NORMAL   133    PTCLDY (SCALE 4-7)  10
TOTAL FM JUL 1  2572    CLOUDY (SCALE 8-10)  5
DPTR FM NORMAL   196

[CDD (BASE 65) ]
TOTAL THIS MO.     4
DPTR FM NORMAL   -14    [PRESSURE DATA]
TOTAL FM JAN 1    10    HIGHEST SLP 30.46 ON 27
DPTR FM NORMAL   -14    LOWEST  SLP 29.36 ON 12

[REMARKS]
#FINAL-03-14#
