000
CXUS52 KILM 011000
CF6FLO
PRELIMINARY LOCAL CLIMATOLOGICAL DATA (WS FORM: F-6)

                                          STATION:   FLORENCE SC
                                          MONTH:     APRIL
                                          YEAR:      2012
                                          LATITUDE:   34 10 N
                                          LONGITUDE:  79 43 W

  TEMPERATURE IN F:       :PCPN:    SNOW:  WIND      :SUNSHINE: SKY     :PK WND
================================================================================
1   2   3   4   5  6A  6B    7    8   9   10  11  12  13   14  15   16   17  18
                                     12Z  AVG MX 2MIN
DY MAX MIN AVG DEP HDD CDD  WTR  SNW DPTH SPD SPD DIR MIN PSBL S-S WX    SPD DR
================================================================================

 1  77  59  68   8   0   3 0.00    M    M  6.2 15  40   M    M   3 8      21 340
 2  86  60  73  13   0   8 0.00    M    M  9.4 20  70   M    M   1        24 320
 3  81  56  69   9   0   4 0.17    M    M  7.3 24 320   M    M   3 13     30 310
 4  85  60  73  13   0   8 0.07    M    M  6.2 21 320   M    M   2 138    26 320
 5  81  50  66   5   0   1 0.10    M    M  9.5 22  80   M    M   5 13     30  80
 6  65  43  54  -7  11   0 0.54    M    M  9.7 21  30   M    M   6 1      28  30
 7  70  37  54  -7  11   0 0.00    M    M  3.4 13  30   M    M   0        18  50
 8  79  47  63   2   2   0 0.00    M    M  5.2 16 250   M    M   0        21 250
 9  76  53  65   3   0   0 0.00    M    M  6.6 16 270   M    M   0        21 260
10  79  47  63   1   2   0    T    M    M  9.6 39 260   M    M   2        55 260
11  68  47  58  -4   7   0 0.00    M    M  9.6 21 320   M    M   0        25 320
12  65  37  51 -11  14   0 0.00    M    M  5.0 15  40   M    M   0        23 150
13  73  37  55  -8  10   0 0.00    M    M  2.2 10 280   M    M   0        14 290
14  77  42  60  -3   5   0 0.00    M    M  6.4 18 170   M    M   1        25 180
15  81  58  70   7   0   5 0.00    M    M  7.7 18 210   M    M   3        26 200
16  85  57  71   8   0   6 0.00    M    M  7.9 17 250   M    M   1        23 250
17  87  63  75  11   0  10 0.00    M    M  5.8 12 210   M    M   1        17 320
18  81  62  72   8   0   7 0.35    M    M  5.1 25 290   M    M   6 13     33 290
19  65  58  62  -2   3   0 0.00    M    M  6.9 13  10   M    M  10 1      22 340
20  73  60  67   3   0   2 0.00    M    M  2.5 12  40   M    M   9 18     23 350
21  82  55  69   4   0   4 0.00    M    M  4.5 21 160   M    M   5 12     26 150
22  68  52  60  -5   5   0 0.11    M    M  9.1 17 340   M    M  10 1      22 330
23  59  42  51 -14  14   0 0.00    M    M  8.9 24 320   M    M   6        33 310
24  67  40  54 -11  11   0    T    M    M  9.2 23 330   M    M   1        35 340
25  76  49  63  -3   2   0 0.02    M    M  5.1 12 210   M    M   4        21 180
26  85  64  75   9   0  10 0.12    M    M 12.2 28 260   M    M   2 3      38 260
27  86  64  75   9   0  10 0.42    M    M  6.5 22 340   M    M   4 13     35 240
28  73  65  69   3   0   4 0.31    M    M  6.3 14  50   M    M  10 1238   24 350
29  84  62  73   6   0   8 0.00    M    M  4.7 12 140   M    M   5 18     15 140
30  83  68  76   9   0  11 0.00    M    M  6.9 15 140   M    M   7 18     28 260
================================================================================
SM 2297 1594        97 101  2.21    M    205.6          M      107
================================================================================
AV 76.6 53.1                               6.9 FASTST   M    M   4    MAX(MPH)
                                 MISC ---->  # 39 260               # 55  260
================================================================================
NOTES:
# LAST OF SEVERAL OCCURRENCES

COLUMN 17 PEAK WIND IN M.P.H.

PRELIMINARY LOCAL CLIMATOLOGICAL DATA (WS FORM: F-6) , PAGE 2

                                          STATION:  FLORENCE SC
                                          MONTH:    APRIL
                                          YEAR:     2012
                                          LATITUDE:   34 10 N
                                          LONGITUDE:  79 43 W

[TEMPERATURE DATA]      [PRECIPITATION DATA]       SYMBOLS USED IN COLUMN 16

AVERAGE MONTHLY: 64.8   TOTAL FOR MONTH:   2.21    1 = FOG OR MIST
DPTR FM NORMAL:   1.5   DPTR FM NORMAL:   -0.41    2 = FOG REDUCING VISIBILITY
HIGHEST:    87 ON 17    GRTST 24HR  0.73 ON 27-28      TO 1/4 MILE OR LESS
LOWEST:     37 ON 13,12                            3 = THUNDER
                        SNOW, ICE PELLETS, HAIL    4 = ICE PELLETS
                        TOTAL MONTH:    M          5 = HAIL
                        GRTST 24HR    M  ON   M    6 = FREEZING RAIN OR DRIZZLE
                        GRTST DEPTH:  M  ON   M    7 = DUSTSTORM OR SANDSTORM:
                                                       VSBY 1/2 MILE OR LESS
                                                   8 = SMOKE OR HAZE
[NO. OF DAYS WITH]      [WEATHER - DAYS WITH]      9 = BLOWING SNOW
                                                   X = TORNADO
MAX 32 OR BELOW:   0    0.01 INCH OR MORE:  10
MAX 90 OR ABOVE:   0    0.10 INCH OR MORE:   8
MIN 32 OR BELOW:   0    0.50 INCH OR MORE:   1
MIN  0 OR BELOW:   0    1.00 INCH OR MORE:   0

[HDD (BASE 65) ]
TOTAL THIS MO.    97    CLEAR  (SCALE 0-3)  16
DPTR FM NORMAL   -27    PTCLDY (SCALE 4-7)  10
TOTAL FM JUL 1  1898    CLOUDY (SCALE 8-10)  4
DPTR FM NORMAL  -602

[CDD (BASE 65) ]
TOTAL THIS MO.   101
DPTR FM NORMAL    29    [PRESSURE DATA]
TOTAL FM JAN 1   212    HIGHEST SLP 30.35 ON 14
DPTR FM NORMAL   116    LOWEST  SLP 29.44 ON 22

[REMARKS]
#FINAL-04-12#
