000
CXUS52 KILM 020128
CF6FLO
PRELIMINARY LOCAL CLIMATOLOGICAL DATA (WS FORM: F-6)

                                          STATION:   FLORENCE SC
                                          MONTH:     JUNE
                                          YEAR:      2011
                                          LATITUDE:   34 10 N
                                          LONGITUDE:  79 43 W

  TEMPERATURE IN F:       :PCPN:    SNOW:  WIND      :SUNSHINE: SKY     :PK WND
================================================================================
1   2   3   4   5  6A  6B    7    8   9   10  11  12  13   14  15   16   17  18
                                     12Z  AVG MX 2MIN
DY MAX MIN AVG DEP HDD CDD  WTR  SNW DPTH SPD SPD DIR MIN PSBL S-S WX    SPD DR
================================================================================

 1  93  72  83   8   0  18 0.00    M    M  5.8 14  90   M    M   0 18     24  70
 2  97  72  85  10   0  20 0.00    M    M  4.0 12 260   M    M   1 1      15 260
 3  90  71  81   6   0  16 0.00    M    M  6.3 14  30   M    M   1        17  30
 4  91  64  78   3   0  13 0.00    M    M  3.8 12 170   M    M   0 1      15 180
 5  97  71  84   8   0  19 0.00    M    M  7.6 15 350   M    M   0 18     18 360
 6  92  72  82   6   0  17 0.00    M    M  6.3 15  90   M    M   0 8      21  50
 7  92  67  80   4   0  15 0.00    M    M  4.6 13 210   M    M   3 18     16 210
 8  94  71  83   7   0  18 0.00    M    M  8.0 15 250   M    M   1 1      23 210
 9  94  73  84   7   0  19    T    M    M  6.9 15 180   M    M   1        18 190
10  93  68  81   4   0  16 0.00    M    M  5.8 15 170   M    M   0        18 160
11  94  66  80   3   0  15 0.00    M    M  4.6 14 150   M    M   0        18 150
12  95  70  83   6   0  18 0.00    M    M  6.9 25 360   M    M   2 3      30 360
13  94  71  83   6   0  18    T    M    M  5.1 12 340   M    M   2 13     16 330
14  90  71  81   4   0  16 0.00    M    M  6.9 16  30   M    M   4 138    21  30
15  90  64  77  -1   0  12    T    M    M  5.2 14 180   M    M   1 8      18  30
16  88  70  79   1   0  14    T    M    M  6.3 14 240   M    M   2 1      18 260
17  95  73  84   6   0  19 0.00    M    M  4.9 13  30   M    M   1 1      18  30
18  93  73  83   5   0  18 0.00    M    M  8.1 35 320   M    M   0 8      43 320
19  98  72  85   7   0  20    T    M    M  9.0 29 260   M    M   1 8      55 270
20 102  76  89  10   0  24 0.00    M    M  7.6 21 340   M    M   0        25 340
21 101  72  87   8   0  22 0.00    M    M  4.9 25 290   M    M   1 38     33 320
22  98  71  85   6   0  20 0.30    M    M  7.0 17 260   M    M   1 138    21 250
23  96  75  86   7   0  21    T    M    M  8.5 24 290   M    M   1 3      33 300
24  95  74  85   6   0  20 0.00    M    M 10.2 21 270   M    M   2        28 280
25  91  72  82   3   0  17 0.00    M    M  5.1 13 300   M    M   0        17 250
26  98  69  84   5   0  19 0.00    M    M  3.3 15 160   M    M   2 12     18 170
27  97  75  86   6   0  21 0.00    M    M  5.7 14 280   M    M   0        18 260
28  97  76  87   7   0  22    T    M    M  7.9 24 220   M    M   1 3      32 220
29  91  73  82   2   0  17 0.00    M    M  4.0 13  10   M    M   4 8      17 360
30  97  73  85   5   0  20 0.00    M    M  7.3 16 350   M    M   1 18     31  10
================================================================================
SM 2833 2137         0 544  0.30    M    187.6          M       33
================================================================================
AV 94.4 71.2                               6.3 FASTST   M    M   1    MAX(MPH)
                                 MISC ---->  # 35 320               # 55  270
================================================================================
NOTES:
# LAST OF SEVERAL OCCURRENCES

COLUMN 17 PEAK WIND IN M.P.H.

PRELIMINARY LOCAL CLIMATOLOGICAL DATA (WS FORM: F-6) , PAGE 2

                                          STATION:  FLORENCE SC
                                          MONTH:    JUNE
                                          YEAR:     2011
                                          LATITUDE:   34 10 N
                                          LONGITUDE:  79 43 W

[TEMPERATURE DATA]      [PRECIPITATION DATA]       SYMBOLS USED IN COLUMN 16

AVERAGE MONTHLY: 82.8   TOTAL FOR MONTH:   0.30    1 = FOG OR MIST
DPTR FM NORMAL:   5.2   DPTR FM NORMAL:   -3.97    2 = FOG REDUCING VISIBILITY
HIGHEST:   102 ON 20    GRTST 24HR  0.30 ON 22-22      TO 1/4 MILE OR LESS
LOWEST:     64 ON 15, 4                            3 = THUNDER
                        SNOW, ICE PELLETS, HAIL    4 = ICE PELLETS
                        TOTAL MONTH:    M          5 = HAIL
                        GRTST 24HR    M  ON   M    6 = FREEZING RAIN OR DRIZZLE
                        GRTST DEPTH:  M  ON   M    7 = DUSTSTORM OR SANDSTORM:
                                                       VSBY 1/2 MILE OR LESS
                                                   8 = SMOKE OR HAZE
[NO. OF DAYS WITH]      [WEATHER - DAYS WITH]      9 = BLOWING SNOW
                                                   X = TORNADO
MAX 32 OR BELOW:   0    0.01 INCH OR MORE:   1
MAX 90 OR ABOVE:  29    0.10 INCH OR MORE:   1
MIN 32 OR BELOW:   0    0.50 INCH OR MORE:   0
MIN  0 OR BELOW:   0    1.00 INCH OR MORE:   0

[HDD (BASE 65) ]
TOTAL THIS MO.     0    CLEAR  (SCALE 0-3)  27
DPTR FM NORMAL     0    PTCLDY (SCALE 4-7)   3
TOTAL FM JUL 1  2680    CLOUDY (SCALE 8-10)  0
DPTR FM NORMAL   108

[CDD (BASE 65) ]
TOTAL THIS MO.   544
DPTR FM NORMAL   165    [PRESSURE DATA]
TOTAL FM JAN 1   934    HIGHEST SLP 30.17 ON  4
DPTR FM NORMAL   258    LOWEST  SLP 29.75 ON 24

[REMARKS]
CORRECTED RAINFALL ON THE 22ND BASED ON RADAR AND SEVERAL NEARBY GAUGE TOTALS
#FINAL-06-11#
