000
CXUS52 KILM 211003
CF6FLO
PRELIMINARY LOCAL CLIMATOLOGICAL DATA (WS FORM: F-6)

                                          STATION:   FLORENCE SC
                                          MONTH:     APRIL
                                          YEAR:      2013
                                          LATITUDE:   34 10 N
                                          LONGITUDE:  79 43 W

  TEMPERATURE IN F:       :PCPN:    SNOW:  WIND      :SUNSHINE: SKY     :PK WND
================================================================================
1   2   3   4   5  6A  6B    7    8   9   10  11  12  13   14  15   16   17  18
                                     12Z  AVG MX 2MIN
DY MAX MIN AVG DEP HDD CDD  WTR  SNW DPTH SPD SPD DIR MIN PSBL S-S WX    SPD DR
================================================================================

 1  76  56  66   6   0   1 0.15    M    M  7.1 17 220   M    M   5 1      22 220
 2  67  47  57  -3   8   0 0.00    M    M  6.1 17  60   M    M   1        21  50
 3  61  52  57  -3   8   0 0.00    M    M  8.4 22  50   M    M   7        29  30
 4  52  44  48 -12  17   0 0.93    M    M 10.9 20  70   M    M   9 1      26  70
 5  60  41  51 -10  14   0 0.00    M    M  5.4 14 340   M    M   8 1      17 340
 6  72  39  56  -5   9   0 0.00    M    M  6.6 14 150   M    M   0 1      28  70
 7  77  42  60  -1   5   0 0.00    M    M  5.7 15 230   M    M   1        20 220
 8  82  50  66   5   0   1 0.00    M    M  5.6 15 180   M    M   4 12     20 250
 9  85  55  70   8   0   5 0.00    M    M  5.7 14 210   M    M   2 12     17 210
10  86  59  73  11   0   8 0.00    M    M  7.6 16 180   M    M   1        21 170
11  86  56  71   9   0   6 0.02    M    M  8.8 18 180   M    M   5 12     25 200
12  84  65  75  13   0  10 0.36    M    M 11.3 26 270   M    M   7 13     37 270
13  78  47  63   0   2   0 0.00    M    M  5.4 16  10   M    M   0        20  30
14  77  48  63   0   2   0 0.04    M    M  4.7 18 120   M    M   3 1      23 130
15  74  62  68   5   0   3    T    M    M  5.1 24 140   M    M   8 18     31 120
16  80  59  70   7   0   5 0.00    M    M  3.4 10 120   M    M   4 1      14  90
17  84  55  70   6   0   5 0.00    M    M  3.1 15 170   M    M   5 12     18 160
18  83  60  72   8   0   7 0.00    M    M  6.8 18 150   M    M   2 1       M 330
19  87  58  73   9   0   8 0.97    M    M 12.4 36 260   M    M   6 1      46 270
20  65  45  55  -9  10   0 0.12    M    M  5.6 20 360   M    M   1        25  10
21  70  42  56  -9   9   0 0.00    M    M 10.3 24  90   M    M   1        30  60
22  67  44  56  -9   9   0 0.00    M    M 12.4 22  50   M    M   2        30  60
23  69  50  60  -5   5   0    T    M    M  6.5 20  50   M    M   7 18     24  50
24  80  47  64  -1   1   0 0.00    M    M  7.2 17 260   M    M   2 12     23 220
25  76  53  65  -1   0   0 0.04    M    M  4.9 14  50   M    M   5 18     18  40
26  75  53  64  -2   1   0 0.00    M    M  4.6 14  50   M    M   3 1      18 130
27  76  53  65  -1   0   0 0.05    M    M  3.4 13 120   M    M   5 1      17 120
28  73  56  65  -1   0   0 0.74    M    M  5.4 15 180   M    M  10 1      20 170
29  75  61  68   1   0   3 1.50    M    M  3.9 17 160   M    M   8 13     22 140
30  78  60  69   2   0   4 0.06    M    M  5.6 15  40   M    M   8 12     20  50
================================================================================
SM 2255 1559       100  66  4.98    M    199.9          M      130
================================================================================
AV 75.2 52.0                               6.7 FASTST   M    M   4    MAX(MPH)
                                 MISC ---->  # 36 260               # 46  270
================================================================================
NOTES:
# LAST OF SEVERAL OCCURRENCES

COLUMN 17 PEAK WIND IN M.P.H.

PRELIMINARY LOCAL CLIMATOLOGICAL DATA (WS FORM: F-6) , PAGE 2

                                          STATION:  FLORENCE SC
                                          MONTH:    APRIL
                                          YEAR:     2013
                                          LATITUDE:   34 10 N
                                          LONGITUDE:  79 43 W

[TEMPERATURE DATA]      [PRECIPITATION DATA]       SYMBOLS USED IN COLUMN 16

AVERAGE MONTHLY: 63.6   TOTAL FOR MONTH:   4.98    1 = FOG OR MIST
DPTR FM NORMAL:   0.3   DPTR FM NORMAL:    2.36    2 = FOG REDUCING VISIBILITY
HIGHEST:    87 ON 19    GRTST 24HR  2.20 ON 28-29      TO 1/4 MILE OR LESS
LOWEST:     39 ON  6                               3 = THUNDER
                        SNOW, ICE PELLETS, HAIL    4 = ICE PELLETS
                        TOTAL MONTH:    M          5 = HAIL
                        GRTST 24HR    M  ON   M    6 = FREEZING RAIN OR DRIZZLE
                        GRTST DEPTH:  M  ON   M    7 = DUSTSTORM OR SANDSTORM:
                                                       VSBY 1/2 MILE OR LESS
                                                   8 = SMOKE OR HAZE
[NO. OF DAYS WITH]      [WEATHER - DAYS WITH]      9 = BLOWING SNOW
                                                   X = TORNADO
MAX 32 OR BELOW:   0    0.01 INCH OR MORE:  12
MAX 90 OR ABOVE:   0    0.10 INCH OR MORE:   7
MIN 32 OR BELOW:   0    0.50 INCH OR MORE:   4
MIN  0 OR BELOW:   0    1.00 INCH OR MORE:   1

[HDD (BASE 65) ]
TOTAL THIS MO.   100    CLEAR  (SCALE 0-3)  12
DPTR FM NORMAL   -24    PTCLDY (SCALE 4-7)  15
TOTAL FM JUL 1  2311    CLOUDY (SCALE 8-10)  3
DPTR FM NORMAL  -189

[CDD (BASE 65) ]
TOTAL THIS MO.    66
DPTR FM NORMAL    -6    [PRESSURE DATA]
TOTAL FM JAN 1    95    HIGHEST SLP 30.41 ON 26
DPTR FM NORMAL    -1    LOWEST  SLP 29.67 ON 12

[REMARKS]
CORRECTED PCPN TOTAL FOR APRIL 11
#FINAL-04-13#
