000
CXUS52 KILM 011000
CF6FLO
PRELIMINARY LOCAL CLIMATOLOGICAL DATA (WS FORM: F-6)

                                          STATION:   FLORENCE SC
                                          MONTH:     JANUARY
                                          YEAR:      2012
                                          LATITUDE:   34 10 N
                                          LONGITUDE:  79 43 W

  TEMPERATURE IN F:       :PCPN:    SNOW:  WIND      :SUNSHINE: SKY     :PK WND
================================================================================
1   2   3   4   5  6A  6B    7    8   9   10  11  12  13   14  15   16   17  18
                                     12Z  AVG MX 2MIN
DY MAX MIN AVG DEP HDD CDD  WTR  SNW DPTH SPD SPD DIR MIN PSBL S-S WX    SPD DR
================================================================================

 1   M   M   M   M   M   M    M    M    M   M   M   M   M    M   M         M  M
 2  53  38  46   1  19   0 0.00    M    M 10.4 20 340   M    M   1        32 340
 3  39  24  32 -13  33   0 0.00    M    M 11.5 23 340   M    M   1        32 340
 4  47  16  32 -13  33   0 0.00    M    M  5.1 14 210   M    M   0        17 210
 5  62  30  46   2  19   0 0.00    M    M  4.2 14 240   M    M   0        17 230
 6  68  32  50   6  15   0 0.00    M    M  5.3 15 220   M    M   0        20 190
 7  74  40  57  13   8   0 0.00    M    M  8.3 22 240   M    M   0        26 240
 8  71  49  60  16   5   0    T    M    M  3.9 10 110   M    M   5 1      13 260
 9  56  48  52   8  13   0 0.09    M    M  3.3  9  10   M    M  10 12     12  50
10  56  48  52   8  13   0 0.00    M    M  3.1  9  40   M    M  10 12     10  20
11  65  52  59  15   6   0 0.09    M    M  8.9 20 250   M    M   9 12     25 270
12  63  45  54   9  11   0    T    M    M 11.5 22 240   M    M   2        31 230
13  58  32  45   0  20   0 0.00    M    M 13.2 29 270   M    M   0        41 290
14  48  29  39  -6  26   0 0.00    M    M  7.4 15 250   M    M   0        20 250
15  51  32  42  -3  23   0 0.00    M    M  6.9 15 330   M    M   1        21 360
16  56  27  42  -3  23   0 0.00    M    M  5.4 13 160   M    M   1        17 160
17  69  45  57  12   8   0 0.09    M    M 10.4 23 210   M    M   4 1      31 210
18  59  38  49   4  16   0 0.15    M    M  8.5 17 360   M    M   5 1      22  10
19  54  31  43  -2  22   0 0.00    M    M  4.7 12  70   M    M   1        14  60
20  56  33  45   0  20   0 0.09    M    M  3.0  8  10   M    M   8 1      13 210
21  65  52  59  14   6   0 0.49    M    M  8.3 20 230   M    M  10 12     29 220
22  56  40  48   3  17   0 0.01    M    M  9.1 18  50   M    M  10 1      24  40
23  63  40  52   7  13   0    T    M    0  4.6 10  60   M    M   8 18     13 200
24  73  47  60  15   5   0 0.00    M    M  5.4 16 250   M    M   5 1      21 260
25  69  38  54   9  11   0 0.00    M    M  2.4 12  90   M    M   1 12     14 100
26  78  45  62  16   3   0 0.00    M    M  6.6 16 200   M    M   4 1      23 190
27  71  45  58  12   7   0 0.29    M    M 12.9 29 250   M    M   5 1      37 270
28  67  35  51   5  14   0 0.00    M    M  4.4 17 360   M    M   0 8      22 240
29  57  31  44  -2  21   0 0.00    M    M  5.0 13 360   M    M   0        17 360
30  63  27  45  -1  20   0 0.00    M    M  4.7 10 250   M    M   0        16 180
31  68  29  49   3  16   0 0.00    M    M  5.1 14 230   M    M   0 8      22 190
================================================================================
SM 1835 1118       466   0  1.30    M    203.5          M      101
================================================================================
AV 61.2 37.3                               6.8 FASTST   M    M   3    MAX(MPH)
                                 MISC ---->  # 29 270               # 41  290
================================================================================
NOTES:
# LAST OF SEVERAL OCCURRENCES

COLUMN 17 PEAK WIND IN M.P.H.

PRELIMINARY LOCAL CLIMATOLOGICAL DATA (WS FORM: F-6) , PAGE 2

                                          STATION:  FLORENCE SC
                                          MONTH:    JANUARY
                                          YEAR:     2012
                                          LATITUDE:   34 10 N
                                          LONGITUDE:  79 43 W

[TEMPERATURE DATA]      [PRECIPITATION DATA]       SYMBOLS USED IN COLUMN 16

AVERAGE MONTHLY: 49.2   TOTAL FOR MONTH:   1.30    1 = FOG OR MIST
DPTR FM NORMAL:   4.3   DPTR FM NORMAL:   -1.93    2 = FOG REDUCING VISIBILITY
HIGHEST:    78 ON 26    GRTST 24HR  0.58 ON 20-21      TO 1/4 MILE OR LESS
LOWEST:     16 ON  4                               3 = THUNDER
                        SNOW, ICE PELLETS, HAIL    4 = ICE PELLETS
                        TOTAL MONTH:    M          5 = HAIL
                        GRTST 24HR    M  ON   M    6 = FREEZING RAIN OR DRIZZLE
                        GRTST DEPTH:   0           7 = DUSTSTORM OR SANDSTORM:
                                                       VSBY 1/2 MILE OR LESS
                                                   8 = SMOKE OR HAZE
[NO. OF DAYS WITH]      [WEATHER - DAYS WITH]      9 = BLOWING SNOW
                                                   X = TORNADO
MAX 32 OR BELOW:   0    0.01 INCH OR MORE:   8
MAX 90 OR ABOVE:   0    0.10 INCH OR MORE:   3
MIN 32 OR BELOW:  12    0.50 INCH OR MORE:   0
MIN  0 OR BELOW:   0    1.00 INCH OR MORE:   0

[HDD (BASE 65) ]
TOTAL THIS MO.   466    CLEAR  (SCALE 0-3)  17
DPTR FM NORMAL  -157    PTCLDY (SCALE 4-7)   7
TOTAL FM JUL 1  1286    CLOUDY (SCALE 8-10)  6
DPTR FM NORMAL  -316

[CDD (BASE 65) ]
TOTAL THIS MO.     0
DPTR FM NORMAL    -2    [PRESSURE DATA]
TOTAL FM JAN 1     0    HIGHEST SLP 30.61 ON 16
DPTR FM NORMAL     0    LOWEST  SLP 29.57 ON 11

[REMARKS]
#FINAL-01-12#
