000
CXUS52 KILM 011000
CF6FLO
PRELIMINARY LOCAL CLIMATOLOGICAL DATA (WS FORM: F-6)

                                          STATION:   FLORENCE SC
                                          MONTH:     FEBRUARY
                                          YEAR:      2011
                                          LATITUDE:   34 10 N
                                          LONGITUDE:  79 43 W

  TEMPERATURE IN F:       :PCPN:    SNOW:  WIND      :SUNSHINE: SKY     :PK WND
================================================================================
1   2   3   4   5  6A  6B    7    8   9   10  11  12  13   14  15   16   17  18
                                     12Z  AVG MX 2MIN
DY MAX MIN AVG DEP HDD CDD  WTR  SNW DPTH SPD SPD DIR MIN PSBL S-S WX    SPD DR
================================================================================

 1  58  40  49   3  16   0 0.00    M    M  6.7 20 150   M    M  10 18     25 140
 2  73  50  62  15   3   0 0.58    M    M 13.6 25 260   M    M   5 13     30 250
 3  50  40  45  -2  20   0    T    M    M  9.4 17  20   M    M   8        22  20
 4  41  34  38  -9  27   0 1.93    M    M  7.5 13  30   M    M  10 1      17  50
 5  52  39  46  -1  19   0 0.43    M    M  7.0 21 260   M    M   8 12     25 250
 6  58  34  46  -1  19   0 0.00    M    M  3.8 10 190   M    M   0 1      13 220
 7  50  32  41  -6  24   0 0.21    M    M  3.5 14 130   M    M   5 1      18 240
 8  55  37  46  -1  19   0 0.01    M    M  9.8 17 310   M    M   3        24 310
 9  48  28  38  -9  27   0 0.00    M    M  5.4 13  80   M    M   5        17  70
10  47  30  39  -8  26   0 0.13    M    M  6.5 14  30   M    M   6 1      18  20
11  49  25  37 -10  28   0 0.00    M    M  4.3 13  40   M    M   2 1      16  40
12  58  27  43  -5  22   0 0.00    M    M  6.2 17 270   M    M   0        23 270
13  60  25  43  -5  22   0 0.00    M    M  3.6 13 230   M    M   0        16 240
14  73  44  59  11   6   0 0.00    M    M 13.0 25 250   M    M   0        32 270
15  61  36  49   1  16   0 0.00    M    M  7.4 21  10   M    M   0        37 340
16  67  35  51   3  14   0 0.00    M    M  4.1 13 190   M    M   1        20 170
17  74  46  60  11   5   0 0.00    M    M  6.0 17 210   M    M   6 1      21 220
18  80  55  68  19   0   3 0.00    M    M 10.5 21 270   M    M   2 1      28 250
19  73  52  63  14   2   0 0.00    M    M  8.8 21 320   M    M   0        26 330
20  63  38  51   2  14   0 0.00    M    M  7.2 14  10   M    M   5        20  10
21  78  45  62  12   3   0 0.00    M    M 10.7 26 250   M    M   3        36 240
22  73  45  59   9   6   0 0.00    M    M 11.5 21  50   M    M   4        26 230
23  59  35  47  -3  18   0 0.00    M    M  6.8 16  50   M    M   3        20  40
24  73  38  56   6   9   0 0.00    M    M  7.1 17 170   M    M   6        22 170
25  76  54  65  14   0   0 0.04    M    M 14.2 29 250   M    M   4 1      37 280
26  67  40  54   3  11   0 0.00    M    M  5.8 15  40   M    M   0        18 110
27  81  48  65  14   0   0 0.00    M    M  8.1 16 200   M    M   2 1      21 200
28  84  59  72  21   0   7 0.54    M    M 13.2 29 220   M    M   2 13     43 250
================================================================================
SM 1781 1111       376  10  3.87    M    221.7          M      100
================================================================================
AV 63.6 39.7                               7.9 FASTST   M    M   4    MAX(MPH)
                                 MISC ---->  # 29 250               # 43  250
================================================================================
NOTES:
# LAST OF SEVERAL OCCURRENCES

COLUMN 17 PEAK WIND IN M.P.H.

PRELIMINARY LOCAL CLIMATOLOGICAL DATA (WS FORM: F-6) , PAGE 2

                                          STATION:  FLORENCE SC
                                          MONTH:    FEBRUARY
                                          YEAR:     2011
                                          LATITUDE:   34 10 N
                                          LONGITUDE:  79 43 W

[TEMPERATURE DATA]      [PRECIPITATION DATA]       SYMBOLS USED IN COLUMN 16

AVERAGE MONTHLY: 51.6   TOTAL FOR MONTH:   3.87    1 = FOG OR MIST
DPTR FM NORMAL:   3.2   DPTR FM NORMAL:    0.85    2 = FOG REDUCING VISIBILITY
HIGHEST:    84 ON 28    GRTST 24HR  2.05 ON  4- 5      TO 1/4 MILE OR LESS
LOWEST:     25 ON 13,11                            3 = THUNDER
                        SNOW, ICE PELLETS, HAIL    4 = ICE PELLETS
                        TOTAL MONTH:    M          5 = HAIL
                        GRTST 24HR    M  ON   M    6 = FREEZING RAIN OR DRIZZLE
                        GRTST DEPTH:  M  ON   M    7 = DUSTSTORM OR SANDSTORM:
                                                       VSBY 1/2 MILE OR LESS
                                                   8 = SMOKE OR HAZE
[NO. OF DAYS WITH]      [WEATHER - DAYS WITH]      9 = BLOWING SNOW
                                                   X = TORNADO
MAX 32 OR BELOW:   0    0.01 INCH OR MORE:   8
MAX 90 OR ABOVE:   0    0.10 INCH OR MORE:   6
MIN 32 OR BELOW:   6    0.50 INCH OR MORE:   3
MIN  0 OR BELOW:   0    1.00 INCH OR MORE:   1

[HDD (BASE 65) ]
TOTAL THIS MO.   376    CLEAR  (SCALE 0-3)  15
DPTR FM NORMAL  -132    PTCLDY (SCALE 4-7)  11
TOTAL FM JUL 1  2278    CLOUDY (SCALE 8-10)  2
DPTR FM NORMAL   127

[CDD (BASE 65) ]
TOTAL THIS MO.    10
DPTR FM NORMAL     5    [PRESSURE DATA]
TOTAL FM JAN 1    10    HIGHEST SLP 30.45 ON  3
DPTR FM NORMAL    -9    LOWEST  SLP 29.72 ON 22

[REMARKS]
#FINAL-02-11#
