000
CXUS52 KILM 011000
CF6FLO
PRELIMINARY LOCAL CLIMATOLOGICAL DATA (WS FORM: F-6)

                                          STATION:   FLORENCE SC
                                          MONTH:     MARCH
                                          YEAR:      2011
                                          LATITUDE:   34 10 N
                                          LONGITUDE:  79 43 W

  TEMPERATURE IN F:       :PCPN:    SNOW:  WIND      :SUNSHINE: SKY     :PK WND
================================================================================
1   2   3   4   5  6A  6B    7    8   9   10  11  12  13   14  15   16   17  18
                                     12Z  AVG MX 2MIN
DY MAX MIN AVG DEP HDD CDD  WTR  SNW DPTH SPD SPD DIR MIN PSBL S-S WX    SPD DR
================================================================================

 1  63  38  51  -1  14   0 0.02    M    M 10.8 24  40   M    M   3 1      32  30
 2  66  30  48  -4  17   0 0.00    M    M  2.1 16 320   M    M   0        31 230
 3  61  40  51  -1  14   0 0.00    M    M  9.7 17 100   M    M   0        23  50
 4  66  32  49  -4  16   0 0.00    M    M  8.9 18  60   M    M   3        21 130
 5  70  44  57   4   8   0    T    M    M  9.0 21 140   M    M   6 1      25 160
 6  71  45  58   5   7   0 0.39    M    M 11.5 31 280   M    M   6 1      43 270
 7  57  35  46  -8  19   0 0.00    M    M  5.4 15 360   M    M   0        21  20
 8  64  33  49  -5  16   0 0.00    M    M  6.7 14  90   M    M   1        18  70
 9  69  47  58   4   7   0 0.42    M    M 14.2 28 150   M    M   7 1      38 140
10  64  47  56   2   9   0 0.18    M    M  9.4 23 230   M    M   7 12     32 240
11  57  38  48  -7  17   0 0.00    M    M  8.6 22 260   M    M   1        29 250
12  70  29  50  -5  15   0 0.00    M    M  5.7 16 230   M    M   0 1      20 230
13  78  48  63   8   2   0 0.00    M    M  6.8 16 230   M    M   0        23 240
14  70  48  59   4   6   0 0.00    M    M  7.9 17  90   M    M   0        23  60
15  74  47  61   5   4   0    T    M    M  9.1 20 140   M    M   7        24 140
16  62  44  53  -3  12   0 0.02    M    M  5.1 17 250   M    M   6 128    22 290
17  73  41  57   1   8   0 0.00    M    M  3.5 12  60   M    M   0 1      29 210
18  86  48  67  10   0   2 0.00    M    M  8.7 17 250   M    M   0 8      24 230
19  83  57  70  13   0   5 0.00    M    M  8.4 16 150   M    M   3        21  60
20  68  52  60   3   5   0 0.00    M    M  9.1 20  90   M    M   9        25 100
21  79  48  64   7   1   0 0.00    M    M  7.6 20 250   M    M   5        25 210
22  86  56  71  14   0   6 0.00    M    M  7.8 20 260   M    M   0        25 250
23  84  62  73  15   0   8 0.00    M    M 12.8 30 250   M    M   0        39 260
24  77  54  66   8   0   1 0.04    M    M 11.5 29 290   M    M   2        41 310
25  66  47  57  -1   8   0 0.00    M    M  5.9 16  30   M    M   3        21  20
26  57  48  53  -5  12   0 0.46    M    M  6.0 14 110   M    M   9 18     26 270
27  54  41  48 -11  17   0 0.24    M    M  9.2 15  40   M    M   9 1      18  40
28  45  35  40 -19  25   0 0.57    M    M  7.3 17  20   M    M   9 1      24  20
29  65  33  49 -10  16   0 0.00    M    M  3.3 10 140   M    M   1 1      26 330
30  54  47  51  -8  14   0 1.00    M    M  8.8 23  10   M    M  10 1      30 350
31  51  46  49 -10  16   0 0.82    M    M  4.7 10 340   M    M  10 1      24 200
================================================================================
SM 2090 1360       305  22  4.16    M    245.5          M      117
================================================================================
AV 67.4 43.9                               7.9 FASTST   M    M   4    MAX(MPH)
                                 MISC ---->  # 31 280               # 43  270
================================================================================
NOTES:
# LAST OF SEVERAL OCCURRENCES

COLUMN 17 PEAK WIND IN M.P.H.

PRELIMINARY LOCAL CLIMATOLOGICAL DATA (WS FORM: F-6) , PAGE 2

                                          STATION:  FLORENCE SC
                                          MONTH:    MARCH
                                          YEAR:     2011
                                          LATITUDE:   34 10 N
                                          LONGITUDE:  79 43 W

[TEMPERATURE DATA]      [PRECIPITATION DATA]       SYMBOLS USED IN COLUMN 16

AVERAGE MONTHLY: 55.6   TOTAL FOR MONTH:   4.16    1 = FOG OR MIST
DPTR FM NORMAL:  -0.2   DPTR FM NORMAL:    0.16    2 = FOG REDUCING VISIBILITY
HIGHEST:    86 ON 22,18 GRTST 24HR  1.00 ON 30-30      TO 1/4 MILE OR LESS
LOWEST:     29 ON 12                               3 = THUNDER
                        SNOW, ICE PELLETS, HAIL    4 = ICE PELLETS
                        TOTAL MONTH:    M          5 = HAIL
                        GRTST 24HR    M  ON   M    6 = FREEZING RAIN OR DRIZZLE
                        GRTST DEPTH:  M  ON   M    7 = DUSTSTORM OR SANDSTORM:
                                                       VSBY 1/2 MILE OR LESS
                                                   8 = SMOKE OR HAZE
[NO. OF DAYS WITH]      [WEATHER - DAYS WITH]      9 = BLOWING SNOW
                                                   X = TORNADO
MAX 32 OR BELOW:   0    0.01 INCH OR MORE:  11
MAX 90 OR ABOVE:   0    0.10 INCH OR MORE:   8
MIN 32 OR BELOW:   3    0.50 INCH OR MORE:   3
MIN  0 OR BELOW:   0    1.00 INCH OR MORE:   1

[HDD (BASE 65) ]
TOTAL THIS MO.   305    CLEAR  (SCALE 0-3)  16
DPTR FM NORMAL    -6    PTCLDY (SCALE 4-7)   9
TOTAL FM JUL 1  2583    CLOUDY (SCALE 8-10)  6
DPTR FM NORMAL   121

[CDD (BASE 65) ]
TOTAL THIS MO.    22
DPTR FM NORMAL     5    [PRESSURE DATA]
TOTAL FM JAN 1    32    HIGHEST SLP 30.56 ON  4
DPTR FM NORMAL    -4    LOWEST  SLP 29.54 ON 24

[REMARKS]
#FINAL-03-11#
