000
CXUS52 KILM 011000
CF6FLO
PRELIMINARY LOCAL CLIMATOLOGICAL DATA (WS FORM: F-6)

                                          STATION:   FLORENCE SC
                                          MONTH:     NOVEMBER
                                          YEAR:      2011
                                          LATITUDE:   34 10 N
                                          LONGITUDE:  79 43 W

  TEMPERATURE IN F:       :PCPN:    SNOW:  WIND      :SUNSHINE: SKY     :PK WND
================================================================================
1   2   3   4   5  6A  6B    7    8   9   10  11  12  13   14  15   16   17  18
                                     12Z  AVG MX 2MIN
DY MAX MIN AVG DEP HDD CDD  WTR  SNW DPTH SPD SPD DIR MIN PSBL S-S WX    SPD DR
================================================================================

 1  65  37  51  -9  14   0 0.00    M    M  6.8 15  20   M    M   0        18  30
 2  66  36  51  -8  14   0 0.00    M    M  3.1 13  40   M    M   0        20  60
 3  71  33  52  -7  13   0    T    M    M  4.0 13 150   M    M   1 18     17 150
 4  64  53  59   0   6   0 0.30    M    M 12.3 28  10   M    M   8 1      36  20
 5  59  43  51  -7  14   0 0.00    M    M 14.1 26  60   M    M   1        33  60
 6  70  43  57  -1   8   0 0.00    M    M  8.0 15  50   M    M   2        18  50
 7  75  46  61   3   4   0 0.00    M    M  4.3 12  40   M    M   0        15  30
 8  74  47  61   3   4   0 0.00    M    M  3.4 10  40   M    M   0        16  10
 9  75  42  59   2   6   0 0.00    M    M  2.0  8  30   M    M   0 1      12 350
10  68  44  56  -1   9   0 0.08    M    M  4.3 17 340   M    M   6 18     24 340
11  56  32  44 -13  21   0 0.00    M    M  5.8 17 330   M    M   0        23 340
12  66  29  48  -8  17   0 0.00    M    M  3.2 13 210   M    M   0        15 220
13  70  36  53  -3  12   0 0.00    M    M  4.5 15 230   M    M   0        20 250
14  78  49  64   8   1   0 0.00    M    M  6.7 16 200   M    M   0 1      21 200
15  79  60  70  14   0   5 0.00    M    M  7.6 16 210   M    M   2 1      20 230
16  84  65  75  20   0  10 0.07    M    M 10.9 32 280   M    M   6 13     43 280
17  68  40  54  -1  11   0 0.03    M    M  9.3 20 350   M    M   8 13     28 320
18  54  29  42 -13  23   0 0.00    M    M  4.8 14 360   M    M   0        18  20
19  64  33  49  -5  16   0 0.00    M    M  4.1 12  60   M    M   4 18     17  40
20  77  47  62   8   3   0 0.00    M    M  2.8 10 250   M    M   5 1      13 260
21  80  57  69  15   0   4 0.00    M    M  4.4 14 250   M    M   2 12     23 160
22  80  54  67  13   0   2 0.00    M    M  6.5 16 190   M    M   3 12     23 200
23  74  49  62   9   3   0    T    M    M 14.5 21 300   M    M   5        37 330
24  66  36  51  -2  14   0 0.00    M    M  4.7 14  50   M    M   0 18     18  50
25  69  31  50  -3  15   0 0.00    M    M  1.2  8 250   M    M   0 18     12 280
26  73  36  55   3  10   0 0.00    M    M  2.3 14 230   M    M   2        17 220
27  78  53  66  14   0   1 0.00    M    M  6.9 18 150   M    M   8        24 170
28  79  51  65  13   0   0 0.70    M    M 12.0 28 260   M    M   9 1      36 130
29  55  38  47  -4  18   0    M    M    M  8.8 18 260   M    M   8 1      24 270
30  58  34  46  -5  19   0 0.00    M    M  6.2 12 320   M    M   0 18     16 330
================================================================================
SM 2095 1283       275  22  1.18    M    189.5          M       80
================================================================================
AV 69.8 42.8                               6.3 FASTST   M    M   3    MAX(MPH)
                                 MISC ---->  # 32 280               # 43  280
================================================================================
NOTES:
# LAST OF SEVERAL OCCURRENCES

COLUMN 17 PEAK WIND IN M.P.H.

PRELIMINARY LOCAL CLIMATOLOGICAL DATA (WS FORM: F-6) , PAGE 2

                                          STATION:  FLORENCE SC
                                          MONTH:    NOVEMBER
                                          YEAR:     2011
                                          LATITUDE:   34 10 N
                                          LONGITUDE:  79 43 W

[TEMPERATURE DATA]      [PRECIPITATION DATA]       SYMBOLS USED IN COLUMN 16

AVERAGE MONTHLY: 56.3   TOTAL FOR MONTH:   1.18    1 = FOG OR MIST
DPTR FM NORMAL:   0.9   DPTR FM NORMAL:   -1.49    2 = FOG REDUCING VISIBILITY
HIGHEST:    84 ON 16    GRTST 24HR  0.70 ON 27-28      TO 1/4 MILE OR LESS
LOWEST:     29 ON 18,12                            3 = THUNDER
                        SNOW, ICE PELLETS, HAIL    4 = ICE PELLETS
                        TOTAL MONTH:    M          5 = HAIL
                        GRTST 24HR    M  ON   M    6 = FREEZING RAIN OR DRIZZLE
                        GRTST DEPTH:  M  ON   M    7 = DUSTSTORM OR SANDSTORM:
                                                       VSBY 1/2 MILE OR LESS
                                                   8 = SMOKE OR HAZE
[NO. OF DAYS WITH]      [WEATHER - DAYS WITH]      9 = BLOWING SNOW
                                                   X = TORNADO
MAX 32 OR BELOW:   0    0.01 INCH OR MORE:   5
MAX 90 OR ABOVE:   0    0.10 INCH OR MORE:   2
MIN 32 OR BELOW:   4    0.50 INCH OR MORE:   1
MIN  0 OR BELOW:   0    1.00 INCH OR MORE:   0

[HDD (BASE 65) ]
TOTAL THIS MO.   275    CLEAR  (SCALE 0-3)  20
DPTR FM NORMAL   -30    PTCLDY (SCALE 4-7)   8
TOTAL FM JUL 1   429    CLOUDY (SCALE 8-10)  2
DPTR FM NORMAL     7

[CDD (BASE 65) ]
TOTAL THIS MO.    22
DPTR FM NORMAL     5    [PRESSURE DATA]
TOTAL FM JAN 1  2452    HIGHEST SLP 30.51 ON 18
DPTR FM NORMAL   393    LOWEST  SLP 29.70 ON  4

[REMARKS]
#FINAL-11-11#
