000
CXUS52 KILM 011100
CF6FLO
PRELIMINARY LOCAL CLIMATOLOGICAL DATA (WS FORM: F-6)

                                          STATION:   FLORENCE SC
                                          MONTH:     OCTOBER
                                          YEAR:      2010
                                          LATITUDE:   34 10 N
                                          LONGITUDE:  79 43 W

  TEMPERATURE IN F:       :PCPN:    SNOW:  WIND      :SUNSHINE: SKY     :PK WND
================================================================================
1   2   3   4   5  6A  6B    7    8   9   10  11  12  13   14  15   16   17  18
                                     12Z  AVG MX 2MIN
DY MAX MIN AVG DEP HDD CDD  WTR  SNW DPTH SPD SPD DIR MIN PSBL S-S WX    SPD DR
================================================================================

 1  77  60  69  -1   0   4 0.00    M    M  7.8 18  30   M    M   5        25  30
 2  76  54  65  -4   0   0 0.00    M    M  8.0 15  60   M    M   0        18  20
 3  76  54  65  -3   0   0 0.00    M    M  8.3 18 360   M    M   0        24  10
 4  72  53  63  -5   2   0 0.00    M    M  8.0 17  30   M    M   4        22  40
 5  71  52  62  -6   3   0 0.00    M    M  6.8 15 360   M    M   2        18 360
 6  73  46  60  -8   5   0 0.00    M    M  5.3 17 350   M    M   0        24 300
 7  82  46  64  -3   1   0 0.00    M    M  4.7 16 250   M    M   0        20 250
 8  80  53  67   0   0   2 0.00    M    M  5.1 15  70   M    M   0 1      18  10
 9  85  50  68   2   0   3 0.00    M    M  2.0 10 330   M    M   0 1      14 250
10  85  50  68   2   0   3 0.00    M    M  1.3  9 240   M    M   0 1      13 240
11  86  55  71   5   0   6 0.00    M    M  5.1 15 240   M    M   0 1      21 260
12  87  61  74   9   0   9 0.00    M    M  6.5 16 260   M    M   1 18     22 250
13  84  59  72   7   0   7 0.00    M    M  2.3  7 150   M    M   1 18     15 200
14  77  52  65   0   0   0    T    M    M  4.6 25 330   M    M   2 18     30 320
15  75  40  58  -6   7   0 0.00    M    M  7.4 21 250   M    M   0        28 250
16  72  44  58  -6   7   0 0.00    M    M  5.8 16 330   M    M   0        22 360
17  78  40  59  -5   6   0 0.00    M    M  3.3 12 250   M    M   0        17 230
18  81  46  64   1   1   0 0.00    M    M  5.0 13 210   M    M   0 1      17 240
19  81  54  68   5   0   3 0.00    M    M  5.0 15 240   M    M   0        21 260
20  70  52  61  -2   4   0    T    M    M  1.9 18 310   M    M   2 12     23 320
21  78  50  64   2   1   0 0.00    M    M  4.0 16 270   M    M   1 128    21 270
22  72  44  58  -4   7   0 0.00    M    M  5.2 15  30   M    M   0 8      21  30
23  75  39  57  -5   8   0 0.00    M    M  2.0 10 130   M    M   0        15 130
24  81  46  64   3   1   0 0.00    M    M  3.1 12 210   M    M   3        18 150
25  82  62  72  11   0   7 0.21    M    M  7.8 22 300   M    M   3 138    32 330
26  83  63  73  12   0   8 0.00    M    M 10.3 18 200   M    M   7 1      26 190
27  87  74  81  21   0  16 0.00    M    M 11.4 22 210   M    M   5 13     28 230
28  78  62  70  10   0   5 1.12    M    M  7.1 15 340   M    M   6 13     20 340
29  65  43  54  -6  11   0 0.00    M    M  6.5 16 360   M    M   0 1      24  10
30  68  42  55  -5  10   0 0.00    M    M  4.7 12 200   M    M   0 1      17 200
31  76  49  63   4   2   0 0.00    M    M  6.1 18 240   M    M   0 1      24 280
================================================================================
SM 2413 1595        76  73  1.33    M    172.4          M       42
================================================================================
AV 77.8 51.5                               5.6 FASTST   M    M   1    MAX(MPH)
                                 MISC ---->  # 25 330               # 32  330
================================================================================
NOTES:
# LAST OF SEVERAL OCCURRENCES

COLUMN 17 PEAK WIND IN M.P.H.

PRELIMINARY LOCAL CLIMATOLOGICAL DATA (WS FORM: F-6) , PAGE 2

                                          STATION:  FLORENCE SC
                                          MONTH:    OCTOBER
                                          YEAR:     2010
                                          LATITUDE:   34 10 N
                                          LONGITUDE:  79 43 W

[TEMPERATURE DATA]      [PRECIPITATION DATA]       SYMBOLS USED IN COLUMN 16

AVERAGE MONTHLY: 64.6   TOTAL FOR MONTH:   1.33    1 = FOG OR MIST
DPTR FM NORMAL:   0.5   DPTR FM NORMAL:   -1.61    2 = FOG REDUCING VISIBILITY
HIGHEST:    87 ON 27,12 GRTST 24HR  1.39 ON 30- 1      TO 1/4 MILE OR LESS
LOWEST:     39 ON 23                               3 = THUNDER
                        SNOW, ICE PELLETS, HAIL    4 = ICE PELLETS
                        TOTAL MONTH:    M          5 = HAIL
                        GRTST 24HR    M  ON   M    6 = FREEZING RAIN OR DRIZZLE
                        GRTST DEPTH:  M  ON   M    7 = DUSTSTORM OR SANDSTORM:
                                                       VSBY 1/2 MILE OR LESS
                                                   8 = SMOKE OR HAZE
[NO. OF DAYS WITH]      [WEATHER - DAYS WITH]      9 = BLOWING SNOW
                                                   X = TORNADO
MAX 32 OR BELOW:   0    0.01 INCH OR MORE:   2
MAX 90 OR ABOVE:   0    0.10 INCH OR MORE:   2
MIN 32 OR BELOW:   0    0.50 INCH OR MORE:   1
MIN  0 OR BELOW:   0    1.00 INCH OR MORE:   1

[HDD (BASE 65) ]
TOTAL THIS MO.    76    CLEAR  (SCALE 0-3)  26
DPTR FM NORMAL   -46    PTCLDY (SCALE 4-7)   5
TOTAL FM JUL 1    76    CLOUDY (SCALE 8-10)  0
DPTR FM NORMAL   -51

[CDD (BASE 65) ]
TOTAL THIS MO.    73
DPTR FM NORMAL   -20    [PRESSURE DATA]
TOTAL FM JAN 1  2443    HIGHEST SLP 30.32 ON 23
DPTR FM NORMAL   421    LOWEST  SLP 29.77 ON 15

[REMARKS]
#FINAL-10-10#
