000
CXUS52 KILM 011000
CF6FLO
PRELIMINARY LOCAL CLIMATOLOGICAL DATA (WS FORM: F-6)

                                          STATION:   FLORENCE SC
                                          MONTH:     AUGUST
                                          YEAR:      2013
                                          LATITUDE:   34 10 N
                                          LONGITUDE:  79 43 W

  TEMPERATURE IN F:       :PCPN:    SNOW:  WIND      :SUNSHINE: SKY     :PK WND
================================================================================
1   2   3   4   5  6A  6B    7    8   9   10  11  12  13   14  15   16   17  18
                                     12Z  AVG MX 2MIN
DY MAX MIN AVG DEP HDD CDD  WTR  SNW DPTH SPD SPD DIR MIN PSBL S-S WX    SPD DR
================================================================================

 1  85  73  79  -2   0  14 0.03    M    M  5.3 12 200   M    M   7 1      15 210
 2  88  73  81   0   0  16 0.00    M    M  4.1 12 190   M    M   6 18     15 210
 3  91  75  83   2   0  18 0.00    M    M  5.1 14 210   M    M   4 1      18 210
 4  91  73  82   1   0  17 0.00    M    M  5.2 14  10   M    M   2 1      20  10
 5  88  70  79  -2   0  14 0.00    M    M  6.1 14 140   M    M   1        18 150
 6  80  67  74  -7   0   9 0.07    M    M  2.7  9  40   M    M   5 1      12  40
 7  88  70  79  -2   0  14 0.00    M    M  4.5 14 140   M    M   3        18 150
 8  91  70  81   0   0  16 0.00    M    M  2.7  9 160   M    M   2 1      18 130
 9  92  76  84   3   0  19 0.00    M    M  7.0 16 240   M    M   3 12     21 240
10  94  76  85   4   0  20 0.00    M    M  6.4 14 210   M    M   1        25 210
11  96  76  86   6   0  21 0.00    M    M  6.6 14 250   M    M   2 1      20 270
12  96  77  87   7   0  22 0.00    M    M  5.4 12 250   M    M   1 3      21 270
13  94  77  86   6   0  21 0.33    M    M  8.2 21 240   M    M   3 38     31 230
14  83  71  77  -3   0  12 0.01    M    M  7.2 14  50   M    M   5 18     17  30
15  76  63  70 -10   0   5 0.33    M    M  7.1 12  50   M    M   9 1      20  70
16  69  66  68 -12   0   3 0.68    M    M  7.1 16  50   M    M  10 1      21  30
17  73  67  70 -10   0   5 0.01    M    M  4.9 10  30   M    M  10 1      14  40
18  88  70  79  -1   0  14    T    M    M  1.1  7 100   M    M   8 8      17 120
19  82  72  77  -3   0  12 1.86    M    M  6.6 16 350   M    M   9 12     24  60
20  89  73  81   1   0  16 0.26    M    M  2.7 21 180   M    M   7 123    24 180
21  92  73  83   3   0  18 0.01    M    M  2.9 15 180   M    M   6 128    18 170
22  91  73  82   2   0  17 0.79    M    M  3.3 21 250   M    M   3 138    32 200
23  92  71  82   3   0  17 0.06    M    M  4.6 17 340   M    M   4 13     28 330
24  85  69  77  -2   0  12    T    M    M  8.0 16  40   M    M   5        21  40
25  83  64  74  -5   0   9 0.00    M    M  8.5 21  50   M    M   0        24  40
26  84  61  73  -6   0   8 0.00    M    M  3.1 10  30   M    M   0        14  20
27  87  61  74  -5   0   9 0.00    M    M  4.6 10 240   M    M   1        13 250
28  91  70  81   2   0  16 0.00    M    M  4.2 10 250   M    M   1        18 280
29  94  73  84   5   0  19 0.00    M    M  5.2 16  80   M    M   2 8      20  80
30  88  70  79   1   0  14 0.00    M    M  4.6 10  40   M    M   3 1      14 330
31  90  69  80   2   0  15 0.00    M    M  2.9 10 240   M    M   4 12     13 250
================================================================================
SM 2711 2189         0 442  4.44    M    157.9          M      127
================================================================================
AV 87.5 70.6                               5.1 FASTST   M    M   4    MAX(MPH)
                                 MISC ---->  # 21 240               # 32  200
================================================================================
NOTES:
# LAST OF SEVERAL OCCURRENCES

COLUMN 17 PEAK WIND IN M.P.H.

PRELIMINARY LOCAL CLIMATOLOGICAL DATA (WS FORM: F-6) , PAGE 2

                                          STATION:  FLORENCE SC
                                          MONTH:    AUGUST
                                          YEAR:     2013
                                          LATITUDE:   34 10 N
                                          LONGITUDE:  79 43 W

[TEMPERATURE DATA]      [PRECIPITATION DATA]       SYMBOLS USED IN COLUMN 16

AVERAGE MONTHLY: 79.0   TOTAL FOR MONTH:   4.44    1 = FOG OR MIST
DPTR FM NORMAL:  -0.9   DPTR FM NORMAL:   -0.80    2 = FOG REDUCING VISIBILITY
HIGHEST:    96 ON 12,11 GRTST 24HR  1.86 ON 19-19      TO 1/4 MILE OR LESS
LOWEST:     61 ON 27,26                            3 = THUNDER
                        SNOW, ICE PELLETS, HAIL    4 = ICE PELLETS
                        TOTAL MONTH:    M          5 = HAIL
                        GRTST 24HR    M  ON   M    6 = FREEZING RAIN OR DRIZZLE
                        GRTST DEPTH:  M  ON   M    7 = DUSTSTORM OR SANDSTORM:
                                                       VSBY 1/2 MILE OR LESS
                                                   8 = SMOKE OR HAZE
[NO. OF DAYS WITH]      [WEATHER - DAYS WITH]      9 = BLOWING SNOW
                                                   X = TORNADO
MAX 32 OR BELOW:   0    0.01 INCH OR MORE:  12
MAX 90 OR ABOVE:  14    0.10 INCH OR MORE:   6
MIN 32 OR BELOW:   0    0.50 INCH OR MORE:   3
MIN  0 OR BELOW:   0    1.00 INCH OR MORE:   1

[HDD (BASE 65) ]
TOTAL THIS MO.     0    CLEAR  (SCALE 0-3)  13
DPTR FM NORMAL     0    PTCLDY (SCALE 4-7)  14
TOTAL FM JUL 1     0    CLOUDY (SCALE 8-10)  4
DPTR FM NORMAL     0

[CDD (BASE 65) ]
TOTAL THIS MO.   442
DPTR FM NORMAL   -22    [PRESSURE DATA]
TOTAL FM JAN 1  1627    HIGHEST SLP 30.35 ON 25
DPTR FM NORMAL   -43    LOWEST  SLP 29.80 ON 13

[REMARKS]
#FINAL-08-13#
