000
CXUS52 KILM 211559
CF6FLO
PRELIMINARY LOCAL CLIMATOLOGICAL DATA (WS FORM: F-6)

                                          STATION:   FLORENCE SC
                                          MONTH:     FEBRUARY
                                          YEAR:      2012
                                          LATITUDE:   34 10 N
                                          LONGITUDE:  79 43 W

  TEMPERATURE IN F:       :PCPN:    SNOW:  WIND      :SUNSHINE: SKY     :PK WND
================================================================================
1   2   3   4   5  6A  6B    7    8   9   10  11  12  13   14  15   16   17  18
                                     12Z  AVG MX 2MIN
DY MAX MIN AVG DEP HDD CDD  WTR  SNW DPTH SPD SPD DIR MIN PSBL S-S WX    SPD DR
================================================================================

 1  73  42  58  12   7   0    T    M    M  6.5 16 200   M    M   1        20 210
 2  74  50  62  16   3   0 0.01    M    M  8.1 18 340   M    M   4 1      24 340
 3  62  40  51   5  14   0 0.00    M    M  7.1 15  90   M    M   0        18  70
 4  71  40  56   9   9   0 0.00    M    M  4.6 15 220   M    M   8        21 260
 5  74  46  60  13   5   0    T    M    M  9.1 21  20   M    M   8        26  20
 6  50  42  46  -1  19   0    T    M    M  6.5 14  50   M    M   9        17  50
 7  59  34  47   0  18   0 0.00    M    M  2.9 13  40   M    M   2 18     17  50
 8  60  31  46  -1  19   0    T    M    M  4.0 12 360   M    M   2 18     16 350
 9  54  30  42  -5  23   0 0.00    M    M  3.5 14  30   M    M   0        16  30
10  54  30  42  -6  23   0 0.00    M    M  1.3  7 140   M    M   5 18      9  40
11  54  28  41  -7  24   0    T    M    M 13.3 29 330   M    M   6 18     39 330
12  47  22  35 -13  30   0 0.00    M    M  8.9 20 330   M    M   0        28 320
13  55  19  37 -11  28   0 0.00    M    M  3.1 12 200   M    M   0        14 200
14  57  36  47  -1  18   0    T    M    M  2.7 12 200   M    M   8        15 200
15  70  44  57   9   8   0 0.00    M    M  4.8 13 100   M    M   3        17  90
16  61  42  52   3  13   0 0.43    M    M  3.8 16 360   M    M   7 1      20 360
17  65  42  54   5  11   0 0.00    M    M  3.9 12 330   M    M   3 128    14 340
18  70  41  56   7   9   0 0.19    M    M  2.3 12 150   M    M   3 1      16 140
19  55  38  47  -2  18   0 0.94    M    M 11.4 22  40   M    M  10 1      29  40
20  55  34  45  -5  20   0 0.00    M    M  7.9 17 360   M    M   2        30  50
21  65  33  49  -1  16   0 0.01    M    M  5.1 20 200   M    M   5        25 200
22  73  48  61  11   4   0 0.00    M    M 10.0 22 220   M    M   1        26 220
23  81  59  70  20   0   5 0.00    M    M 10.8 22 240   M    M   3        30 220
24  76  55  66  16   0   1 0.78    M    M 13.4 33 260   M    M   6 13     46 250
25  57  38  48  -3  17   0 0.00    M    M 10.3 22 280   M    M   0        29 270
26  56  32  44  -7  21   0 0.00    M    M  4.7 12 110   M    M   2        21 200
27  54  46  50  -1  15   0 0.49    M    M  3.5  9 310   M    M  10 18     10 310
28  71  49  60   9   5   0    T    M    M  5.6 13 160   M    M   4 128    16 160
29  80  50  65  13   0   0    T    M    M  7.7 22 220   M    M   5        29 250
================================================================================
SM 1833 1141       397   6  2.85    M    186.8          M      117
================================================================================
AV 63.2 39.3                               6.4 FASTST   M    M   4    MAX(MPH)
                                 MISC ---->  # 33 260               # 46  250
================================================================================
NOTES:
# LAST OF SEVERAL OCCURRENCES

COLUMN 17 PEAK WIND IN M.P.H.

PRELIMINARY LOCAL CLIMATOLOGICAL DATA (WS FORM: F-6) , PAGE 2

                                          STATION:  FLORENCE SC
                                          MONTH:    FEBRUARY
                                          YEAR:     2012
                                          LATITUDE:   34 10 N
                                          LONGITUDE:  79 43 W

[TEMPERATURE DATA]      [PRECIPITATION DATA]       SYMBOLS USED IN COLUMN 16

AVERAGE MONTHLY: 51.3   TOTAL FOR MONTH:   2.85    1 = FOG OR MIST
DPTR FM NORMAL:   2.8   DPTR FM NORMAL:   -0.07    2 = FOG REDUCING VISIBILITY
HIGHEST:    81 ON 23    GRTST 24HR  0.94 ON 19-19      TO 1/4 MILE OR LESS
LOWEST:     19 ON 13                               3 = THUNDER
                        SNOW, ICE PELLETS, HAIL    4 = ICE PELLETS
                        TOTAL MONTH:    M          5 = HAIL
                        GRTST 24HR    M  ON   M    6 = FREEZING RAIN OR DRIZZLE
                        GRTST DEPTH:  M  ON   M    7 = DUSTSTORM OR SANDSTORM:
                                                       VSBY 1/2 MILE OR LESS
                                                   8 = SMOKE OR HAZE
[NO. OF DAYS WITH]      [WEATHER - DAYS WITH]      9 = BLOWING SNOW
                                                   X = TORNADO
MAX 32 OR BELOW:   0    0.01 INCH OR MORE:   7
MAX 90 OR ABOVE:   0    0.10 INCH OR MORE:   5
MIN 32 OR BELOW:   7    0.50 INCH OR MORE:   2
MIN  0 OR BELOW:   0    1.00 INCH OR MORE:   0

[HDD (BASE 65) ]
TOTAL THIS MO.   397    CLEAR  (SCALE 0-3)  15
DPTR FM NORMAL   -67    PTCLDY (SCALE 4-7)   9
TOTAL FM JUL 1  1683    CLOUDY (SCALE 8-10)  5
DPTR FM NORMAL  -397

[CDD (BASE 65) ]
TOTAL THIS MO.     6
DPTR FM NORMAL     2    [PRESSURE DATA]
TOTAL FM JAN 1     6    HIGHEST SLP 30.53 ON 26
DPTR FM NORMAL     0    LOWEST  SLP 29.60 ON 24

[REMARKS]
#FINAL-02-12#
