000
CXUS52 KILM 052017
CF6FLO
PRELIMINARY LOCAL CLIMATOLOGICAL DATA (WS FORM: F-6)

                                          STATION:   FLORENCE SC
                                          MONTH:     AUGUST
                                          YEAR:      2012
                                          LATITUDE:   34 10 N
                                          LONGITUDE:  79 43 W

  TEMPERATURE IN F:       :PCPN:    SNOW:  WIND      :SUNSHINE: SKY     :PK WND
================================================================================
1   2   3   4   5  6A  6B    7    8   9   10  11  12  13   14  15   16   17  18
                                     12Z  AVG MX 2MIN
DY MAX MIN AVG DEP HDD CDD  WTR  SNW DPTH SPD SPD DIR MIN PSBL S-S WX    SPD DR
================================================================================

 1  91  73  82   1   0  17 0.15    M    M  3.1 16 290   M    M   6 13     23 300
 2  97  71  84   3   0  19 0.67    M    M  5.6 30 220   M    M   3 138    37 230
 3  92  71  82   1   0  17 0.02    M    M  5.9 24 170   M    M   2        32 160
 4  91  72  82   1   0  17 0.29    M    M  5.0 15 150   M    M   3 18     20 120
 5  89  74  82   1   0  17 0.09    M    M  3.9 20 140   M    M   2 138    24 150
 6  91  74  83   2   0  18 0.02    M    M  3.2 26 200   M    M   1 3      33 200
 7  84  74  79  -2   0  14 0.32    M    M  1.7 10 170   M    M   7 13     13 170
 8  88  71  80  -1   0  15 0.08    M    M  4.0 29  40   M    M   6 13     39  20
 9  90  69  80  -1   0  15 0.09    M    M  3.9 15 220   M    M   4 128    18 240
10  84  73  79  -2   0  14 0.05    M    M  7.6 18 240   M    M   5 13     24 250
11  87  71  79  -1   0  14 0.20    M    M  5.7 26 250   M    M   4 13     38 260
12  88  71  80   0   0  15 0.75    M    M  3.4 15 220   M    M   5 13     21 220
13  91  71  81   1   0  16 0.00    M    M  2.9 10 200   M    M   4 12     14 210
14  93  70  82   2   0  17 0.00    M    M  6.5 17 260   M    M   1 1      24 220
15  90  73  82   2   0  17 0.00    M    M  5.6 16 240   M    M   2        21 250
16  92  71  82   2   0  17 0.00    M    M  3.7 10 290   M    M   0        13  30
17  93  69  81   1   0  16 0.09    M    M  4.5 29 240   M    M   3 13     36 250
18  90  71  81   1   0  16 0.01  0.0    0  1.7  8 330   M    M   3        10 340
19  83  72  78  -2   0  13 0.58    M    M  4.1 16 340   M    M   4 1      22 340
20  85  73  79  -1   0  14 0.18    M    M  4.4 12 360   M    M   6 1      16 280
21  85  72  79  -1   0  14 0.07    M    M  3.5 13  30   M    M   6 1      17  40
22  86  71  79  -1   0  14 0.11    M    M  4.9 13  70   M    M   7 13     18  50
23  83  71  77  -2   0  12 0.63    M    M  4.9 17  60   M    M   5 1      21  60
24  81  66  74  -5   0   9    T    M    M  7.3 17  50   M    M   4        23  80
25  85  64  75  -4   0  10 0.00    M    M  7.8 18 350   M    M   1        26  20
26  88  63  76  -3   0  11 0.00    M    M  4.3 12  60   M    M   0 1      16  30
27  91  71  81   2   0  16 0.38    M    M  4.0 23 120   M    M   5 123    28 120
28  81  75  78  -1   0  13 0.31    M    M  2.4 13 160   M    M   7 1      24 270
29  85  73  79   0   0  14 0.12    M    M  2.2 13  10   M    M   7 13     15  10
30  83  73  78   0   0  13    T    M    M  1.2  7 130   M    M   5 18     10 140
31  92  71  82   4   0  17 0.00    M    M  3.2 10 230   M    M   2 1      13 230
================================================================================
SM 2729 2204         0 461  5.21     0.0 132.1          M      120
================================================================================
AV 88.0 71.1                               4.3 FASTST   M    M   4    MAX(MPH)
                                 MISC ---->  # 30 220               # 39   20
================================================================================
NOTES:
# LAST OF SEVERAL OCCURRENCES

COLUMN 17 PEAK WIND IN M.P.H.

PRELIMINARY LOCAL CLIMATOLOGICAL DATA (WS FORM: F-6) , PAGE 2

                                          STATION:  FLORENCE SC
                                          MONTH:    AUGUST
                                          YEAR:     2012
                                          LATITUDE:   34 10 N
                                          LONGITUDE:  79 43 W

[TEMPERATURE DATA]      [PRECIPITATION DATA]       SYMBOLS USED IN COLUMN 16

AVERAGE MONTHLY: 79.6   TOTAL FOR MONTH:   5.21    1 = FOG OR MIST
DPTR FM NORMAL:  -0.3   DPTR FM NORMAL:   -0.03    2 = FOG REDUCING VISIBILITY
HIGHEST:    97 ON  2    GRTST 24HR  0.95 ON 11-12      TO 1/4 MILE OR LESS
LOWEST:     63 ON 26                               3 = THUNDER
                        SNOW, ICE PELLETS, HAIL    4 = ICE PELLETS
                        TOTAL MONTH:   0.0 INCH    5 = HAIL
                        GRTST 24HR     0.0         6 = FREEZING RAIN OR DRIZZLE
                        GRTST DEPTH:   0           7 = DUSTSTORM OR SANDSTORM:
                                                       VSBY 1/2 MILE OR LESS
                                                   8 = SMOKE OR HAZE
[NO. OF DAYS WITH]      [WEATHER - DAYS WITH]      9 = BLOWING SNOW
                                                   X = TORNADO
MAX 32 OR BELOW:   0    0.01 INCH OR MORE:  22
MAX 90 OR ABOVE:  14    0.10 INCH OR MORE:  13
MIN 32 OR BELOW:   0    0.50 INCH OR MORE:   4
MIN  0 OR BELOW:   0    1.00 INCH OR MORE:   0

[HDD (BASE 65) ]
TOTAL THIS MO.     0    CLEAR  (SCALE 0-3)  12
DPTR FM NORMAL     0    PTCLDY (SCALE 4-7)  19
TOTAL FM JUL 1     0    CLOUDY (SCALE 8-10)  0
DPTR FM NORMAL     0

[CDD (BASE 65) ]
TOTAL THIS MO.   461
DPTR FM NORMAL    -3    [PRESSURE DATA]
TOTAL FM JAN 1  1912    HIGHEST SLP 30.23 ON 31
DPTR FM NORMAL   242    LOWEST  SLP 29.80 ON 18

[REMARKS]
#FINAL-08-12#
