000
CXUS52 KILM 011000
CF6FLO
PRELIMINARY LOCAL CLIMATOLOGICAL DATA (WS FORM: F-6)

                                          STATION:   FLORENCE SC
                                          MONTH:     JULY
                                          YEAR:      2012
                                          LATITUDE:   34 10 N
                                          LONGITUDE:  79 43 W

  TEMPERATURE IN F:       :PCPN:    SNOW:  WIND      :SUNSHINE: SKY     :PK WND
================================================================================
1   2   3   4   5  6A  6B    7    8   9   10  11  12  13   14  15   16   17  18
                                     12Z  AVG MX 2MIN
DY MAX MIN AVG DEP HDD CDD  WTR  SNW DPTH SPD SPD DIR MIN PSBL S-S WX    SPD DR
================================================================================

 1 103  69  86   5   0  21 0.92    M    M  8.2 53  30   M    M   1 138    69  10
 2  94  74  84   3   0  19 0.00    M    M  6.1 17 290   M    M   0        24 290
 3  97  71  84   3   0  19 0.00    M    M  3.2 10 160   M    M   0        14 160
 4  98  70  84   3   0  19 0.00    M    M  5.8 14 220   M    M   0        20 240
 5 100  76  88   7   0  23 0.00    M    M  5.7 20 220   M    M   1 18     26 220
 6  98  73  86   5   0  21 0.00    M    M  4.6 13 190   M    M   0        15 200
 7  99  76  88   7   0  23 0.00    M    M  7.9 13 270   M    M   1        17 270
 8 101  79  90   9   0  25 0.00    M    M  9.1 16 250   M    M   0        24 270
 9 102  74  88   7   0  23 1.41    M    M  9.9 35  10   M    M   2 138    46 350
10  91  70  81   0   0  16 0.59    M    M  3.7 29 220   M    M   2 13     35 220
11  89  72  81   0   0  16 0.28    M    M  4.1 18 160   M    M   6 1      22 170
12  89  73  81   0   0  16 0.27    M    M  4.9 22  90   M    M   7 13     29 100
13  88  72  80  -1   0  15 0.14    M    M  3.3 20 170   M    M   5 123    25 140
14  92  72  82   1   0  17 0.64    M    M  2.7 26 110   M    M   3 1      30 110
15  91  71  81   0   0  16 0.00    M    M  3.4 24 160   M    M   1        29 170
16  92  73  83   2   0  18 0.00    M    M  4.0 16 360   M    M   1 3      18 340
17  91  72  82   1   0  17 0.00    M    M  5.0 18 250   M    M   1        24 250
18  93  74  84   3   0  19 0.00    M    M  7.5 14 190   M    M   1        20 230
19  94  76  85   4   0  20 0.00    M    M  9.7 17 210   M    M   1        23 210
20  94  76  85   4   0  20 0.14    M    M 10.1 21 220   M    M   4 1      26 250
21  92  75  84   3   0  19    T    M    M  7.2 17 200   M    M   3        23 200
22  96  76  86   5   0  21 0.00    M    M  6.4 14 250   M    M   1        18 250
23  95  75  85   4   0  20 0.35    M    M  7.0 24  70   M    M   1 138    29  70
24  98  77  88   7   0  23    T    M    M  8.5 16  10   M    M   1 8      21  20
25  91  76  84   3   0  19 0.01    M    M  4.7 10 290   M    M   3 3      14 300
26 101  77  89   8   0  24 0.00    M    M  7.7 17 240   M    M   1 1      23 210
27 100  80  90   9   0  25 0.00    M    M  7.3 26 340   M    M   1        32 330
28  94  76  85   4   0  20 0.00    M    M  5.4 20 150   M    M   2 3      24 140
29  95  72  84   3   0  19    T    M    M  3.0 18 150   M    M   4 3      24 140
30  87  71  79  -2   0  14    T    M    M  4.1 15 100   M    M   4 1      17 100
31  88  70  79  -2   0  14 0.01  0.0    0  2.2  9  60   M    M   6 12     12  50
================================================================================
SM 2933 2288         0 601  4.76     0.0 182.4          M       64
================================================================================
AV 94.6 73.8                               5.9 FASTST   M    M   2    MAX(MPH)
                                 MISC ---->  # 53  30               # 69   10
================================================================================
NOTES:
# LAST OF SEVERAL OCCURRENCES

COLUMN 17 PEAK WIND IN M.P.H.

PRELIMINARY LOCAL CLIMATOLOGICAL DATA (WS FORM: F-6) , PAGE 2

                                          STATION:  FLORENCE SC
                                          MONTH:    JULY
                                          YEAR:     2012
                                          LATITUDE:   34 10 N
                                          LONGITUDE:  79 43 W

[TEMPERATURE DATA]      [PRECIPITATION DATA]       SYMBOLS USED IN COLUMN 16

AVERAGE MONTHLY: 84.2   TOTAL FOR MONTH:   4.76    1 = FOG OR MIST
DPTR FM NORMAL:   3.0   DPTR FM NORMAL:   -0.50    2 = FOG REDUCING VISIBILITY
HIGHEST:   103 ON  1    GRTST 24HR  1.53 ON  9-10      TO 1/4 MILE OR LESS
LOWEST:     69 ON  1                               3 = THUNDER
                        SNOW, ICE PELLETS, HAIL    4 = ICE PELLETS
                        TOTAL MONTH:   0.0 INCH    5 = HAIL
                        GRTST 24HR     0.0         6 = FREEZING RAIN OR DRIZZLE
                        GRTST DEPTH:   0           7 = DUSTSTORM OR SANDSTORM:
                                                       VSBY 1/2 MILE OR LESS
                                                   8 = SMOKE OR HAZE
[NO. OF DAYS WITH]      [WEATHER - DAYS WITH]      9 = BLOWING SNOW
                                                   X = TORNADO
MAX 32 OR BELOW:   0    0.01 INCH OR MORE:  11
MAX 90 OR ABOVE:  26    0.10 INCH OR MORE:   9
MIN 32 OR BELOW:   0    0.50 INCH OR MORE:   4
MIN  0 OR BELOW:   0    1.00 INCH OR MORE:   1

[HDD (BASE 65) ]
TOTAL THIS MO.     0    CLEAR  (SCALE 0-3)  24
DPTR FM NORMAL     0    PTCLDY (SCALE 4-7)   7
TOTAL FM JUL 1     0    CLOUDY (SCALE 8-10)  0
DPTR FM NORMAL     0

[CDD (BASE 65) ]
TOTAL THIS MO.   601
DPTR FM NORMAL    99    [PRESSURE DATA]
TOTAL FM JAN 1  1451    HIGHEST SLP 30.22 ON 14
DPTR FM NORMAL   245    LOWEST  SLP 29.80 ON 26

[REMARKS]
#FINAL-07-12#
#FINAL-07-12#
