000
CXUS52 KILM 021010
CF6FLO
PRELIMINARY LOCAL CLIMATOLOGICAL DATA (WS FORM: F-6)

                                          STATION:   FLORENCE SC
                                          MONTH:     DECEMBER
                                          YEAR:      2013
                                          LATITUDE:   34 10 N
                                          LONGITUDE:  79 43 W

  TEMPERATURE IN F:       :PCPN:    SNOW:  WIND      :SUNSHINE: SKY     :PK WND
================================================================================
1   2   3   4   5  6A  6B    7    8   9   10  11  12  13   14  15   16   17  18
                                     12Z  AVG MX 2MIN
DY MAX MIN AVG DEP HDD CDD  WTR  SNW DPTH SPD SPD DIR MIN PSBL S-S WX    SPD DR
================================================================================

 1  61  42  52   1  13   0 0.00    M    M  2.1  8  30   M    M   9 18     12  20
 2  64  41  53   3  12   0 0.00    M    M  1.2  9 310   M    M   6 18     23 330
 3  61  42  52   2  13   0 0.08    M    M  3.0  9 180   M    M   8 18     12 190
 4  65  53  59   9   6   0 0.42    M    M  2.3 10 270   M    M   8 128    13 270
 5  77  52  65  15   0   0 0.00    M    M  5.9 16 190   M    M   8 12     21 210
 6  81  65  73  24   0   8 0.00    M    M  9.8 21 220   M    M   1        25 200
 7  69  45  57   8   8   0 0.17    M    M 10.0 28  20   M    M   8 18     32  10
 8  45  38  42  -7  23   0 0.16    M    M  8.5 16  50   M    M  10 1      21  40
 9  56  38  47  -1  18   0 0.00    M    M  2.2  9  50   M    M  10 12     12  50
10  70  38  54   6  11   0 0.35    M    M  8.5 24 340   M    M   7 12     33 280
11  54  27  41  -7  24   0 0.00    M    M  1.4  9 100   M    M   1 18      M  M
12  52  27  40  -8  25   0 0.00    M    M  3.8 16  40   M    M   0 18     21  40
13  57  24  41  -7  24   0 0.00    M    M  2.3 12 190   M    M   0 18     15 190
14  66  41  54   7  11   0 1.46    M    M  7.4 29 160   M    M   9 1      40 170
15  57  40  49   2  16   0 0.02    M    M  7.4 16 310   M    M   6 1      22 300
16  59  29  44  -3  21   0 0.00    M    M  4.8 13 260   M    M   0 8      15 240
17  68  36  52   5  13   0 0.00    M    M  8.6 20 240   M    M   0        25 240
18  55  30  43  -3  22   0 0.00    M    M  3.2 12 280   M    M   0 18     22 290
19  64  28  46   0  19   0 0.00    M    M  3.1 12 210   M    M   0 18     16 220
20  72  42  57  11   8   0 0.00    M    M  3.3 15 270   M    M   3 8      18 270
21  79  47  63  17   2   0 0.00    M    M  5.3 16 190   M    M   4 12     21 190
22  83  67  75  29   0  10    T    M    M  9.8 22 220   M    M   7 1      32 230
23  76  53  65  19   0   0 0.35    M    M  8.8 20  20   M    M   9 18     26 300
24  55  36  46   1  19   0 0.04    M    M  9.2 17 330   M    M   5 1      22 350
25  46  27  37  -8  28   0 0.00    M    M  7.3 14  30   M    M   2        17  50
26  46  34  40  -5  25   0 0.02    M    M  2.9 10 360   M    M   9 18     13 350
27  55  31  43  -2  22   0 0.00    M    M  4.9 12  40   M    M   0 18     16  10
28  61  26  44  -1  21   0 0.02    M    M  3.9 10  70   M    M   3 18     14  70
29  71  46  59  14   6   0 1.24    M    M  7.8 24 270   M    M   6 1      31 270
30  57  44  51   6  14   0 0.00    M    M  2.3  9 100   M    M   3 1      12 100
31  57  36  47   2  18   0 0.00    M    M  4.1 13 330   M    M   2 18     16 300
================================================================================
SM 1939 1225       442  18  4.33    M    165.1          M      144
================================================================================
AV 62.5 39.5                               5.3 FASTST   M    M   5    MAX(MPH)
                                 MISC ---->  # 29 160               # 40  170
================================================================================
NOTES:
# LAST OF SEVERAL OCCURRENCES

COLUMN 17 PEAK WIND IN M.P.H.

PRELIMINARY LOCAL CLIMATOLOGICAL DATA (WS FORM: F-6) , PAGE 2

                                          STATION:  FLORENCE SC
                                          MONTH:    DECEMBER
                                          YEAR:     2013
                                          LATITUDE:   34 10 N
                                          LONGITUDE:  79 43 W

[TEMPERATURE DATA]      [PRECIPITATION DATA]       SYMBOLS USED IN COLUMN 16

AVERAGE MONTHLY: 51.0   TOTAL FOR MONTH:   4.33    1 = FOG OR MIST
DPTR FM NORMAL:   3.9   DPTR FM NORMAL:    1.32    2 = FOG REDUCING VISIBILITY
HIGHEST:    83 ON 22    GRTST 24HR  1.46 ON 14-14      TO 1/4 MILE OR LESS
LOWEST:     24 ON 13                               3 = THUNDER
                        SNOW, ICE PELLETS, HAIL    4 = ICE PELLETS
                        TOTAL MONTH:    M          5 = HAIL
                        GRTST 24HR    M  ON   M    6 = FREEZING RAIN OR DRIZZLE
                        GRTST DEPTH:  M  ON   M    7 = DUSTSTORM OR SANDSTORM:
                                                       VSBY 1/2 MILE OR LESS
                                                   8 = SMOKE OR HAZE
[NO. OF DAYS WITH]      [WEATHER - DAYS WITH]      9 = BLOWING SNOW
                                                   X = TORNADO
MAX 32 OR BELOW:   0    0.01 INCH OR MORE:  12
MAX 90 OR ABOVE:   0    0.10 INCH OR MORE:   7
MIN 32 OR BELOW:   9    0.50 INCH OR MORE:   2
MIN  0 OR BELOW:   0    1.00 INCH OR MORE:   2

[HDD (BASE 65) ]
TOTAL THIS MO.   442    CLEAR  (SCALE 0-3)  13
DPTR FM NORMAL  -115    PTCLDY (SCALE 4-7)  10
TOTAL FM JUL 1   912    CLOUDY (SCALE 8-10)  8
DPTR FM NORMAL   -67

[CDD (BASE 65) ]
TOTAL THIS MO.    18
DPTR FM NORMAL    14    [PRESSURE DATA]
TOTAL FM JAN 1  2064    HIGHEST SLP M ON M
DPTR FM NORMAL     1    LOWEST  SLP 29.72 ON 15

[REMARKS]
RETRANSMITTED FOR NWS WEBPAGES
#FINAL-12-13#
