000
CXUS52 KILM 011100
CF6FLO
PRELIMINARY LOCAL CLIMATOLOGICAL DATA (WS FORM: F-6)

                                          STATION:   FLORENCE SC
                                          MONTH:     SEPTEMBER
                                          YEAR:      2010
                                          LATITUDE:   34 10 N
                                          LONGITUDE:  79 43 W

  TEMPERATURE IN F:       :PCPN:    SNOW:  WIND      :SUNSHINE: SKY     :PK WND
================================================================================
1   2   3   4   5  6A  6B    7    8   9   10  11  12  13   14  15   16   17  18
                                     12Z  AVG MX 2MIN
DY MAX MIN AVG DEP HDD CDD  WTR  SNW DPTH SPD SPD DIR MIN PSBL S-S WX    SPD DR
================================================================================

 1  95  67  81   3   0  16 0.00    M    M  4.3 16 110   M    M   0 18     20 100
 2  89  65  77  -1   0  12 0.00    M    M  8.7 17  70   M    M   0 1      23  70
 3  98  67  83   5   0  18 0.00    M    M  7.9 17 240   M    M   1        22 250
 4  90  63  77   0   0  12 0.00    M    M  5.1 14  20   M    M   1 8      20 360
 5  89  60  75  -2   0  10 0.00    M    M  5.6 15  40   M    M   0        20 140
 6  92  67  80   3   0  15 0.00    M    M  7.0 22 120   M    M   3 1      25 110
 7  92  67  80   3   0  15 0.00    M    M  3.1 15 150   M    M   2 1      17 140
 8  95  69  82   6   0  17 0.00    M    M  6.0 15 270   M    M   1 1      21 250
 9  91  72  82   6   0  17    T    M    M  2.8 10  30   M    M   1        15 270
10  90  69  80   4   0  15 0.00    M    M  5.7 14  20   M    M   1        18  20
11  90  71  81   5   0  16    T    M    M  5.1 16 180   M    M   7        22 160
12  91  71  81   5   0  16 0.04    M    M  5.8 14 340   M    M   5 18     18 360
13  86  60  73  -3   0   8 0.00    M    M  5.2 15  70   M    M   1        21  60
14  94  57  76   1   0  11 0.00    M    M  5.1 14 340   M    M   0 18     17 330
15  96  62  79   4   0  14 0.00    M    M  2.9 10 110   M    M   0        15 350
16  91  64  78   3   0  13 0.00    M    M  7.0 20 210   M    M   1 1      25 200
17  94  65  80   5   0  15 0.00    M    M  4.6 14 240   M    M   2 1      20 160
18  92  68  80   6   0  15    T    M    M  4.7 16  60   M    M   1 18     21  40
19  91  63  77   3   0  12 0.00    M    M  3.1 13 360   M    M   0 18     18  40
20  96  61  79   5   0  14 0.00    M    M  5.5 15  30   M    M   0        20  50
21  91  68  80   6   0  15 0.00    M    M  5.9 16 150   M    M   3 1      20 140
22  91  68  80   7   0  15 0.00    M    M  3.8 13 170   M    M   2 1      16 170
23  94  66  80   7   0  15 0.00    M    M  4.5 13 180   M    M   0 1      17 140
24  92  62  77   4   0  12 0.00    M    M  3.7 13 210   M    M   2 12     16 210
25  95  68  82  10   0  17 0.00    M    M  6.9 14 240   M    M   1 1      20 250
26  86  70  78   6   0  13 1.27    M    M  5.7 15 190   M    M   5 1      21 160
27  75  69  72   1   0   7 1.92    M    M  6.8 16 170   M    M   8 13     21 190
28  81  62  72   1   0   7 0.05    M    M  4.6 13 230   M    M   2 1      18 230
29  69  65  67  -4   0   2 3.07    M    M  9.8 18  60   M    M   9 1      23  10
30  78  68  73   3   0   8 1.83    M    M  6.3 26  10   M    M   9 1      31  10
================================================================================
SM 2694 1974         0 392  8.18    M    163.2          M       68
================================================================================
AV 89.8 65.8                               5.4 FASTST   M    M   2    MAX(MPH)
                                 MISC ---->  # 26  10               # 31   10
================================================================================
NOTES:
# LAST OF SEVERAL OCCURRENCES

COLUMN 17 PEAK WIND IN M.P.H.

PRELIMINARY LOCAL CLIMATOLOGICAL DATA (WS FORM: F-6) , PAGE 2

                                          STATION:  FLORENCE SC
                                          MONTH:    SEPTEMBER
                                          YEAR:     2010
                                          LATITUDE:   34 10 N
                                          LONGITUDE:  79 43 W

[TEMPERATURE DATA]      [PRECIPITATION DATA]       SYMBOLS USED IN COLUMN 16

AVERAGE MONTHLY: 77.8   TOTAL FOR MONTH:   8.18    1 = FOG OR MIST
DPTR FM NORMAL:   3.1   DPTR FM NORMAL:    4.51    2 = FOG REDUCING VISIBILITY
HIGHEST:    98 ON  3    GRTST 24HR  4.60 ON 29-30      TO 1/4 MILE OR LESS
LOWEST:     57 ON 14                               3 = THUNDER
                        SNOW, ICE PELLETS, HAIL    4 = ICE PELLETS
                        TOTAL MONTH:    M          5 = HAIL
                        GRTST 24HR    M  ON   M    6 = FREEZING RAIN OR DRIZZLE
                        GRTST DEPTH:  M  ON   M    7 = DUSTSTORM OR SANDSTORM:
                                                       VSBY 1/2 MILE OR LESS
                                                   8 = SMOKE OR HAZE
[NO. OF DAYS WITH]      [WEATHER - DAYS WITH]      9 = BLOWING SNOW
                                                   X = TORNADO
MAX 32 OR BELOW:   0    0.01 INCH OR MORE:   6
MAX 90 OR ABOVE:  22    0.10 INCH OR MORE:   4
MIN 32 OR BELOW:   0    0.50 INCH OR MORE:   4
MIN  0 OR BELOW:   0    1.00 INCH OR MORE:   4

[HDD (BASE 65) ]
TOTAL THIS MO.     0    CLEAR  (SCALE 0-3)  24
DPTR FM NORMAL    -5    PTCLDY (SCALE 4-7)   3
TOTAL FM JUL 1     0    CLOUDY (SCALE 8-10)  3
DPTR FM NORMAL    -5

[CDD (BASE 65) ]
TOTAL THIS MO.   392
DPTR FM NORMAL    98    [PRESSURE DATA]
TOTAL FM JAN 1  2370    HIGHEST SLP 30.24 ON 23
DPTR FM NORMAL   441    LOWEST  SLP 29.37 ON 30

[REMARKS]
#FINAL-09-10#
