000
CXUS52 KILM 011000
CF6FLO
PRELIMINARY LOCAL CLIMATOLOGICAL DATA (WS FORM: F-6)

                                          STATION:   FLORENCE SC
                                          MONTH:     DECEMBER
                                          YEAR:      2010
                                          LATITUDE:   34 10 N
                                          LONGITUDE:  79 43 W

  TEMPERATURE IN F:       :PCPN:    SNOW:  WIND      :SUNSHINE: SKY     :PK WND
================================================================================
1   2   3   4   5  6A  6B    7    8   9   10  11  12  13   14  15   16   17  18
                                     12Z  AVG MX 2MIN
DY MAX MIN AVG DEP HDD CDD  WTR  SNW DPTH SPD SPD DIR MIN PSBL S-S WX    SPD DR
================================================================================

 1  72  36  54   3  11   0 0.11    M    M 12.8 29 270   M    M   3 18     35 260
 2  50  27  39 -12  26   0 0.00    M    M  1.5  9  30   M    M   0 1      17 310
 3  54  27  41  -9  24   0 0.00    M    M  3.1 10  40   M    M   0        15  30
 4  50  32  41  -9  24   0 0.05    M    M  5.0 14  20   M    M   5 1      18  20
 5  49  32  41  -9  24   0 0.00    M    M  9.7 18 330   M    M   3 1      24 330
 6  43  23  33 -17  32   0 0.00    M    M  7.2 22 290   M    M   0        29 290
 7  38  17  28 -21  37   0 0.00    M    M  7.7 18 310   M    M   0        24 330
 8  39  13  26 -23  39   0 0.00    M    M  3.7 13 360   M    M   0        15 360
 9  45  25  35 -14  30   0 0.00    M    M  5.4 14  60   M    M   1        22  20
10  53  24  39  -9  26   0 0.00    M    M  4.2 10  70   M    M   0        13  80
11  44  31  38 -10  27   0 0.25    M    M  6.1 12 340   M    M  10 1      14 340
12  55  41  48   0  17   0 0.22    M    M 10.7 24 260   M    M   9 12     41 260
13  38  26  32 -16  33   0 0.00    M    M 14.6 25 310   M    M   1        35 310
14  37  19  28 -20  37   0 0.00    M    M  9.0 20 280   M    M   0        26 270
15  40  13  27 -20  38   0 0.00    M    M  3.3  9 270   M    M   1        14 330
16  60  33  47   0  18   0    T    M    M 10.1 22 230   M    M  10        30 230
17  59  38  49   2  16   0    T    M    M  7.6 18 230   M    M   6        24 240
18  39  34  37 -10  28   0 0.53    M    M  9.4 16  90   M    M  10 1      20 100
19  46  29  38  -9  27   0 0.00    M    M  8.0 15 350   M    M   6 1      20 350
20  47  24  36 -10  29   0 0.00    M    M  4.8 13 350   M    M   0        16 350
21  47  28  38  -8  27   0 0.00    M    M  3.2  9 240   M    M   9 18     13 260
22  56  40  48   2  17   0 0.00    M    M  2.9 22  10   M    M   8 18     26 360
23  49  32  41  -5  24   0 0.00    M    M 10.9 21 340   M    M   0        29 350
24  47  25  36 -10  29   0 0.00    M    M  3.0 13  30   M    M   0        16  20
25  50  25  38  -8  27   0 0.02    M    M  2.5 10 190   M    M   3        14 140
26  40  28  34 -12  31   0 0.54    M    M 11.2  M   M   M    M   9 18      M  M
27   M  25   M   M   M   M 0.00    M    M 12.3 24 320   M    M   2        36 310
28   M  27   M   M   M   M 0.00    M    M  4.4  8 310   M    M   0         M  M
29   M  29   M   M   M   M 0.00    M    M   M   M   M   M    M   0         M  M
30  51  27  39  -6  26   0 0.00    M    M  2.1  8  50   M    M   0        10 120
31  66  30  48   3  17   0 0.00    M    M  2.7  8 120   M    M   1        12 170
================================================================================
SM 1364  860       741   0  1.72    M    199.1          M       97
================================================================================
AV 48.7 27.7                               6.6 FASTST   M    M   3    MAX(MPH)
                                 MISC ---->  # 29 270                 41    M
================================================================================
NOTES:
# LAST OF SEVERAL OCCURRENCES

COLUMN 17 PEAK WIND IN M.P.H.

PRELIMINARY LOCAL CLIMATOLOGICAL DATA (WS FORM: F-6) , PAGE 2

                                          STATION:  FLORENCE SC
                                          MONTH:    DECEMBER
                                          YEAR:     2010
                                          LATITUDE:   34 10 N
                                          LONGITUDE:  79 43 W

[TEMPERATURE DATA]      [PRECIPITATION DATA]       SYMBOLS USED IN COLUMN 16

AVERAGE MONTHLY: 38.2   TOTAL FOR MONTH:   1.72    1 = FOG OR MIST
DPTR FM NORMAL:  -9.3   DPTR FM NORMAL:   -1.75    2 = FOG REDUCING VISIBILITY
HIGHEST:    72 ON  1    GRTST 24HR  0.56 ON 25-26      TO 1/4 MILE OR LESS
LOWEST:     13 ON 15, 8                            3 = THUNDER
                        SNOW, ICE PELLETS, HAIL    4 = ICE PELLETS
                        TOTAL MONTH:    M          5 = HAIL
                        GRTST 24HR    M  ON   M    6 = FREEZING RAIN OR DRIZZLE
                        GRTST DEPTH:  M  ON   M    7 = DUSTSTORM OR SANDSTORM:
                                                       VSBY 1/2 MILE OR LESS
                                                   8 = SMOKE OR HAZE
[NO. OF DAYS WITH]      [WEATHER - DAYS WITH]      9 = BLOWING SNOW
                                                   X = TORNADO
MAX 32 OR BELOW:   0    0.01 INCH OR MORE:   7
MAX 90 OR ABOVE:   0    0.10 INCH OR MORE:   5
MIN 32 OR BELOW:  25    0.50 INCH OR MORE:   2
MIN  0 OR BELOW:   0    1.00 INCH OR MORE:   0

[HDD (BASE 65) ]
TOTAL THIS MO.   741    CLEAR  (SCALE 0-3)  21
DPTR FM NORMAL   195    PTCLDY (SCALE 4-7)   3
TOTAL FM JUL 1  1131    CLOUDY (SCALE 8-10)  7
DPTR FM NORMAL   156

[CDD (BASE 65) ]
TOTAL THIS MO.     0
DPTR FM NORMAL     0    [PRESSURE DATA]
TOTAL FM JAN 1  2444    HIGHEST SLP 30.36 ON  9
DPTR FM NORMAL   403    LOWEST  SLP 29.36 ON 12

[REMARKS]
#FINAL-12-10#
