000
CXUS52 KILM 011531
CF6FLO
PRELIMINARY LOCAL CLIMATOLOGICAL DATA (WS FORM: F-6)
STATION: FLORENCE SOUTH CAROLINA
MONTH: JUNE
YEAR: 2022
LATITUDE: 34 10 N
LONGITUDE: 79 43 W
TEMPERATURE IN F: :PCPN: SNOW: WIND :SUNSHINE: SKY :PK WND
================================================================================
1 2 3 4 5 6A 6B 7 8 9 10 11 12 13 14 15 16 17 18
12Z AVG MX 2MIN
DY MAX MIN AVG DEP HDD CDD WTR SNW DPTH SPD SPD DIR MIN PSBL S-S WX SPD DR
================================================================================
1 99 72 86 10 0 21 0.00 M M 5.8 12 330 M M 1 16 320
2 100 73 87 11 0 22 0.00 M M 9.2 18 220 M M 1 8 27 220
3 95 72 84 8 0 19 0.37 M M 7.9 32 340 M M 3 1 40 340
4 85 70 78 1 0 13 0.00 M M 8.2 21 60 M M 8 1 25 60
5 91 67 79 2 0 14 0.00 M M 8.2 16 30 M M 1 23 50
6 89 63 76 -1 0 11 0.00 M M 6.5 21 140 M M 0 25 140
7 94 66 80 3 0 15 0.00 M M 5.0 13 120 M M 1 1 15 130
8 95 72 84 6 0 19 0.03 M M 7.7 23 260 M M 4 8 29 250
9 96 76 86 8 0 21 T M M 8.8 21 260 M M 5 26 260
10 90 70 80 2 0 15 0.00 M M 7.5 17 40 M M 4 23 30
11 87 71 79 1 0 14 0.08 M M 5.8 18 130 M M 3 22 140
12 97 72 85 6 0 20 0.04 M M 5.4 15 150 M M 5 1 19 160
13 102 76 89 10 0 24 0.00 M M 6.2 14 210 M M 2 1 26 180
14 101 77 89 10 0 24 T M M 5.4 28 350 M M 0 18 34 330
15 101 77 89 10 0 24 0.00 M M 7.5 16 160 M M 1 21 160
16 99 72 86 7 0 21 0.85 M M 7.6 31 100 M M 3 1 39 90
17 99 70 85 5 0 20 0.03 M M 7.4 33 270 M M 1 47 320
18 96 72 84 4 0 19 0.00 M M 9.3 20 10 M M 0 33 350
19 87 60 74 -6 0 9 0.00 M M 5.5 18 50 M M 0 24 50
20 91 56 74 -6 0 9 0.00 M M 2.3 12 360 M M 0 17 360
21 93 66 80 0 0 15 0.00 M M 3.5 10 340 M M 2 14 320
22 101 66 84 4 0 19 0.00 M M 5.4 16 350 M M 0 1 21 330
23 93 74 84 3 0 19 0.00 M M 6.3 16 30 M M 0 20 30
24 94 74 84 3 0 19 0.00 M M 6.5 16 100 M M 4 1 21 100
25 95 70 83 2 0 18 0.00 M M 6.3 15 150 M M 1 21 110
26 96 65 81 0 0 16 0.00 M M 5.5 15 130 M M 1 21 130
27 92 72 82 1 0 17 0.00 M M 5.7 15 230 M M 5 20 220
28 88 73 81 0 0 16 1.14 M M 5.5 17 210 M M 7 12 23 60
29 83 73 78 -3 0 13 0.02 M M 4.3 9 130 M M 4 12 13 100
30 92 72 82 0 0 17 0.00 M M 5.4 18 170 M M 6 12 22 170
================================================================================
SM 2821 2109 0 523 2.56 M 191.6 M 73
================================================================================
AV 94.0 70.3 6.4 FASTST M M 2 MAX(MPH)
MISC ----> 33 270 47 320
================================================================================
NOTES:
# LAST OF SEVERAL OCCURRENCES
COLUMN 17 PEAK WIND IN M.P.H.
PRELIMINARY LOCAL CLIMATOLOGICAL DATA (WS FORM: F-6) , PAGE 2
STATION: FLORENCE SOUTH CAROLINA
MONTH: JUNE
YEAR: 2022
LATITUDE: 34 10 N
LONGITUDE: 79 43 W
[TEMPERATURE DATA] [PRECIPITATION DATA] SYMBOLS USED IN COLUMN 16
AVERAGE MONTHLY: 82.2 TOTAL FOR MONTH: 2.56 1 = FOG OR MIST
DPTR FM NORMAL: 3.1 DPTR FM NORMAL: -2.05 2 = FOG REDUCING VISIBILITY
HIGHEST: 102 ON 13 GRTST 24HR 1.14 ON 28-28 TO 1/4 MILE OR LESS
LOWEST: 56 ON 20 3 = THUNDER
SNOW, ICE PELLETS, HAIL 4 = ICE PELLETS
TOTAL MONTH: M 5 = HAIL
GRTST 24HR M ON M 6 = FREEZING RAIN OR DRIZZLE
GRTST DEPTH: M ON M 7 = DUSTSTORM OR SANDSTORM:
VSBY 1/2 MILE OR LESS
8 = SMOKE OR HAZE
[NO. OF DAYS WITH] [WEATHER - DAYS WITH] 9 = BLOWING SNOW
X = TORNADO
MAX 32 OR BELOW: 0 0.01 INCH OR MORE: 8
MAX 90 OR ABOVE: 24 0.10 INCH OR MORE: 3
MIN 32 OR BELOW: 0 0.50 INCH OR MORE: 2
MIN 0 OR BELOW: 0 1.00 INCH OR MORE: 1
[HDD (BASE 65) ]
TOTAL THIS MO. 0 CLEAR (SCALE 0-3) 18
DPTR FM NORMAL -1 PTCLDY (SCALE 4-7) 12
TOTAL FM JUL 1 1997 CLOUDY (SCALE 8-10) 0
DPTR FM NORMAL -336
[CDD (BASE 65) ]
TOTAL THIS MO. 523
DPTR FM NORMAL 99 [PRESSURE DATA]
TOTAL FM JAN 1 1004 HIGHEST SLP 30.29 ON 16
DPTR FM NORMAL 221 LOWEST SLP 29.72 ON 3
[REMARKS]
#FINAL-06-22#