000
CDUS42 KILM 030842
CLIFLO


CLIMATE REPORT
NATIONAL WEATHER SERVICE WILMINGTON NC
441 AM EDT THU SEP 3 2015


...................................

...THE FLORENCE SC CLIMATE SUMMARY FOR SEPTEMBER 2 2015...

CLIMATE NORMAL PERIOD 1981 TO 2010
CLIMATE RECORD PERIOD 1948 TO 2015


WEATHER ITEM   OBSERVED TIME   RECORD YEAR NORMAL DEPARTURE LAST
                VALUE   (LST)  VALUE       VALUE  FROM      YEAR
                                                  NORMAL
..................................................................
TEMPERATURE (F)
 YESTERDAY
  MAXIMUM         93    441 PM  99    2014  87      6       99
                                      1993
  MINIMUM         73    623 AM  53    1967  68      5       73
  AVERAGE         83                        78      5       86

PRECIPITATION (IN)
  YESTERDAY        0.00          2.11 1955   0.14  -0.14     0.24
  MONTH TO DATE    0.00                      0.29  -0.29     0.24
  SINCE SEP 1      0.00                      0.29  -0.29     0.24
  SINCE JAN 1     27.84                     30.77  -2.93    28.23

DEGREE DAYS
 HEATING
  YESTERDAY        0                         0      0        0
  MONTH TO DATE    0                         0      0        0
  SINCE SEP 1      0                         0      0        0
  SINCE JUL 1      0                         0      0        0

 COOLING
  YESTERDAY       18                        13      5       21
  MONTH TO DATE   33                        26      7       42
  SINCE SEP 1     33                        26      7       42
  SINCE JAN 1   2050                      1696    354     1874
..................................................................


WIND (MPH)
  HIGHEST WIND SPEED    10   HIGHEST WIND DIRECTION    SW (220)
  HIGHEST GUST SPEED    13   HIGHEST GUST DIRECTION    SW (230)
  AVERAGE WIND SPEED     4.2


SKY COVER
  POSSIBLE SUNSHINE  MM
  AVERAGE SKY COVER 0.0


WEATHER CONDITIONS
 THE FOLLOWING WEATHER WAS RECORDED YESTERDAY.
  FOG


RELATIVE HUMIDITY (PERCENT)
 HIGHEST    94          1200 AM
 LOWEST     44           300 PM
 AVERAGE    69

..........................................................


THE FLORENCE SC CLIMATE NORMALS FOR TODAY
                         NORMAL    RECORD    YEAR
 MAXIMUM TEMPERATURE (F)   87        98      2010
                                             1957
 MINIMUM TEMPERATURE (F)   68        50      1967


SUNRISE AND SUNSET
SEPTEMBER  3 2015.....SUNRISE   653 AM EDT   SUNSET   742 PM EDT
SEPTEMBER  4 2015.....SUNRISE   654 AM EDT   SUNSET   741 PM EDT


-  INDICATES NEGATIVE NUMBERS.
R  INDICATES RECORD WAS SET OR TIED.
MM INDICATES DATA IS MISSING.
T  INDICATES TRACE AMOUNT.




$$
