000
CDUS42 KILM 050954
CLIFLO


CLIMATE REPORT
NATIONAL WEATHER SERVICE WILMINGTON NC
453 AM EST THU MAR 5 2015


...................................

...THE FLORENCE SC CLIMATE SUMMARY FOR MARCH 4 2015...

CLIMATE NORMAL PERIOD 1981 TO 2010
CLIMATE RECORD PERIOD 1948 TO 2015


WEATHER ITEM   OBSERVED TIME   RECORD YEAR NORMAL DEPARTURE LAST
                VALUE   (LST)  VALUE       VALUE  FROM      YEAR
                                                  NORMAL
..................................................................
TEMPERATURE (F)
 YESTERDAY
  MAXIMUM         81    436 PM  87    1976  64     17       39
  MINIMUM         42    250 AM  18    2009  41      1       24
  AVERAGE         62                        52     10       32

PRECIPITATION (IN)
  YESTERDAY        0.00          1.97 1966   0.11  -0.11     0.00
  MONTH TO DATE    0.22                      0.44  -0.22     0.06
  SINCE MAR 1      0.22                      0.44  -0.22     0.06
  SINCE JAN 1      7.15                      6.59   0.56     5.78

SNOWFALL (IN)
  YESTERDAY       MM
  MONTH TO DATE   MM
  SINCE MAR 1     MM
  SINCE JUL 1     MM
  SNOW DEPTH      MM

DEGREE DAYS
 HEATING
  YESTERDAY        3                        13    -10       33
  MONTH TO DATE   61                        53      8       78
  SINCE MAR 1     61                        53      8       78
  SINCE JUL 1   2299                      2119    180     2207

 COOLING
  YESTERDAY        0                         0      0        0
  MONTH TO DATE    0                         0      0        0
  SINCE MAR 1      0                         0      0        0
  SINCE JAN 1      3                         6     -3        6
..................................................................


WIND (MPH)
  HIGHEST WIND SPEED    26   HIGHEST WIND DIRECTION    SW (240)
  HIGHEST GUST SPEED    33   HIGHEST GUST DIRECTION    SW (220)
  AVERAGE WIND SPEED    10.4


SKY COVER
  POSSIBLE SUNSHINE  MM
  AVERAGE SKY COVER 0.7


WEATHER CONDITIONS
 THE FOLLOWING WEATHER WAS RECORDED YESTERDAY.
  FOG
  FOG W/VISIBILITY <= 1/4 MILE


RELATIVE HUMIDITY (PERCENT)
 HIGHEST   100           300 AM
 LOWEST     45           500 PM
 AVERAGE    73

..........................................................


THE FLORENCE SC CLIMATE NORMALS FOR TODAY
                         NORMAL    RECORD    YEAR
 MAXIMUM TEMPERATURE (F)   64        86      1955
 MINIMUM TEMPERATURE (F)   41        20      1960


SUNRISE AND SUNSET
MARCH  5 2015.........SUNRISE   643 AM EST   SUNSET   618 PM EST
MARCH  6 2015.........SUNRISE   642 AM EST   SUNSET   619 PM EST


-  INDICATES NEGATIVE NUMBERS.
R  INDICATES RECORD WAS SET OR TIED.
MM INDICATES DATA IS MISSING.
T  INDICATES TRACE AMOUNT.




$$
