000
CDUS42 KILM 200844
CLIFLO


CLIMATE REPORT
NATIONAL WEATHER SERVICE WILMINGTON NC
444 AM EDT WED SEP 20 2017


...................................

...THE FLORENCE SC CLIMATE SUMMARY FOR SEPTEMBER 19 2017...

CLIMATE NORMAL PERIOD 1981 TO 2010
CLIMATE RECORD PERIOD 1948 TO 2017


WEATHER ITEM   OBSERVED TIME   RECORD YEAR NORMAL DEPARTURE LAST
                VALUE   (LST)  VALUE       VALUE  FROM      YEAR
                                                  NORMAL
..................................................................
TEMPERATURE (F)
 YESTERDAY
  MAXIMUM         86    429 PM  95    1954  83      3       90
  MINIMUM         65    635 AM  50    1981  63      2       72
  AVERAGE         76                        73      3       81

PRECIPITATION (IN)
  YESTERDAY        0.00          1.63 1966   0.11  -0.11     1.49
  MONTH TO DATE    4.04                      2.41   1.63     6.93
  SINCE SEP 1      4.04                      2.41   1.63     6.93
  SINCE JAN 1     35.62                     32.89   2.73    39.81

DEGREE DAYS
 HEATING
  YESTERDAY        0                         0      0        0
  MONTH TO DATE    0                         0      0        0
  SINCE SEP 1      0                         0      0        0
  SINCE JUL 1      0                         0      0        0

 COOLING
  YESTERDAY       11                         9      2       16
  MONTH TO DATE  170                       210    -40      272
  SINCE SEP 1    170                       210    -40      272
  SINCE JAN 1   1952                      1880     72     2309
..................................................................


WIND (MPH)
  HIGHEST WIND SPEED    14   HIGHEST WIND DIRECTION     N (340)
  HIGHEST GUST SPEED    18   HIGHEST GUST DIRECTION    NW (330)
  AVERAGE WIND SPEED     3.6


SKY COVER
  POSSIBLE SUNSHINE  MM
  AVERAGE SKY COVER 0.1


WEATHER CONDITIONS
 THE FOLLOWING WEATHER WAS RECORDED YESTERDAY.
  NO SIGNIFICANT WEATHER WAS OBSERVED.


RELATIVE HUMIDITY (PERCENT)
 HIGHEST   100           100 AM
 LOWEST     48           400 PM
 AVERAGE    74

..........................................................


THE FLORENCE SC CLIMATE NORMALS FOR TODAY
                         NORMAL    RECORD    YEAR
 MAXIMUM TEMPERATURE (F)   83        96      2010
 MINIMUM TEMPERATURE (F)   63        45      1984


SUNRISE AND SUNSET
SEPTEMBER 20 2017.....SUNRISE   706 AM EDT   SUNSET   718 PM EDT
SEPTEMBER 21 2017.....SUNRISE   706 AM EDT   SUNSET   717 PM EDT


-  INDICATES NEGATIVE NUMBERS.
R  INDICATES RECORD WAS SET OR TIED.
MM INDICATES DATA IS MISSING.
T  INDICATES TRACE AMOUNT.




$$
