000
CDUS42 KILM 210944
CLIFLO


CLIMATE REPORT
NATIONAL WEATHER SERVICE WILMINGTON NC
444 AM EST FRI NOV 21 2014


...................................

...THE FLORENCE SC CLIMATE SUMMARY FOR NOVEMBER 20 2014...

CLIMATE NORMAL PERIOD 1981 TO 2010
CLIMATE RECORD PERIOD 1948 TO 2014


WEATHER ITEM   OBSERVED TIME   RECORD YEAR NORMAL DEPARTURE LAST
                VALUE   (LST)  VALUE       VALUE  FROM      YEAR
                                                  NORMAL
..................................................................
TEMPERATURE (F)
 YESTERDAY
  MAXIMUM         64    303 PM  81    1988  66     -2       60
  MINIMUM         28    404 AM  20    1951  42    -14       36
  AVERAGE         46                        54     -8       48

PRECIPITATION (IN)
  YESTERDAY        0.00          1.09 1952   0.09  -0.09     0.00
  MONTH TO DATE    0.42                      1.75  -1.33     0.77
  SINCE SEP 1     10.16                      8.50   1.66     2.49
  SINCE JAN 1     38.15                     38.98  -0.83    48.95

SNOWFALL (IN)
  YESTERDAY       MM
  MONTH TO DATE   MM
  SINCE SEP 1     MM
  SINCE JUL 1     MM
  SNOW DEPTH      MM

DEGREE DAYS
 HEATING
  YESTERDAY       19                        11      8       17
  MONTH TO DATE  288                       176    112      214
  SINCE SEP 1    357                       293     64      296
  SINCE JUL 1    357                       293     64      296

 COOLING
  YESTERDAY        0                         0      0        0
  MONTH TO DATE    5                        16    -11       16
  SINCE SEP 1    449                       388     61      419
  SINCE JAN 1   2281                      2058    223     2046
..................................................................


WIND (MPH)
  HIGHEST WIND SPEED    24   HIGHEST WIND DIRECTION     W (270)
  HIGHEST GUST SPEED    32   HIGHEST GUST DIRECTION     W (260)
  AVERAGE WIND SPEED     9.0


SKY COVER
  POSSIBLE SUNSHINE  MM
  AVERAGE SKY COVER 0.0


WEATHER CONDITIONS
 THE FOLLOWING WEATHER WAS RECORDED YESTERDAY.
  NO SIGNIFICANT WEATHER WAS OBSERVED.


RELATIVE HUMIDITY (PERCENT)
 HIGHEST    69           200 AM
 LOWEST     27          1100 AM
 AVERAGE    48

..........................................................


THE FLORENCE SC CLIMATE NORMALS FOR TODAY
                         NORMAL    RECORD    YEAR
 MAXIMUM TEMPERATURE (F)   66        80      2011
                                             1977
 MINIMUM TEMPERATURE (F)   42        22      1951


SUNRISE AND SUNSET
NOVEMBER 21 2014......SUNRISE   657 AM EST   SUNSET   512 PM EST
NOVEMBER 22 2014......SUNRISE   658 AM EST   SUNSET   511 PM EST


-  INDICATES NEGATIVE NUMBERS.
R  INDICATES RECORD WAS SET OR TIED.
MM INDICATES DATA IS MISSING.
T  INDICATES TRACE AMOUNT.




$$
