000
CDUS42 KILM 292100
CLIFLO


CLIMATE REPORT
NATIONAL WEATHER SERVICE WILMINGTON NC
500 PM EDT THU SEP 29 2016


...................................

...THE FLORENCE SC CLIMATE SUMMARY FOR SEPTEMBER 29 2016...
VALID TODAY AS OF 0400 PM LOCAL TIME.

CLIMATE NORMAL PERIOD 1981 TO 2010
CLIMATE RECORD PERIOD 1948 TO 2016


WEATHER ITEM   OBSERVED TIME   RECORD YEAR NORMAL DEPARTURE LAST
                VALUE   (LST)  VALUE       VALUE  FROM      YEAR
                                                  NORMAL
..................................................................
TEMPERATURE (F)
 TODAY
  MAXIMUM         81   1216 PM  91    2005  80      1       86
                                      1973
  MINIMUM         74    127 PM  48    1962  60     14       75
  AVERAGE         78                        70      8       81

PRECIPITATION (IN)
  TODAY            0.46          4.29 1959   0.11   0.35     0.03
  MONTH TO DATE    9.82                      3.55   6.27     2.32
  SINCE SEP 1      9.82                      3.55   6.27     2.32
  SINCE JAN 1     42.70                     34.03   8.67    30.16

DEGREE DAYS
 HEATING
  TODAY            0                         1     -1        0
  MONTH TO DATE    0                         6     -6        0
  SINCE SEP 1      0                         6     -6        0
  SINCE JUL 1      0                         6     -6        0

 COOLING
  TODAY           13                         6      7       16
  MONTH TO DATE  397                       281    116      347
  SINCE SEP 1    397                       281    116      347
  SINCE JAN 1   2434                      1951    483     2364
..................................................................


WIND (MPH)
  HIGHEST WIND SPEED    16   HIGHEST WIND DIRECTION     E (100)
  HIGHEST GUST SPEED    20   HIGHEST GUST DIRECTION     E (100)
  AVERAGE WIND SPEED     8.1


SKY COVER
  POSSIBLE SUNSHINE  MM
  AVERAGE SKY COVER 0.6


WEATHER CONDITIONS
 THE FOLLOWING WEATHER WAS RECORDED TODAY.
  HEAVY RAIN
  LIGHT RAIN
  FOG
  HAZE


RELATIVE HUMIDITY (PERCENT)
 HIGHEST   100           600 AM
 LOWEST     69          1200 PM
 AVERAGE    85

..........................................................


THE FLORENCE SC CLIMATE NORMALS FOR TOMORROW
                         NORMAL    RECORD    YEAR
 MAXIMUM TEMPERATURE (F)   80        92      1964
 MINIMUM TEMPERATURE (F)   59        41      1967


SUNRISE AND SUNSET
SEPTEMBER 29 2016.....SUNRISE   712 AM EDT   SUNSET   705 PM EDT
SEPTEMBER 30 2016.....SUNRISE   713 AM EDT   SUNSET   704 PM EDT


-  INDICATES NEGATIVE NUMBERS.
R  INDICATES RECORD WAS SET OR TIED.
MM INDICATES DATA IS MISSING.
T  INDICATES TRACE AMOUNT.




$$
