000
CDUS42 KILM 160946
CLIFLO


CLIMATE REPORT
NATIONAL WEATHER SERVICE WILMINGTON NC
446 AM EST TUE JAN 16 2018


...................................

...THE FLORENCE SC CLIMATE SUMMARY FOR JANUARY 15 2018...

CLIMATE NORMAL PERIOD 1981 TO 2010
CLIMATE RECORD PERIOD 1948 TO 2018


WEATHER ITEM   OBSERVED TIME   RECORD YEAR NORMAL DEPARTURE LAST
                VALUE   (LST)  VALUE       VALUE  FROM      YEAR
                                                  NORMAL
..................................................................
TEMPERATURE (F)
 YESTERDAY
  MAXIMUM         43    416 PM  79    2013  55    -12       70
  MINIMUM         23    758 AM  12    1948  34    -11       43
  AVERAGE         33                        45    -12       57

PRECIPITATION (IN)
  YESTERDAY        0.00          2.06 1995   0.10  -0.10     0.00
  MONTH TO DATE    0.56                      1.59  -1.03     2.13
  SINCE DEC 1      5.22                      4.60   0.62     6.70
  SINCE JAN 1      0.56                      1.59  -1.03     2.13

SNOWFALL (IN)
  YESTERDAY       MM
  MONTH TO DATE   MM
  SINCE DEC 1     MM
  SINCE JUL 1     MM
  SNOW DEPTH      MM

DEGREE DAYS
 HEATING
  YESTERDAY       32                        20     12        8
  MONTH TO DATE  420                       307    113      223
  SINCE DEC 1    951                       864     87      718
  SINCE JUL 1   1356                      1286     70     1031

 COOLING
  YESTERDAY        0                         0      0        0
  MONTH TO DATE    2                         0      2        0
  SINCE DEC 1      2                         4     -2        4
  SINCE JAN 1      2                         0      2        0
..................................................................


WIND (MPH)
  HIGHEST WIND SPEED    13   HIGHEST WIND DIRECTION     N (350)
  HIGHEST GUST SPEED    17   HIGHEST GUST DIRECTION     N (350)
  AVERAGE WIND SPEED     6.0


SKY COVER
  POSSIBLE SUNSHINE  MM
  AVERAGE SKY COVER 0.0


WEATHER CONDITIONS
 THE FOLLOWING WEATHER WAS RECORDED YESTERDAY.
  NO SIGNIFICANT WEATHER WAS OBSERVED.


RELATIVE HUMIDITY (PERCENT)
 HIGHEST    75           900 PM
 LOWEST     23           200 PM
 AVERAGE    49

..........................................................


THE FLORENCE SC CLIMATE NORMALS FOR TODAY
                         NORMAL    RECORD    YEAR
 MAXIMUM TEMPERATURE (F)   55        81      1950
 MINIMUM TEMPERATURE (F)   34        12      1994


SUNRISE AND SUNSET
JANUARY 16 2018.......SUNRISE   724 AM EST   SUNSET   533 PM EST
JANUARY 17 2018.......SUNRISE   724 AM EST   SUNSET   534 PM EST


-  INDICATES NEGATIVE NUMBERS.
R  INDICATES RECORD WAS SET OR TIED.
MM INDICATES DATA IS MISSING.
T  INDICATES TRACE AMOUNT.




$$
