000
CDUS42 KILM 210846
CLIFLO


CLIMATE REPORT
NATIONAL WEATHER SERVICE WILMINGTON NC
446 AM EDT SAT OCT 21 2017


...................................

...THE FLORENCE SC CLIMATE SUMMARY FOR OCTOBER 20 2017...

CLIMATE NORMAL PERIOD 1981 TO 2010
CLIMATE RECORD PERIOD 1948 TO 2017


WEATHER ITEM   OBSERVED TIME   RECORD YEAR NORMAL DEPARTURE LAST
                VALUE   (LST)  VALUE       VALUE  FROM      YEAR
                                                  NORMAL
..................................................................
TEMPERATURE (F)
 YESTERDAY
  MAXIMUM         81    320 PM  88    1969  74      7       85
  MINIMUM         46    656 AM  34    1992  52     -6       62
  AVERAGE         64                        63      1       74

PRECIPITATION (IN)
  YESTERDAY        0.00          1.82 1995   0.09  -0.09     0.00
  MONTH TO DATE    0.63                      2.14  -1.51    12.77
  SINCE SEP 1      4.75                      5.81  -1.06    22.59
  SINCE JAN 1     36.33                     36.29   0.04    55.47

DEGREE DAYS
 HEATING
  YESTERDAY        1                         4     -3        0
  MONTH TO DATE   22                        49    -27        5
  SINCE SEP 1     22                        58    -36        5
  SINCE JUL 1     22                        58    -36        5

 COOLING
  YESTERDAY        0                         2     -2        9
  MONTH TO DATE  135                        68     67       95
  SINCE SEP 1    442                       354     88      499
  SINCE JAN 1   2224                      2024    200     2536
..................................................................


WIND (MPH)
  HIGHEST WIND SPEED     9   HIGHEST WIND DIRECTION     N (20)
  HIGHEST GUST SPEED    11   HIGHEST GUST DIRECTION     N (360)
  AVERAGE WIND SPEED     1.2


SKY COVER
  POSSIBLE SUNSHINE  MM
  AVERAGE SKY COVER 0.0


WEATHER CONDITIONS
 THE FOLLOWING WEATHER WAS RECORDED YESTERDAY.
  FOG


RELATIVE HUMIDITY (PERCENT)
 HIGHEST   100           200 AM
 LOWEST     30           300 PM
 AVERAGE    65

..........................................................


THE FLORENCE SC CLIMATE NORMALS FOR TODAY
                         NORMAL    RECORD    YEAR
 MAXIMUM TEMPERATURE (F)   74        86      1993
 MINIMUM TEMPERATURE (F)   51        32      1952


SUNRISE AND SUNSET
OCTOBER 21 2017.......SUNRISE   729 AM EDT   SUNSET   637 PM EDT
OCTOBER 22 2017.......SUNRISE   730 AM EDT   SUNSET   636 PM EDT


-  INDICATES NEGATIVE NUMBERS.
R  INDICATES RECORD WAS SET OR TIED.
MM INDICATES DATA IS MISSING.
T  INDICATES TRACE AMOUNT.




$$
