000
CDUS42 KILM 260843
CLIFLO


CLIMATE REPORT
NATIONAL WEATHER SERVICE WILMINGTON NC
443 AM EDT WED JUL 26 2017


...................................

...THE FLORENCE SC CLIMATE SUMMARY FOR JULY 25 2017...

CLIMATE NORMAL PERIOD 1981 TO 2010
CLIMATE RECORD PERIOD 1948 TO 2017


WEATHER ITEM   OBSERVED TIME   RECORD YEAR NORMAL DEPARTURE LAST
                VALUE   (LST)  VALUE       VALUE  FROM      YEAR
                                                  NORMAL
..................................................................
TEMPERATURE (F)
 YESTERDAY
  MAXIMUM         93    419 PM  98    1949  91      2       95
  MINIMUM         72    551 AM  66    2008  72      0       78
                                      1977
  AVERAGE         83                        81      2       87

PRECIPITATION (IN)
  YESTERDAY        0.00          3.08 1985   0.18  -0.18     0.00
  MONTH TO DATE    9.03                      4.18   4.85     5.87
  SINCE JUN 1     13.27                      8.80   4.47     9.83
  SINCE JAN 1     27.98                     24.16   3.82    30.92

DEGREE DAYS
 HEATING
  YESTERDAY        0                         0      0        0
  MONTH TO DATE    0                         0      0        0
  SINCE JUN 1      0                         1     -1        0
  SINCE JUL 1      0                         0      0        0

 COOLING
  YESTERDAY       18                        16      2       22
  MONTH TO DATE  429                       400     29      496
  SINCE JUN 1    798                       797      1      983
  SINCE JAN 1   1229                      1104    125     1330
..................................................................


WIND (MPH)
  HIGHEST WIND SPEED    13   HIGHEST WIND DIRECTION     W (260)
  HIGHEST GUST SPEED    15   HIGHEST GUST DIRECTION     W (260)
  AVERAGE WIND SPEED     3.5


SKY COVER
  POSSIBLE SUNSHINE  MM
  AVERAGE SKY COVER 0.1


WEATHER CONDITIONS
 THE FOLLOWING WEATHER WAS RECORDED YESTERDAY.
  NO SIGNIFICANT WEATHER WAS OBSERVED.


RELATIVE HUMIDITY (PERCENT)
 HIGHEST   100          1200 AM
 LOWEST     52           400 PM
 AVERAGE    76

..........................................................


THE FLORENCE SC CLIMATE NORMALS FOR TODAY
                         NORMAL    RECORD    YEAR
 MAXIMUM TEMPERATURE (F)   91       101      2012
                                             2005
 MINIMUM TEMPERATURE (F)   72        64      1957


SUNRISE AND SUNSET
JULY 26 2017..........SUNRISE   626 AM EDT   SUNSET   825 PM EDT
JULY 27 2017..........SUNRISE   627 AM EDT   SUNSET   824 PM EDT


-  INDICATES NEGATIVE NUMBERS.
R  INDICATES RECORD WAS SET OR TIED.
MM INDICATES DATA IS MISSING.
T  INDICATES TRACE AMOUNT.




$$
