000
CDUS42 KILM 310949
CLIFLO


CLIMATE REPORT
NATIONAL WEATHER SERVICE WILMINGTON NC
448 AM EST SAT JAN 31 2015


...................................

...THE FLORENCE SC CLIMATE SUMMARY FOR JANUARY 30 2015...

CLIMATE NORMAL PERIOD 1981 TO 2010
CLIMATE RECORD PERIOD 1948 TO 2015


WEATHER ITEM   OBSERVED TIME   RECORD YEAR NORMAL DEPARTURE LAST
                VALUE   (LST)  VALUE       VALUE  FROM      YEAR
                                                  NORMAL
..................................................................
TEMPERATURE (F)
 YESTERDAY
  MAXIMUM         54    327 PM  80    2002  57     -3       39
  MINIMUM         36   1159 PM  11    1966  35      1       14
  AVERAGE         45                        46     -1       27

PRECIPITATION (IN)
  YESTERDAY        0.00          1.42 1960   0.10  -0.10     0.00
  MONTH TO DATE    2.43                      3.13  -0.70     2.36
  SINCE DEC 1      5.63                      6.14  -0.51     6.69
  SINCE JAN 1      2.43                      3.13  -0.70     2.36

SNOWFALL (IN)
  YESTERDAY       MM
  MONTH TO DATE   MM
  SINCE DEC 1     MM
  SINCE JUL 1     MM
  SNOW DEPTH      MM

DEGREE DAYS
 HEATING
  YESTERDAY       20                        19      1       38
  MONTH TO DATE  596                       603     -7      711
  SINCE DEC 1   1065                      1160    -95     1153
  SINCE JUL 1   1565                      1582    -17     1623

 COOLING
  YESTERDAY        0                         0      0        0
  MONTH TO DATE    3                         0      3        0
  SINCE DEC 1      3                         4     -1       18
  SINCE JAN 1      3                         0      3        0
..................................................................


WIND (MPH)
  HIGHEST WIND SPEED    26   HIGHEST WIND DIRECTION    NW (310)
  HIGHEST GUST SPEED    33   HIGHEST GUST DIRECTION    NW (320)
  AVERAGE WIND SPEED    12.4


SKY COVER
  POSSIBLE SUNSHINE  MM
  AVERAGE SKY COVER 0.2


WEATHER CONDITIONS
 THE FOLLOWING WEATHER WAS RECORDED YESTERDAY.
  NO SIGNIFICANT WEATHER WAS OBSERVED.


RELATIVE HUMIDITY (PERCENT)
 HIGHEST    66          1200 AM
 LOWEST     24           500 PM
 AVERAGE    45

..........................................................


THE FLORENCE SC CLIMATE NORMALS FOR TODAY
                         NORMAL    RECORD    YEAR
 MAXIMUM TEMPERATURE (F)   57        85      1975
 MINIMUM TEMPERATURE (F)   35        13      1966


SUNRISE AND SUNSET
JANUARY 31 2015.......SUNRISE   717 AM EST   SUNSET   548 PM EST
FEBRUARY  1 2015......SUNRISE   716 AM EST   SUNSET   549 PM EST


-  INDICATES NEGATIVE NUMBERS.
R  INDICATES RECORD WAS SET OR TIED.
MM INDICATES DATA IS MISSING.
T  INDICATES TRACE AMOUNT.




$$
