000
CDUS42 KILM 200841
CLIFLO


CLIMATE REPORT
NATIONAL WEATHER SERVICE WILMINGTON NC
441 AM EDT WED AUG 20 2014


...................................

...THE FLORENCE SC CLIMATE SUMMARY FOR AUGUST 19 2014...

CLIMATE NORMAL PERIOD 1981 TO 2010
CLIMATE RECORD PERIOD 1948 TO 2014


WEATHER ITEM   OBSERVED TIME   RECORD YEAR NORMAL DEPARTURE LAST
                VALUE   (LST)  VALUE       VALUE  FROM      YEAR
                                                  NORMAL
..................................................................
TEMPERATURE (F)
 YESTERDAY
  MAXIMUM         91   1224 PM  99    1988  89      2       82
  MINIMUM         74    626 AM  62    1976  71      3       72
  AVERAGE         83                        80      3       77

PRECIPITATION (IN)
  YESTERDAY        0.15          2.50 1986   0.16  -0.01     1.86
  MONTH TO DATE    3.89                      3.28   0.61     3.32
  SINCE JUN 1     10.63                     13.16  -2.53    26.51
  SINCE JAN 1     27.99                     28.52  -0.53    45.34

DEGREE DAYS
 HEATING
  YESTERDAY        0                         0      0        0
  MONTH TO DATE    0                         0      0        0
  SINCE JUN 1      0                         1     -1        0
  SINCE JUL 1      0                         0      0        0

 COOLING
  YESTERDAY       18                        15      3       12
  MONTH TO DATE  272                       295    -23      272
  SINCE JUN 1   1254                      1194     60     1190
  SINCE JAN 1   1636                      1501    135     1457
..................................................................


WIND (MPH)
  HIGHEST WIND SPEED    21   HIGHEST WIND DIRECTION    SW (240)
  HIGHEST GUST SPEED    29   HIGHEST GUST DIRECTION     W (250)
  AVERAGE WIND SPEED     6.3


SKY COVER
  POSSIBLE SUNSHINE  MM
  AVERAGE SKY COVER 0.2


WEATHER CONDITIONS
 THE FOLLOWING WEATHER WAS RECORDED YESTERDAY.
  HEAVY RAIN
  LIGHT RAIN
  FOG


RELATIVE HUMIDITY (PERCENT)
 HIGHEST    88          1100 PM
 LOWEST     52          1200 PM
 AVERAGE    70

..........................................................


THE FLORENCE SC CLIMATE NORMALS FOR TODAY
                         NORMAL    RECORD    YEAR
 MAXIMUM TEMPERATURE (F)   89       100      2007
 MINIMUM TEMPERATURE (F)   70        60      1998


SUNRISE AND SUNSET
AUGUST 20 2014........SUNRISE   644 AM EDT   SUNSET   800 PM EDT
AUGUST 21 2014........SUNRISE   644 AM EDT   SUNSET   759 PM EDT


-  INDICATES NEGATIVE NUMBERS.
R  INDICATES RECORD WAS SET OR TIED.
MM INDICATES DATA IS MISSING.
T  INDICATES TRACE AMOUNT.




$$
