000
CDUS42 KILM 210841
CLIFLO


CLIMATE REPORT
NATIONAL WEATHER SERVICE WILMINGTON NC
441 AM EDT MON APR 21 2014


...................................

...THE FLORENCE SC CLIMATE SUMMARY FOR APRIL 20 2014...

CLIMATE NORMAL PERIOD 1981 TO 2010
CLIMATE RECORD PERIOD 1948 TO 2014


WEATHER ITEM   OBSERVED TIME   RECORD YEAR NORMAL DEPARTURE LAST
                VALUE   (LST)  VALUE       VALUE  FROM      YEAR
                                                  NORMAL
..................................................................
TEMPERATURE (F)
 YESTERDAY
  MAXIMUM         68    442 PM  93    2002  77     -9       65
  MINIMUM         49    109 AM  27    1983  52     -3       45
  AVERAGE         59                        64     -5       55

PRECIPITATION (IN)
  YESTERDAY        0.10          1.19 1982   0.09   0.01     0.12
  MONTH TO DATE    3.82                      1.72   2.10     2.59
  SINCE MAR 1      8.37                      5.05   3.32     5.08
  SINCE JAN 1     14.09                     11.20   2.89    11.60

SNOWFALL (IN)
  YESTERDAY       MM
  MONTH TO DATE   MM
  SINCE MAR 1     MM
  SINCE JUL 1     MM
  SNOW DEPTH      MM

DEGREE DAYS
 HEATING
  YESTERDAY        6                         3      3       10
  MONTH TO DATE   84                        98    -14       75
  SINCE MAR 1    527                       408    119      539
  SINCE JUL 1   2656                      2474    182     2286

 COOLING
  YESTERDAY        0                         3     -3        0
  MONTH TO DATE   36                        38     -2       59
  SINCE MAR 1     40                        56    -16       67
  SINCE JAN 1     46                        62    -16       88
..................................................................


WIND (MPH)
  HIGHEST WIND SPEED    23   HIGHEST WIND DIRECTION    NE (30)
  HIGHEST GUST SPEED    32   HIGHEST GUST DIRECTION     N (20)
  AVERAGE WIND SPEED    13.5


SKY COVER
  POSSIBLE SUNSHINE  MM
  AVERAGE SKY COVER 1.0


WEATHER CONDITIONS
 THE FOLLOWING WEATHER WAS RECORDED YESTERDAY.
  LIGHT RAIN
  FOG


RELATIVE HUMIDITY (PERCENT)
 HIGHEST    93           100 AM
 LOWEST     43          1100 AM
 AVERAGE    68

..........................................................


THE FLORENCE SC CLIMATE NORMALS FOR TODAY
                         NORMAL    RECORD    YEAR
 MAXIMUM TEMPERATURE (F)   77        93      2002
 MINIMUM TEMPERATURE (F)   52        33      1983


SUNRISE AND SUNSET
APRIL 21 2014.........SUNRISE   641 AM EDT   SUNSET   755 PM EDT
APRIL 22 2014.........SUNRISE   639 AM EDT   SUNSET   756 PM EDT


-  INDICATES NEGATIVE NUMBERS.
R  INDICATES RECORD WAS SET OR TIED.
MM INDICATES DATA IS MISSING.
T  INDICATES TRACE AMOUNT.




$$
