000
CDUS42 KILM 270849
CLIFLO


CLIMATE REPORT
NATIONAL WEATHER SERVICE WILMINGTON NC
449 AM EDT WED MAY 27 2015


...................................

...THE FLORENCE SC CLIMATE SUMMARY FOR MAY 26 2015...

CLIMATE NORMAL PERIOD 1981 TO 2010
CLIMATE RECORD PERIOD 1948 TO 2015


WEATHER ITEM   OBSERVED TIME   RECORD YEAR NORMAL DEPARTURE LAST
                VALUE   (LST)  VALUE       VALUE  FROM      YEAR
                                                  NORMAL
..................................................................
TEMPERATURE (F)
 YESTERDAY
  MAXIMUM         92    408 PM 102    1953  85      7       88
  MINIMUM         63    250 AM  46    1979  63      0       60
  AVERAGE         78                        74      4       74

PRECIPITATION (IN)
  YESTERDAY        0.00          3.59 1966   0.12  -0.12     0.00
  MONTH TO DATE    1.09                      2.62  -1.53     2.54
  SINCE MAR 1      7.89                      8.57  -0.68    11.56
  SINCE JAN 1     14.82                     14.72   0.10    17.28

DEGREE DAYS
 HEATING
  YESTERDAY        0                         0      0        0
  MONTH TO DATE    1                        22    -21        9
  SINCE MAR 1    306                       456   -150      540
  SINCE JUL 1   2544                      2522     22     2669

 COOLING
  YESTERDAY       13                         9      4        9
  MONTH TO DATE  204                       162     42      217
  SINCE MAR 1    318                       252     66      310
  SINCE JAN 1    321                       258     63      316
..................................................................


WIND (MPH)
  HIGHEST WIND SPEED    21   HIGHEST WIND DIRECTION     S (160)
  HIGHEST GUST SPEED    27   HIGHEST GUST DIRECTION    SE (130)
  AVERAGE WIND SPEED     6.4


SKY COVER
  POSSIBLE SUNSHINE  MM
  AVERAGE SKY COVER 0.3


WEATHER CONDITIONS
 THE FOLLOWING WEATHER WAS RECORDED YESTERDAY.
  FOG


RELATIVE HUMIDITY (PERCENT)
 HIGHEST    93          1200 AM
 LOWEST     41           300 PM
 AVERAGE    67

..........................................................


THE FLORENCE SC CLIMATE NORMALS FOR TODAY
                         NORMAL    RECORD    YEAR
 MAXIMUM TEMPERATURE (F)   85        97      1998
 MINIMUM TEMPERATURE (F)   63        46      1961


SUNRISE AND SUNSET
MAY 27 2015...........SUNRISE   610 AM EDT   SUNSET   822 PM EDT
MAY 28 2015...........SUNRISE   610 AM EDT   SUNSET   823 PM EDT


-  INDICATES NEGATIVE NUMBERS.
R  INDICATES RECORD WAS SET OR TIED.
MM INDICATES DATA IS MISSING.
T  INDICATES TRACE AMOUNT.




$$
