000
CDUS42 KILM 310848
CLIFLO


CLIMATE REPORT
NATIONAL WEATHER SERVICE WILMINGTON NC
448 AM EDT FRI OCT 31 2014


...................................

...THE FLORENCE SC CLIMATE SUMMARY FOR OCTOBER 30 2014...

CLIMATE NORMAL PERIOD 1981 TO 2010
CLIMATE RECORD PERIOD 1948 TO 2014


WEATHER ITEM   OBSERVED TIME   RECORD YEAR NORMAL DEPARTURE LAST
                VALUE   (LST)  VALUE       VALUE  FROM      YEAR
                                                  NORMAL
..................................................................
TEMPERATURE (F)
 YESTERDAY
  MAXIMUM         72    324 PM  86    1998  72      0       79
  MINIMUM         51   1152 PM  28    1952  48      3       50
  AVERAGE         62                        60      2       65

PRECIPITATION (IN)
  YESTERDAY        0.02          1.64 1993   0.08  -0.06     0.00
  MONTH TO DATE    1.26                      2.99  -1.73     0.83
  SINCE SEP 1      9.68                      6.66   3.02     1.72
  SINCE JAN 1     37.67                     37.14   0.53    48.18

DEGREE DAYS
 HEATING
  YESTERDAY        3                         6     -3        0
  MONTH TO DATE   55                       100    -45       82
  SINCE SEP 1     61                       109    -48       82
  SINCE JUL 1     61                       109    -48       82

 COOLING
  YESTERDAY        0                         1     -1        0
  MONTH TO DATE  117                        83     34      103
  SINCE SEP 1    444                       369     75      401
  SINCE JAN 1   2276                      2039    237     2028
..................................................................


WIND (MPH)
  HIGHEST WIND SPEED    20   HIGHEST WIND DIRECTION    NE (30)
  HIGHEST GUST SPEED    26   HIGHEST GUST DIRECTION     N (20)
  AVERAGE WIND SPEED     7.5


SKY COVER
  POSSIBLE SUNSHINE  MM
  AVERAGE SKY COVER 0.5


WEATHER CONDITIONS
 THE FOLLOWING WEATHER WAS RECORDED YESTERDAY.
  LIGHT RAIN


RELATIVE HUMIDITY (PERCENT)
 HIGHEST    87          1200 AM
 LOWEST     38           400 PM
 AVERAGE    63

..........................................................


THE FLORENCE SC CLIMATE NORMALS FOR TODAY
                         NORMAL    RECORD    YEAR
 MAXIMUM TEMPERATURE (F)   72        87      1961
 MINIMUM TEMPERATURE (F)   48        33      2008
                                             1952


SUNRISE AND SUNSET
OCTOBER 31 2014.......SUNRISE   738 AM EDT   SUNSET   627 PM EDT
NOVEMBER  1 2014......SUNRISE   739 AM EDT   SUNSET   626 PM EDT


-  INDICATES NEGATIVE NUMBERS.
R  INDICATES RECORD WAS SET OR TIED.
MM INDICATES DATA IS MISSING.
T  INDICATES TRACE AMOUNT.




$$
