000
CDUS42 KILM 012045
CLIFLO


CLIMATE REPORT
NATIONAL WEATHER SERVICE WILMINGTON NC
444 PM EDT FRI AUG 1 2014


...................................

...THE FLORENCE SC CLIMATE SUMMARY FOR AUGUST 1 2014...
VALID TODAY AS OF 0400 PM LOCAL TIME.

CLIMATE NORMAL PERIOD 1981 TO 2010
CLIMATE RECORD PERIOD 1948 TO 2014


WEATHER ITEM   OBSERVED TIME   RECORD YEAR NORMAL DEPARTURE LAST
                VALUE   (LST)  VALUE       VALUE  FROM      YEAR
                                                  NORMAL
..................................................................
TEMPERATURE (F)
 TODAY
  MAXIMUM         85    229 PM 106    1980  91     -6       85
  MINIMUM         73    639 AM  61    1997  71      2       73
  AVERAGE         79                        81     -2       79

PRECIPITATION (IN)
  TODAY            T             2.65 1965   0.18  -0.18     0.03
  MONTH TO DATE    T                         0.18  -0.18     0.03
  SINCE JUN 1      6.74                     10.06  -3.32    23.22
  SINCE JAN 1     24.10                     25.42  -1.32    42.05

DEGREE DAYS
 HEATING
  TODAY            0                         0      0        0
  MONTH TO DATE    0                         0      0        0
  SINCE JUN 1      0                         1     -1        0
  SINCE JUL 1      0                         0      0        0

 COOLING
  TODAY           14                        16     -2       14
  MONTH TO DATE   14                        16     -2       14
  SINCE JUN 1    996                       915     81      932
  SINCE JAN 1   1378                      1222    156     1199
..................................................................


WIND (MPH)
  HIGHEST WIND SPEED    12   HIGHEST WIND DIRECTION     E (100)
  HIGHEST GUST SPEED    17   HIGHEST GUST DIRECTION     E (100)
  AVERAGE WIND SPEED     7.3


SKY COVER
  POSSIBLE SUNSHINE  MM
  AVERAGE SKY COVER 0.7


WEATHER CONDITIONS
 THE FOLLOWING WEATHER WAS RECORDED TODAY.
  LIGHT RAIN
  FOG


RELATIVE HUMIDITY (PERCENT)
 HIGHEST    93           200 AM
 LOWEST     70           200 PM
 AVERAGE    82

..........................................................


THE FLORENCE SC CLIMATE NORMALS FOR TOMORROW
                         NORMAL    RECORD    YEAR
 MAXIMUM TEMPERATURE (F)   91       101      1954
 MINIMUM TEMPERATURE (F)   71        60      1997


SUNRISE AND SUNSET
AUGUST  1 2014........SUNRISE   630 AM EDT   SUNSET   820 PM EDT
AUGUST  2 2014........SUNRISE   631 AM EDT   SUNSET   819 PM EDT


-  INDICATES NEGATIVE NUMBERS.
R  INDICATES RECORD WAS SET OR TIED.
MM INDICATES DATA IS MISSING.
T  INDICATES TRACE AMOUNT.




$$
