229
CDUS42 KILM 260842
CLIFLO


CLIMATE REPORT
NATIONAL WEATHER SERVICE WILMINGTON NC
442 AM EDT FRI MAY 26 2017


...................................

...THE FLORENCE SC CLIMATE SUMMARY FOR MAY 25 2017...

CLIMATE NORMAL PERIOD 1981 TO 2010
CLIMATE RECORD PERIOD 1948 TO 2017


WEATHER ITEM   OBSERVED TIME   RECORD YEAR NORMAL DEPARTURE LAST
                VALUE   (LST)  VALUE       VALUE  FROM      YEAR
                                                  NORMAL
..................................................................
TEMPERATURE (F)
 YESTERDAY
  MAXIMUM         74    539 PM 100    1953  85    -11       89
  MINIMUM         63   1159 PM  44    2013  62      1       59
  AVERAGE         69                        73     -4       74

PRECIPITATION (IN)
  YESTERDAY        0.16          1.94 2000   0.13   0.03     0.00
  MONTH TO DATE    3.02                      2.50   0.52     6.27
  SINCE MAR 1      9.17                      8.45   0.72    13.24
  SINCE JAN 1     14.04                     14.60  -0.56    20.70

DEGREE DAYS
 HEATING
  YESTERDAY        0                         0      0        0
  MONTH TO DATE   11                        22    -11       10
  SINCE MAR 1    391                       456    -65      288
  SINCE JUL 1   1836                      2522   -686     1948

 COOLING
  YESTERDAY        4                         9     -5        9
  MONTH TO DATE  170                       153     17      143
  SINCE MAR 1    348                       243    105      274
  SINCE JAN 1    361                       249    112      275
..................................................................


WIND (MPH)
  HIGHEST WIND SPEED    25   HIGHEST WIND DIRECTION     W (270)
  HIGHEST GUST SPEED    32   HIGHEST GUST DIRECTION     W (270)
  AVERAGE WIND SPEED    12.5


SKY COVER
  POSSIBLE SUNSHINE  MM
  AVERAGE SKY COVER 0.3


WEATHER CONDITIONS
 THE FOLLOWING WEATHER WAS RECORDED YESTERDAY.
  THUNDERSTORM
  HEAVY RAIN
  RAIN
  LIGHT RAIN


RELATIVE HUMIDITY (PERCENT)
 HIGHEST   100           300 AM
 LOWEST     49           500 PM
 AVERAGE    75

..........................................................


THE FLORENCE SC CLIMATE NORMALS FOR TODAY
                         NORMAL    RECORD    YEAR
 MAXIMUM TEMPERATURE (F)   85       102      1953
 MINIMUM TEMPERATURE (F)   63        46      1979


SUNRISE AND SUNSET
MAY 26 2017...........SUNRISE   610 AM EDT   SUNSET   822 PM EDT
MAY 27 2017...........SUNRISE   610 AM EDT   SUNSET   823 PM EDT


-  INDICATES NEGATIVE NUMBERS.
R  INDICATES RECORD WAS SET OR TIED.
MM INDICATES DATA IS MISSING.
T  INDICATES TRACE AMOUNT.




$$
