000
CDUS42 KILM 012041
CLIFLO


CLIMATE REPORT
NATIONAL WEATHER SERVICE WILMINGTON NC
440 PM EDT FRI JUL 1 2016


...................................

...THE FLORENCE SC CLIMATE SUMMARY FOR JULY 1 2016...
VALID TODAY AS OF 0400 PM LOCAL TIME.

CLIMATE NORMAL PERIOD 1981 TO 2010
CLIMATE RECORD PERIOD 1948 TO 2016


WEATHER ITEM   OBSERVED TIME   RECORD YEAR NORMAL DEPARTURE LAST
                VALUE   (LST)  VALUE       VALUE  FROM      YEAR
                                                  NORMAL
..................................................................
TEMPERATURE (F)
 TODAY
  MAXIMUM         92    259 PM 103    2012  91      1       87
  MINIMUM         75    606 AM  59    1955  71      4       71
  AVERAGE         84                        81      3       79

PRECIPITATION (IN)
  TODAY            T             4.65 1951   0.15  -0.15     0.00
  MONTH TO DATE    T                         0.15  -0.15     0.00
  SINCE JUN 1      3.94                      4.77  -0.83     3.50
  SINCE JAN 1     25.03                     20.13   4.90    18.52

DEGREE DAYS
 HEATING
  TODAY            0                         0      0        0
  MONTH TO DATE    0                         0      0        0
  SINCE JUN 1      0                         1     -1        0
  SINCE JUL 1      0                         0      0        0

 COOLING
  TODAY           19                        16      3       14
  MONTH TO DATE   19                        16      3       14
  SINCE JUN 1    506                       413     93      555
  SINCE JAN 1    853                       720    133      940
..................................................................


WIND (MPH)
  HIGHEST WIND SPEED    12   HIGHEST WIND DIRECTION    SW (220)
  HIGHEST GUST SPEED    17   HIGHEST GUST DIRECTION    SW (230)
  AVERAGE WIND SPEED     5.8


SKY COVER
  POSSIBLE SUNSHINE  MM
  AVERAGE SKY COVER 0.4


WEATHER CONDITIONS
 THE FOLLOWING WEATHER WAS RECORDED TODAY.
  NO SIGNIFICANT WEATHER WAS OBSERVED.


RELATIVE HUMIDITY (PERCENT)
 HIGHEST    94           200 AM
 LOWEST     49           300 PM
 AVERAGE    72

..........................................................


THE FLORENCE SC CLIMATE NORMALS FOR TOMORROW
                         NORMAL    RECORD    YEAR
 MAXIMUM TEMPERATURE (F)   91       102      1954
 MINIMUM TEMPERATURE (F)   71        57      1988


SUNRISE AND SUNSET
JULY  1 2016..........SUNRISE   611 AM EDT   SUNSET   835 PM EDT
JULY  2 2016..........SUNRISE   611 AM EDT   SUNSET   834 PM EDT


-  INDICATES NEGATIVE NUMBERS.
R  INDICATES RECORD WAS SET OR TIED.
MM INDICATES DATA IS MISSING.
T  INDICATES TRACE AMOUNT.




$$
