000
CXUS52 KTBW 020418
CF6FMY
PRELIMINARY LOCAL CLIMATOLOGICAL DATA (WS FORM: F-6)
STATION: FORT MYERS
MONTH: JANUARY
YEAR: 2024
LATITUDE: 26 34 N
LONGITUDE: 81 52 W
TEMPERATURE IN F: :PCPN: SNOW: WIND :SUNSHINE: SKY :PK WND
================================================================================
1 2 3 4 5 6A 6B 7 8 9 10 11 12 13 14 15 16 17 18
12Z AVG MX 2MIN
DY MAX MIN AVG DEP HDD CDD WTR SNW DPTH SPD SPD DIR MIN PSBL S-S WX SPD DR
================================================================================
1 71 50 61 -4 4 0 0.00 0.0 0 3.6 13 250 M M 2 1 16 250
2 69 51 60 -5 5 0 0.00 0.0 0 4.5 13 20 M M 0 19 360
3 71 50 61 -4 4 0 0.00 0.0 0 6.4 16 150 M M 1 23 150
4 74 54 64 -1 1 0 T 0.0 0 9.3 18 20 M M 6 23 20
5 79 52 66 1 0 1 0.00 0.0 0 9.0 18 110 M M 4 26 90
6 74 67 71 6 0 6 0.67 0.0 0 8.5 20 190 M M 5 3 32 180
7 69 57 63 -1 2 0 T 0.0 0 6.5 17 30 M M 7 1 22 20
8 71 55 63 -1 2 0 0.00 0.0 0 10.4 16 110 M M 7 24 100
9 81 63 72 8 0 7 0.17 0.0 0 14.9 35 280 M M 6 13 52 260
10 70 58 64 0 1 0 0.00 0.0 0 6.1 12 360 M M 6 16 280
11 68 58 63 -1 2 0 0.00 0.0 0 9.3 16 40 M M 9 22 60
12 81 62 72 8 0 7 0.32 0.0 0 9.0 20 190 M M 10 1 34 240
13 75 57 66 2 0 1 0.08 0.0 0 10.6 21 260 M M 8 1 34 270
14 62 55 59 -5 6 0 0.03 0.0 0 9.9 17 110 M M 9 24 120
15 78 60 69 5 0 4 3.09 0.0 0 5.7 26 290 M M 10 13 39 270
16 75 62 69 5 0 4 0.36 0.0 0 6.9 25 270 M M 9 13 36 270
17 69 55 62 -2 3 0 0.00 0.0 0 11.3 16 30 M M 6 23 310
18 78 56 67 3 0 2 T 0.0 0 7.1 14 340 M M 10 17 70
19 73 62 68 4 0 3 0.14 0.0 0 4.2 10 330 M M 7 1 14 330
20 67 51 59 -5 6 0 0.00 0.0 0 10.1 17 30 M M 0 22 30
21 66 43 55 -9 10 0 0.00 0.0 0 11.7 18 40 M M 0 31 50
22 74 52 63 -2 2 0 0.00 0.0 0 9.9 23 100 M M 3 33 80
23 80 61 71 6 0 6 0.00 0.0 0 9.2 21 120 M M 4 32 130
24 82 67 75 10 0 10 0.00 0.0 0 9.6 20 110 M M 4 29 140
25 84 69 77 12 0 12 0.00 0.0 0 7.3 16 140 M M 2 1 23 170
26 84 68 76 11 0 11 0.00 0.0 0 5.6 13 120 M M 1 17 120
27 85 68 77 12 0 12 0.00 0.0 0 6.3 16 210 M M 3 23 150
28 76 59 68 3 0 3 0.00 0.0 0 11.4 23 300 M M 5 1 29 330
29 65 51 58 -7 7 0 0.00 0.0 0 11.4 20 330 M M 0 26 310
30 69 48 59 -6 6 0 0.00 0.0 0 5.9 14 280 M M 0 18 250
31 71 49 60 -6 5 0 0.00 0.0 0 7.7 21 290 M M 0 32 270
================================================================================
SM 2291 1770 66 89 4.86 0.0 259.3 M 144
================================================================================
AV 73.9 57.1 8.4 FASTST M M 5 MAX(MPH)
MISC ----> 35 280 52 260
================================================================================
NOTES:
# LAST OF SEVERAL OCCURRENCES
COLUMN 17 PEAK WIND IN M.P.H.
PRELIMINARY LOCAL CLIMATOLOGICAL DATA (WS FORM: F-6) , PAGE 2
STATION: FORT MYERS
MONTH: JANUARY
YEAR: 2024
LATITUDE: 26 34 N
LONGITUDE: 81 52 W
[TEMPERATURE DATA] [PRECIPITATION DATA] SYMBOLS USED IN COLUMN 16
AVERAGE MONTHLY: 65.5 TOTAL FOR MONTH: 4.86 1 = FOG OR MIST
DPTR FM NORMAL: 0.8 DPTR FM NORMAL: 2.43 2 = FOG REDUCING VISIBILITY
HIGHEST: 85 ON 27 GRTST 24HR 3.09 ON 15-15 TO 1/4 MILE OR LESS
LOWEST: 43 ON 21 3 = THUNDER
SNOW, ICE PELLETS, HAIL 4 = ICE PELLETS
TOTAL MONTH: 0.0 INCH 5 = HAIL
GRTST 24HR 0.0 6 = FREEZING RAIN OR DRIZZLE
GRTST DEPTH: 0 7 = DUSTSTORM OR SANDSTORM:
VSBY 1/2 MILE OR LESS
8 = SMOKE OR HAZE
[NO. OF DAYS WITH] [WEATHER - DAYS WITH] 9 = BLOWING SNOW
X = TORNADO
MAX 32 OR BELOW: 0 0.01 INCH OR MORE: 8
MAX 90 OR ABOVE: 0 0.10 INCH OR MORE: 6
MIN 32 OR BELOW: 0 0.50 INCH OR MORE: 2
MIN 0 OR BELOW: 0 1.00 INCH OR MORE: 1
[HDD (BASE 65) ]
TOTAL THIS MO. 66 CLEAR (SCALE 0-3) 12
DPTR FM NORMAL -32 PTCLDY (SCALE 4-7) 12
TOTAL FM JUL 1 110 CLOUDY (SCALE 8-10) 7
DPTR FM NORMAL -64
[CDD (BASE 65) ]
TOTAL THIS MO. 89
DPTR FM NORMAL 2 [PRESSURE DATA]
TOTAL FM JAN 1 89 HIGHEST SLP 30.41 ON 22
DPTR FM NORMAL 2 LOWEST SLP 29.75 ON 9
[REMARKS]
#FINAL-01-24#