000
CXUS53 KOAX 010930
CF6FNB
PRELIMINARY LOCAL CLIMATOLOGICAL DATA (WS FORM: F-6)
STATION: FALLS CITY NE
MONTH: JULY
YEAR: 2022
LATITUDE: 40 4 N
LONGITUDE: 95 35 W
TEMPERATURE IN F: :PCPN: SNOW: WIND :SUNSHINE: SKY :PK WND
================================================================================
1 2 3 4 5 6A 6B 7 8 9 10 11 12 13 14 15 16 17 18
12Z AVG MX 2MIN
DY MAX MIN AVG DEP HDD CDD WTR SNW DPTH SPD SPD DIR MIN PSBL S-S WX SPD DR
================================================================================
1 81 66 74 -2 0 9 0.01 M M 6.7 14 210 M M 4 21 210
2 82 64 73 -4 0 8 0.35 M M 5.6 14 150 M M 7 1 19 140
3 86 66 76 -1 0 11 0.00 M M 7.0 13 150 M M 5 1 19 130
4 95 73 84 7 0 19 0.00 M M 11.7 21 190 M M 0 32 190
5 94 74 84 7 0 19 T M M 8.3 17 70 M M 1 3 29 20
6 83 74 79 2 0 14 T M M 6.7 12 110 M M 2 8 17 90
7 85 69 77 0 0 12 3.15 M M 7.2 38 310 M M 6 13 55 310
8 86 69 78 1 0 13 T M M 7.0 15 310 M M 5 13 21 330
9 84 69 77 0 0 12 0.00 M M 4.7 12 90 M M 2 16 90
10 89 66 78 1 0 13 0.00 M M 8.9 17 200 M M 0 1 26 170
11 88 67 78 1 0 13 0.01 M M 7.0 16 350 M M 0 38 26 330
12 86 61 74 -3 0 9 0.00 M M 5.2 13 350 M M 0 1 19 360
13 88 60 74 -3 0 9 0.00 M M 4.4 10 140 M M 0 1 15 110
14 92 67 80 3 0 15 0.13 M M 9.0 18 170 M M 1 13 27 340
15 96 76 86 9 0 21 T M M 8.9 20 220 M M 0 3 29 230
16 84 73 79 2 0 14 0.09 M M 6.7 16 80 M M 6 1 22 80
17 87 70 79 2 0 14 0.56 M M 4.4 28 260 M M 5 13 36 260
18 88 66 77 0 0 12 0.00 M M 3.6 9 150 M M 0 1 13 120
19 91 66 79 1 0 14 0.00 M M 7.4 17 200 M M 0 24 190
20 88 65 77 -1 0 12 0.00 M M 7.0 15 320 M M 0 22 320
21 95 62 79 1 0 14 0.00 M M 3.9 14 210 M M 0 18 19 210
22 95 69 82 5 0 17 0.00 M M 8.0 16 210 M M 0 23 210
23 97 76 87 10 0 22 0.00 M M 11.5 22 200 M M 0 31 210
24 87 68 78 1 0 13 T M M 5.6 16 240 M M 1 23 230
25 72 65 69 -8 0 4 0.25 M M 5.5 14 80 M M 7 13 19 80
26 74 64 69 -8 0 4 0.05 M M 4.5 13 100 M M 9 13 17 190
27 88 68 78 1 0 13 T M M 2.9 8 340 M M 3 1 12 360
28 82 63 73 -4 0 8 T M M 4.4 14 340 M M 3 19 330
29 82 56 69 -8 0 4 0.00 M M 1.2 6 30 M M 0 10 80
30 83 54 69 -8 0 4 0.00 M M 4.1 10 120 M M 3 12 M M
31 89 64 77 0 0 12 0.00 M M 6.5 12 200 M M 4 12 16 190
================================================================================
SM 2697 2070 0 378 4.60 M 195.5 M 74
================================================================================
AV 87.0 66.8 6.3 FASTST M M 2 MAX(MPH)
MISC ----> 38 310 55 310
================================================================================
NOTES:
# LAST OF SEVERAL OCCURRENCES
COLUMN 17 PEAK WIND IN M.P.H.
PRELIMINARY LOCAL CLIMATOLOGICAL DATA (WS FORM: F-6) , PAGE 2
STATION: FALLS CITY NE
MONTH: JULY
YEAR: 2022
LATITUDE: 40 4 N
LONGITUDE: 95 35 W
[TEMPERATURE DATA] [PRECIPITATION DATA] SYMBOLS USED IN COLUMN 16
AVERAGE MONTHLY: 76.9 TOTAL FOR MONTH: 4.60 1 = FOG OR MIST
DPTR FM NORMAL: -0.3 DPTR FM NORMAL: -0.59 2 = FOG REDUCING VISIBILITY
HIGHEST: 97 ON 23 GRTST 24HR 3.15 ON 7- 7 TO 1/4 MILE OR LESS
LOWEST: 54 ON 30 3 = THUNDER
SNOW, ICE PELLETS, HAIL 4 = ICE PELLETS
TOTAL MONTH: M 5 = HAIL
GRTST 24HR M ON M 6 = FREEZING RAIN OR DRIZZLE
GRTST DEPTH: M ON M 7 = DUSTSTORM OR SANDSTORM:
VSBY 1/2 MILE OR LESS
8 = SMOKE OR HAZE
[NO. OF DAYS WITH] [WEATHER - DAYS WITH] 9 = BLOWING SNOW
X = TORNADO
MAX 32 OR BELOW: 0 0.01 INCH OR MORE: 9
MAX 90 OR ABOVE: 8 0.10 INCH OR MORE: 5
MIN 32 OR BELOW: 0 0.50 INCH OR MORE: 2
MIN 0 OR BELOW: 0 1.00 INCH OR MORE: 1
[HDD (BASE 65) ]
TOTAL THIS MO. 0 CLEAR (SCALE 0-3) 20
DPTR FM NORMAL -1 PTCLDY (SCALE 4-7) 10
TOTAL FM JUL 1 0 CLOUDY (SCALE 8-10) 1
DPTR FM NORMAL 0
[CDD (BASE 65) ]
TOTAL THIS MO. 378
DPTR FM NORMAL -1 [PRESSURE DATA]
TOTAL FM JAN 1 860 HIGHEST SLP 30.18 ON 9
DPTR FM NORMAL 100 LOWEST SLP 29.69 ON 19
[REMARKS]
#FINAL-07-22#