000
CXUS52 KMLB 230713
CF6FPR
PRELIMINARY LOCAL CLIMATOLOGICAL DATA (WS FORM: F-6)

                                          STATION:   FORT PIERCE
                                          MONTH:     APRIL
                                          YEAR:      2017
                                          LATITUDE:   27 30 N
                                          LONGITUDE:  80 22 W

  TEMPERATURE IN F:       :PCPN:    SNOW:  WIND      :SUNSHINE: SKY     :PK WND
================================================================================
1   2   3   4   5  6A  6B    7    8   9   10  11  12  13   14  15   16   17  18
                                     12Z  AVG MX 2MIN
DY MAX MIN AVG DEP HDD CDD  WTR  SNW DPTH SPD SPD DIR MIN PSBL S-S WX    SPD DR
================================================================================

 1  81  58  70   1   0   5 0.00  0.0    0  5.2 14  90   M    M   1 12     17  80
 2  84  63  74   5   0   9 0.00  0.0    0 10.2 22 120   M    M   3 128    26 110
 3  87  73  80  11   0  15 0.00  0.0    0 13.7 30 130   M    M   4        37 130
 4  92  63  78   8   0  13 0.01  0.0    0  9.1 24 130   M    M   1 13     28 130
 5  91  71  81  11   0  16 0.00  0.0    0 10.0 24 130   M    M   1 13     28 130
 6  88  56  72   2   0   7 0.74  0.0    0  9.5 20 270   M    M   4 13     26 290
 7  75  53  64  -6   1   0 0.00  0.0    0  8.2 17 280   M    M   0        23 310
 8  75  45  60 -10   5   0 0.00  0.0    0  5.8 14  90   M    M   0        19  70
 9  79  50  65  -5   0   0 0.00  0.0    0  7.0 16  70   M    M   3        24 100
10  79  69  74   4   0   9    T  0.0    0 12.7 18  80   M    M   2        24 100
11  80  67  74   4   0   9    T  0.0    0 10.5 20 110   M    M   3        27 100
12  80  67  74   3   0   9 0.37  0.0    0  8.0 21 100   M    M   5 1      25 100
13  79  68  74   3   0   9 0.03  0.0    0  8.6 17  90   M    M   4        24 100
14  81  64  73   2   0   8 0.07  0.0    0 11.1 20 100   M    M   4 1      27 100
15  82  70  76   5   0  11    T  0.0    0 15.3 23 100   M    M   5        30 100
16  81  70  76   5   0  11 0.00  0.0    0 13.5 20 100   M    M   4        27 110
17  81  60  71   0   0   6 0.00  0.0    0  8.1 17 110   M    M   5        23 120
18  82  64  73   1   0   8 0.00  0.0    0  9.3 18 100   M    M   4        24 100
19  83  72  78   6   0  13 0.00  0.0    0 13.3 23 100   M    M   3        28 100
20  82  70  76   4   0  11 0.00  0.0    0 11.6 20 110   M    M   3        26 110
21  82  62  72   0   0   7    T  0.0    0  9.8 21 110   M    M   4        27 120
22  84  67  76   4   0  11 0.01  0.0    0 14.5 25 130   M    M   4        30 110
================================================================================
SM 1808 1402         6 187  1.23     0.0 225.0          M       67
================================================================================
AV 82.2 63.7                              10.2 FASTST   M    M   3    MAX(MPH)
                                 MISC ---->  # 30 130               # 37  130
================================================================================
NOTES:
# LAST OF SEVERAL OCCURRENCES

COLUMN 17 PEAK WIND IN M.P.H.

PRELIMINARY LOCAL CLIMATOLOGICAL DATA (WS FORM: F-6) , PAGE 2

                                          STATION:  FORT PIERCE
                                          MONTH:    APRIL
                                          YEAR:     2017
                                          LATITUDE:   27 30 N
                                          LONGITUDE:  80 22 W

[TEMPERATURE DATA]      [PRECIPITATION DATA]       SYMBOLS USED IN COLUMN 16

AVERAGE MONTHLY: 73.0   TOTAL FOR MONTH:   1.23    1 = FOG OR MIST
DPTR FM NORMAL:   2.4   DPTR FM NORMAL:   -0.73    2 = FOG REDUCING VISIBILITY
HIGHEST:    92 ON  4    GRTST 24HR  0.74 ON  6- 6      TO 1/4 MILE OR LESS
LOWEST:     45 ON  8                               3 = THUNDER
                        SNOW, ICE PELLETS, HAIL    4 = ICE PELLETS
                        TOTAL MONTH:   0.0 INCH    5 = HAIL
                        GRTST 24HR     0.0         6 = FREEZING RAIN OR DRIZZLE
                        GRTST DEPTH:   0           7 = DUSTSTORM OR SANDSTORM:
                                                       VSBY 1/2 MILE OR LESS
                                                   8 = SMOKE OR HAZE
[NO. OF DAYS WITH]      [WEATHER - DAYS WITH]      9 = BLOWING SNOW
                                                   X = TORNADO
MAX 32 OR BELOW:   0    0.01 INCH OR MORE:   6
MAX 90 OR ABOVE:   2    0.10 INCH OR MORE:   2
MIN 32 OR BELOW:   0    0.50 INCH OR MORE:   1
MIN  0 OR BELOW:   0    1.00 INCH OR MORE:   0

[HDD (BASE 65) ]
TOTAL THIS MO.     6    CLEAR  (SCALE 0-3)   9
DPTR FM NORMAL    -7    PTCLDY (SCALE 4-7)  13
TOTAL FM JUL 1   202    CLOUDY (SCALE 8-10)  0
DPTR FM NORMAL  -239

[CDD (BASE 65) ]
TOTAL THIS MO.   187
DPTR FM NORMAL    53    [PRESSURE DATA]
TOTAL FM JAN 1   493    HIGHEST SLP M ON M
DPTR FM NORMAL   114    LOWEST  SLP 29.82 ON  6

[REMARKS]
