046
CXUS52 KMLB 010625
CF6FPR
PRELIMINARY LOCAL CLIMATOLOGICAL DATA (WS FORM: F-6)
STATION: FORT PIERCE
MONTH: MARCH
YEAR: 2021
LATITUDE: 27 30 N
LONGITUDE: 80 22 W
TEMPERATURE IN F: :PCPN: SNOW: WIND :SUNSHINE: SKY :PK WND
================================================================================
1 2 3 4 5 6A 6B 7 8 9 10 11 12 13 14 15 16 17 18
12Z AVG MX 2MIN
DY MAX MIN AVG DEP HDD CDD WTR SNW DPTH SPD SPD DIR MIN PSBL S-S WX SPD DR
================================================================================
1 88 67 78 12 0 13 0.00 0.0 0 7.7 16 130 M M 2 21 240
2 82 66 74 8 0 9 0.15 0.0 0 5.5 18 200 M M 5 1 25 190
3 81 62 72 6 0 7 0.13 0.0 0 9.7 23 280 M M 6 1 30 270
4 71 53 62 -4 3 0 0.00 0.0 0 5.8 13 320 M M 6 17 280
5 76 50 63 -3 2 0 0.00 0.0 0 4.8 10 60 M M 0 1 15 70
6 76 54 65 -1 0 0 0.24 0.0 0 4.3 18 130 M M 3 1 23 140
7 70 56 63 -3 2 0 0.00 0.0 0 11.7 21 10 M M 3 33 330
8 73 59 66 0 0 1 0.00 0.0 0 9.5 17 60 M M 6 26 10
9 75 59 67 1 0 2 0.00 0.0 0 10.4 21 90 M M 6 28 100
10 77 63 70 4 0 5 0.00 0.0 0 9.7 21 100 M M 2 24 80
11 79 61 70 3 0 5 0.01 0.0 0 9.8 20 100 M M 5 25 90
12 79 55 67 0 0 2 0.00 0.0 0 5.6 16 110 M M 1 20 100
13 78 52 65 -2 0 0 0.00 0.0 0 3.5 13 70 M M 1 17 70
14 79 51 65 -2 0 0 0.00 0.0 0 4.4 14 110 M M 0 1 19 90
15 81 56 69 2 0 4 0.00 0.0 0 6.4 15 110 M M 2 128 20 90
16 83 57 70 3 0 5 0.00 0.0 0 9.9 23 120 M M 1 27 120
17 88 56 72 5 0 7 0.00 0.0 0 6.3 17 170 M M 0 1 23 210
18 90 65 78 11 0 13 0.00 0.0 0 10.3 22 230 M M 1 29 220
19 83 61 72 5 0 7 0.00 0.0 0 9.1 20 270 M M 3 26 290
20 78 55 67 -1 0 2 0.00 0.0 0 8.0 16 350 M M 3 26 10
21 74 55 65 -3 0 0 0.00 0.0 0 8.1 17 280 M M 8 22 280
22 76 49 63 -5 2 0 0.00 0.0 0 4.7 12 90 M M 4 1 15 60
23 77 52 65 -3 0 0 0.00 0.0 0 3.8 14 70 M M 1 1 18 100
24 82 53 68 0 0 3 0.00 0.0 0 7.5 18 100 M M 0 22 110
25 85 60 73 5 0 8 0.00 0.0 0 12.2 25 130 M M 0 12 32 130
26 86 73 80 12 0 15 0.00 0.0 0 12.8 23 130 M M 1 27 130
27 84 59 72 4 0 7 0.00 0.0 0 9.0 22 120 M M 2 12 26 130
28 91 71 81 13 0 16 0.00 0.0 0 8.0 18 170 M M 3 24 240
29 83 64 74 5 0 9 0.00 0.0 0 5.9 14 70 M M 1 20 10
30 85 69 77 8 0 12 0.00 0.0 0 10.9 22 140 M M 1 1 27 110
31 86 71 79 10 0 14 0.13 0.0 0 10.9 23 130 M M 5 1 26 130
================================================================================
SM 2496 1834 9 166 0.66 0.0 246.2 M 82
================================================================================
AV 80.5 59.2 7.9 FASTST M M 3 MAX(MPH)
MISC ----> 25 130 33 330
================================================================================
NOTES:
# LAST OF SEVERAL OCCURRENCES
COLUMN 17 PEAK WIND IN M.P.H.
PRELIMINARY LOCAL CLIMATOLOGICAL DATA (WS FORM: F-6) , PAGE 2
STATION: FORT PIERCE
MONTH: MARCH
YEAR: 2021
LATITUDE: 27 30 N
LONGITUDE: 80 22 W
[TEMPERATURE DATA] [PRECIPITATION DATA] SYMBOLS USED IN COLUMN 16
AVERAGE MONTHLY: 69.8 TOTAL FOR MONTH: 0.66 1 = FOG OR MIST
DPTR FM NORMAL: 2.6 DPTR FM NORMAL: -3.08 2 = FOG REDUCING VISIBILITY
HIGHEST: 91 ON 28 GRTST 24HR 0.28 ON 2- 3 TO 1/4 MILE OR LESS
LOWEST: 49 ON 22 3 = THUNDER
SNOW, ICE PELLETS, HAIL 4 = ICE PELLETS
TOTAL MONTH: 0.0 INCH 5 = HAIL
GRTST 24HR 0.0 6 = FREEZING RAIN OR DRIZZLE
GRTST DEPTH: 0 7 = DUSTSTORM OR SANDSTORM:
VSBY 1/2 MILE OR LESS
8 = SMOKE OR HAZE
[NO. OF DAYS WITH] [WEATHER - DAYS WITH] 9 = BLOWING SNOW
X = TORNADO
MAX 32 OR BELOW: 0 0.01 INCH OR MORE: 5
MAX 90 OR ABOVE: 2 0.10 INCH OR MORE: 4
MIN 32 OR BELOW: 0 0.50 INCH OR MORE: 0
MIN 0 OR BELOW: 0 1.00 INCH OR MORE: 0
[HDD (BASE 65) ]
TOTAL THIS MO. 9 CLEAR (SCALE 0-3) 20
DPTR FM NORMAL -41 PTCLDY (SCALE 4-7) 11
TOTAL FM JUL 1 338 CLOUDY (SCALE 8-10) 0
DPTR FM NORMAL -89
[CDD (BASE 65) ]
TOTAL THIS MO. 166
DPTR FM NORMAL 48 [PRESSURE DATA]
TOTAL FM JAN 1 398 HIGHEST SLP M ON M
DPTR FM NORMAL 153 LOWEST SLP 29.86 ON 3
[REMARKS]
#FINAL-03-21#