734
CXUS52 KMLB 010627
CF6FPR
PRELIMINARY LOCAL CLIMATOLOGICAL DATA (WS FORM: F-6)
STATION: FORT PIERCE
MONTH: JUNE
YEAR: 2020
LATITUDE: 27 30 N
LONGITUDE: 80 22 W
TEMPERATURE IN F: :PCPN: SNOW: WIND :SUNSHINE: SKY :PK WND
================================================================================
1 2 3 4 5 6A 6B 7 8 9 10 11 12 13 14 15 16 17 18
12Z AVG MX 2MIN
DY MAX MIN AVG DEP HDD CDD WTR SNW DPTH SPD SPD DIR MIN PSBL S-S WX SPD DR
================================================================================
1 87 74 81 2 0 16 0.00 0.0 0 5.8 14 80 M M 1 19 80
2 84 76 80 1 0 15 1.70 0.0 0 11.4 26 100 M M 8 1 30 100
3 79 73 76 -3 0 11 3.49 0.0 0 4.6 17 130 M M 7 13 21 140
4 83 74 79 0 0 14 0.87 0.0 0 5.7 22 150 M M 5 1 27 130
5 86 74 80 1 0 15 0.47 0.0 0 4.0 17 130 M M 4 13 22 130
6 86 76 81 1 0 16 0.00 0.0 0 12.4 22 130 M M 2 28 130
7 90 78 84 4 0 19 T 0.0 0 8.3 21 140 M M 1 23 140
8 92 77 85 5 0 20 0.06 0.0 0 5.2 18 170 M M 3 13 27 170
9 90 76 83 3 0 18 0.00 0.0 0 4.0 13 110 M M 1 1 15 100
10 89 75 82 2 0 17 0.02 0.0 0 5.0 16 100 M M 2 1 20 120
11 87 76 82 2 0 17 0.00 0.0 0 7.6 16 110 M M 3 21 100
12 86 72 79 -1 0 14 T 0.0 0 9.4 17 110 M M 2 22 100
13 86 71 79 -1 0 14 0.00 0.0 0 7.5 14 110 M M 1 19 100
14 87 72 80 0 0 15 0.00 0.0 0 5.0 17 100 M M 1 22 100
15 87 72 80 0 0 15 0.00 0.0 0 5.7 16 30 M M 2 24 10
16 85 67 76 -4 0 11 0.00 0.0 0 4.9 13 10 M M 0 18 20
17 86 68 77 -3 0 12 0.00 0.0 0 8.8 18 130 M M 1 22 120
18 87 71 79 -2 0 14 0.44 0.0 0 5.2 17 130 M M 3 13 20 120
19 86 71 79 -2 0 14 1.55 0.0 0 2.8 21 160 M M 2 123 28 160
20 89 70 80 -1 0 15 T 0.0 0 4.4 16 110 M M 3 13 19 110
21 91 74 83 2 0 18 0.00 0.0 0 5.5 15 130 M M 2 3 20 120
22 90 73 82 1 0 17 T 0.0 0 5.5 20 150 M M 1 13 31 170
23 94 75 85 4 0 20 0.23 0.0 0 6.4 20 130 M M 2 13 23 130
24 91 75 83 2 0 18 0.00 0.0 0 6.0 17 120 M M 1 20 120
25 91 77 84 3 0 19 0.00 0.0 0 6.8 16 120 M M 0 19 100
26 91 76 84 3 0 19 0.00 0.0 0 4.8 15 120 M M 2 18 110
27 90 74 82 1 0 17 0.00 0.0 0 5.5 13 120 M M 1 17 130
28 91 74 83 2 0 18 0.00 0.0 0 5.1 14 130 M M 0 1 17 110
29 94 77 86 5 0 21 0.00 0.0 0 6.0 13 150 M M 1 16 100
30 94 75 85 4 0 20 T 0.0 0 6.0 21 290 M M 1 3 27 300
================================================================================
SM 2649 2213 0 489 8.83 0.0 185.3 M 63
================================================================================
AV 88.3 73.8 6.2 FASTST M M 2 MAX(MPH)
MISC ----> 26 100 31 170
================================================================================
NOTES:
# LAST OF SEVERAL OCCURRENCES
COLUMN 17 PEAK WIND IN M.P.H.
PRELIMINARY LOCAL CLIMATOLOGICAL DATA (WS FORM: F-6) , PAGE 2
STATION: FORT PIERCE
MONTH: JUNE
YEAR: 2020
LATITUDE: 27 30 N
LONGITUDE: 80 22 W
[TEMPERATURE DATA] [PRECIPITATION DATA] SYMBOLS USED IN COLUMN 16
AVERAGE MONTHLY: 81.0 TOTAL FOR MONTH: 8.83 1 = FOG OR MIST
DPTR FM NORMAL: 0.7 DPTR FM NORMAL: 1.46 2 = FOG REDUCING VISIBILITY
HIGHEST: 94 ON 30,29 GRTST 24HR 4.20 ON 2- 3 TO 1/4 MILE OR LESS
LOWEST: 67 ON 16 3 = THUNDER
SNOW, ICE PELLETS, HAIL 4 = ICE PELLETS
TOTAL MONTH: 0.0 INCH 5 = HAIL
GRTST 24HR 0.0 6 = FREEZING RAIN OR DRIZZLE
GRTST DEPTH: 0 7 = DUSTSTORM OR SANDSTORM:
VSBY 1/2 MILE OR LESS
8 = SMOKE OR HAZE
[NO. OF DAYS WITH] [WEATHER - DAYS WITH] 9 = BLOWING SNOW
X = TORNADO
MAX 32 OR BELOW: 0 0.01 INCH OR MORE: 9
MAX 90 OR ABOVE: 13 0.10 INCH OR MORE: 7
MIN 32 OR BELOW: 0 0.50 INCH OR MORE: 4
MIN 0 OR BELOW: 0 1.00 INCH OR MORE: 3
[HDD (BASE 65) ]
TOTAL THIS MO. 0 CLEAR (SCALE 0-3) 25
DPTR FM NORMAL 0 PTCLDY (SCALE 4-7) 4
TOTAL FM JUL 1 248 CLOUDY (SCALE 8-10) 1
DPTR FM NORMAL -193
[CDD (BASE 65) ]
TOTAL THIS MO. 489
DPTR FM NORMAL 32 [PRESSURE DATA]
TOTAL FM JAN 1 1662 HIGHEST SLP M ON M
DPTR FM NORMAL 419 LOWEST SLP 29.90 ON 7
[REMARKS]
#FINAL-06-20#