000
CXUS54 KTSA 010950
CF6FSM
PRELIMINARY LOCAL CLIMATOLOGICAL DATA (WS FORM: F-6)
STATION: FORT SMITH ARKANSAS
MONTH: FEBRUARY
YEAR: 2024
LATITUDE: 35 19 N
LONGITUDE: 94 22 W
TEMPERATURE IN F: :PCPN: SNOW: WIND :SUNSHINE: SKY :PK WND
================================================================================
1 2 3 4 5 6A 6B 7 8 9 10 11 12 13 14 15 16 17 18
12Z AVG MX 2MIN
DY MAX MIN AVG DEP HDD CDD WTR SNW DPTH SPD SPD DIR MIN PSBL S-S WX SPD DR
================================================================================
1 71 40 56 14 9 0 0.00 0.0 0 5.8 14 190 M M 1 21 180
2 71 46 59 17 6 0 0.00 0.0 0 6.9 13 110 M M 4 18 110
3 62 51 57 15 8 0 0.53 0.0 0 9.0 21 70 M M 10 1 30 80
4 53 49 51 9 14 0 0.23 0.0 0 5.8 18 30 M M 10 1 23 30
5 67 40 54 11 11 0 0.00 0.0 0 8.2 14 340 M M 1 18 340
6 66 33 50 7 15 0 0.00 0.0 0 2.6 9 270 M M 0 11 70
7 68 42 55 12 10 0 0.00 0.0 0 8.7 16 110 M M 0 20 140
8 73 48 61 18 4 0 0.00 0.0 0 10.3 25 220 M M 3 35 200
9 75 46 61 17 4 0 0.00 0.0 0 6.2 20 210 M M 1 28 210
10 60 46 53 9 12 0 0.00 0.0 0 3.5 12 100 M M 3 17 90
11 51 44 48 4 17 0 0.24 0.0 0 8.1 15 60 M M 10 18 19 50
12 48 33 41 -3 24 0 0.08 T 0 9.6 18 320 M M 7 1 27 310
13 62 30 46 2 19 0 0.00 0.0 0 2.5 12 200 M M 1 12 16 220
14 70 35 53 8 12 0 0.00 0.0 0 4.7 15 200 M M 0 20 200
15 73 39 56 11 9 0 0.00 0.0 0 2.7 10 70 M M 0 13 160
16 62 36 49 4 16 0 T 0.0 0 10.1 25 330 M M 8 32 340
17 42 25 34 -12 31 0 0.00 0.0 0 9.9 21 20 M M 3 27 20
18 53 21 37 -9 28 0 0.00 0.0 0 4.1 12 230 M M 0 17 270
19 64 25 45 -1 20 0 0.00 0.0 0 4.0 15 220 M M 0 8 20 210
20 75 32 54 8 11 0 0.00 0.0 0 3.3 12 60 M M 0 18 16 210
21 81 46 64 17 1 0 0.00 0.0 0 7.5 17 200 M M 0 8 25 190
22 78 55 67 20 0 2 T 0.0 0 8.9 20 340 M M 3 3 31 280
23 70 42 56 9 9 0 0.00 0.0 0 8.5 22 310 M M 0 27 300
24 70 40 55 8 10 0 0.00 0.0 0 6.7 15 270 M M 0 18 290
25 81 45 63 15 2 0 0.00 0.0 0 7.2 21 240 M M 0 26 240
26 84 48 66 18 0 1 0.00 0.0 0 7.2 25 200 M M 0 8 39 210
27 79 57 68 20 0 3 T 0.0 0 16.8 28 340 M M 0 39 220
28 57 33 45 -4 20 0 0.00 0.0 0 10.1 26 310 M M 1 38 310
29 54 31 43 -6 22 0 0.34 T 0 6.1 17 160 M M 3 18 24 160
================================================================================
SM 1920 1158 344 6 1.42 T 205.0 M 69
================================================================================
AV 66.2 39.9 7.1 FASTST M M 2 MAX(MPH)
MISC ----> 28 340 # 39 210
================================================================================
NOTES:
# LAST OF SEVERAL OCCURRENCES
COLUMN 17 PEAK WIND IN M.P.H.
PRELIMINARY LOCAL CLIMATOLOGICAL DATA (WS FORM: F-6) , PAGE 2
STATION: FORT SMITH ARKANSAS
MONTH: FEBRUARY
YEAR: 2024
LATITUDE: 35 19 N
LONGITUDE: 94 22 W
[TEMPERATURE DATA] [PRECIPITATION DATA] SYMBOLS USED IN COLUMN 16
AVERAGE MONTHLY: 53.1 TOTAL FOR MONTH: 1.42 1 = FOG OR MIST
DPTR FM NORMAL: 8.1 DPTR FM NORMAL: -1.27 2 = FOG REDUCING VISIBILITY
HIGHEST: 84 ON 26 GRTST 24HR 0.69 ON 3- 4 TO 1/4 MILE OR LESS
LOWEST: 21 ON 18 3 = THUNDER
SNOW, ICE PELLETS, HAIL 4 = ICE PELLETS
TOTAL MONTH: T 5 = HAIL
GRTST 24HR T ON 12-12 6 = FREEZING RAIN OR DRIZZLE
GRTST DEPTH: 0 7 = DUSTSTORM OR SANDSTORM:
VSBY 1/2 MILE OR LESS
8 = SMOKE OR HAZE
[NO. OF DAYS WITH] [WEATHER - DAYS WITH] 9 = BLOWING SNOW
X = TORNADO
MAX 32 OR BELOW: 0 0.01 INCH OR MORE: 5
MAX 90 OR ABOVE: 0 0.10 INCH OR MORE: 4
MIN 32 OR BELOW: 6 0.50 INCH OR MORE: 1
MIN 0 OR BELOW: 0 1.00 INCH OR MORE: 0
[HDD (BASE 65) ]
TOTAL THIS MO. 344 CLEAR (SCALE 0-3) 22
DPTR FM NORMAL -217 PTCLDY (SCALE 4-7) 4
TOTAL FM JUL 1 2240 CLOUDY (SCALE 8-10) 3
DPTR FM NORMAL -349
[CDD (BASE 65) ]
TOTAL THIS MO. 6
DPTR FM NORMAL 5 [PRESSURE DATA]
TOTAL FM JAN 1 6 HIGHEST SLP 30.47 ON 29
DPTR FM NORMAL 5 LOWEST SLP 29.44 ON 27
[REMARKS]
#FINAL-02-24#