000
CDUS44 KTSA 170901
CLIFSM

CLIMATE REPORT
NATIONAL WEATHER SERVICE TULSA OK
1247 AM CST SUN DEC 17 2017


...................................

...THE FORT SMITH ARKANSAS CLIMATE SUMMARY FOR DECEMBER 16 2017...

CLIMATE NORMAL PERIOD 1981 TO 2010
CLIMATE RECORD PERIOD 1882 TO 2017


WEATHER ITEM   OBSERVED TIME   RECORD YEAR NORMAL DEPARTURE LAST
                VALUE   (LST)  VALUE       VALUE  FROM      YEAR
                                                  NORMAL
..................................................................
TEMPERATURE (F)
 YESTERDAY
  MAXIMUM         62    316 PM  77    1924  51     11       43
  MINIMUM         26    735 AM   5    1989  31     -5       34
  AVERAGE         44                        41      3       39

PRECIPITATION (IN)
  YESTERDAY        0.24          3.54 2001   0.10   0.14     0.00
  MONTH TO DATE    0.53                      1.86  -1.33     0.66
  SINCE DEC 1      0.53                      1.86  -1.33     0.66
  SINCE JAN 1     46.21                     44.03   2.18    31.07

SNOWFALL (IN)
  YESTERDAY        0.0                                       0.0
  MONTH TO DATE    0.0                                        T
  SINCE DEC 1      0.0                                        T
  SINCE JUL 1      0.0                                        T

DEGREE DAYS
 HEATING
  YESTERDAY       21                        24     -3       26
  MONTH TO DATE  307                       356    -49      364
  SINCE DEC 1    307                       356    -49      364
  SINCE JUL 1    743                       921   -178      650
..................................................................


WIND (MPH)
  HIGHEST WIND SPEED    15   HIGHEST WIND DIRECTION    SW (220)
  HIGHEST GUST SPEED    19   HIGHEST GUST DIRECTION     S (170)
  AVERAGE WIND SPEED     5.5


SKY COVER
  POSSIBLE SUNSHINE  MM
  AVERAGE SKY COVER 0.1


WEATHER CONDITIONS
 THE FOLLOWING WEATHER WAS RECORDED YESTERDAY.
  RAIN
  LIGHT RAIN
  FOG


RELATIVE HUMIDITY (PERCENT)
 HIGHEST    92           200 AM
 LOWEST     24           400 PM
 AVERAGE    58

..........................................................


THE FORT SMITH ARKANSAS CLIMATE NORMALS FOR TODAY
                         NORMAL    RECORD    YEAR
 MAXIMUM TEMPERATURE (F)   51        76      2006
 MINIMUM TEMPERATURE (F)   31         9      1901


SUNRISE AND SUNSET
DECEMBER 17 2017......SUNRISE   720 AM CST   SUNSET   507 PM CST
DECEMBER 18 2017......SUNRISE   721 AM CST   SUNSET   508 PM CST


-  INDICATES NEGATIVE NUMBERS.
R  INDICATES RECORD WAS SET OR TIED.
MM INDICATES DATA IS MISSING.
T  INDICATES TRACE AMOUNT.




$$

&&
...........................................................

THE ARKANSAS RIVER AT VAN BUREN

                   OBSERVED      24 HOUR     24 HOUR
                    VALUE        CHANGE      FORECAST

 STAGE (FEET)
  THIS MORNING       19.6         -0.0

 MEAN FLOW (CFS)
  TODAY                                        333
...........................................................
ALL DATA MEASURED AT THE FORT SMITH REGIONAL AIRPORT
