000
CXUS54 KFWD 010731
CF6FTW
PRELIMINARY LOCAL CLIMATOLOGICAL DATA (WS FORM: F-6)
STATION: FORT WORTH MEACHAM
MONTH: JULY
YEAR: 2021
LATITUDE: 32 49 N
LONGITUDE: 97 21 W
TEMPERATURE IN F: :PCPN: SNOW: WIND :SUNSHINE: SKY :PK WND
================================================================================
1 2 3 4 5 6A 6B 7 8 9 10 11 12 13 14 15 16 17 18
12Z AVG MX 2MIN
DY MAX MIN AVG DEP HDD CDD WTR SNW DPTH SPD SPD DIR MIN PSBL S-S WX SPD DR
================================================================================
1 96 74 85 1 0 20 0.00 M M 6.5 26 10 M M 2 3 38 20
2 90 75 83 -1 0 18 T M M 6.5 16 20 M M 5 22 20
3 87 76 82 -2 0 17 T M M 8.8 16 120 M M 8 23 100
4 88 73 81 -3 0 16 T M M 6.7 15 120 M M 6 8 21 140
5 89 73 81 -3 0 16 0.05 M M 9.1 22 140 M M 6 18 28 130
6 92 71 82 -2 0 17 0.04 M M 5.0 10 150 M M 3 3 M M
7 94 71 83 -1 0 18 T M M 3.4 21 290 M M 2 3 32 290
8 94 73 84 0 0 19 0.00 M M 7.5 22 150 M M 1 29 140
9 88 72 80 -4 0 15 T M M 11.7 24 160 M M 6 32 150
10 94 73 84 0 0 19 0.00 M M 11.7 24 200 M M 6 33 170
11 91 69 80 -5 0 15 M M M 8.4 29 190 M M 1 13 40 200
12 90 69 80 -5 0 15 T M M 6.1 38 150 M M 2 138 52 110
13 94 69 82 -3 0 17 0.00 M M 8.5 22 170 M M 0 32 160
14 93 69 81 -4 0 16 T M M 12.1 29 160 M M 2 42 160
15 93 73 83 -2 0 18 0.00 M M 13.2 21 150 M M 3 28 150
16 94 76 85 0 0 20 0.00 M M 10.6 18 160 M M 1 26 150
17 93 77 85 0 0 20 0.00 M M 11.5 18 180 M M 2 25 180
18 96 75 86 1 0 21 0.08 M M 5.7 22 240 M M 4 1 32 250
19 87 73 80 -6 0 15 0.37 M M 5.3 14 320 M M 5 1 22 320
20 90 70 80 -6 0 15 T M M 7.7 18 20 M M 2 25 10
21 92 70 81 -5 0 16 0.00 M M 5.5 13 50 M M 3 17 40
22 93 71 82 -4 0 17 0.00 M M 6.1 16 150 M M 1 18 21 140
23 96 74 85 -1 0 20 0.00 M M 12.2 21 190 M M 3 28 190
24 99 76 88 2 0 23 0.00 M M 10.8 17 160 M M 0 26 180
25 100 74 87 1 0 22 0.00 M M 7.9 15 160 M M 0 20 150
26 101 74 88 2 0 23 0.00 M M 6.1 14 140 M M 1 18 140
27 101 78 90 4 0 25 T M M 5.7 25 110 M M 1 38 36 80
28 98 78 88 2 0 23 0.35 M M 5.6 23 330 M M 1 38 34 330
29 98 75 87 1 0 22 0.00 M M 4.2 15 150 M M 1 20 110
30 98 77 88 2 0 23 0.00 M M 5.4 14 130 M M 1 M M
31 99 77 88 2 0 23 0.00 M M 7.5 17 150 M M 1 23 150
================================================================================
SM 2908 2275 0 584 0.89 M 243.0 M 80
================================================================================
AV 93.8 73.4 7.8 FASTST M M 3 MAX(MPH)
MISC ----> 38 150 52 110
================================================================================
NOTES:
# LAST OF SEVERAL OCCURRENCES
COLUMN 17 PEAK WIND IN M.P.H.
PRELIMINARY LOCAL CLIMATOLOGICAL DATA (WS FORM: F-6) , PAGE 2
STATION: FORT WORTH MEACHAM
MONTH: JULY
YEAR: 2021
LATITUDE: 32 49 N
LONGITUDE: 97 21 W
[TEMPERATURE DATA] [PRECIPITATION DATA] SYMBOLS USED IN COLUMN 16
AVERAGE MONTHLY: 83.6 TOTAL FOR MONTH: 0.89 1 = FOG OR MIST
DPTR FM NORMAL: -1.5 DPTR FM NORMAL: -1.29 2 = FOG REDUCING VISIBILITY
HIGHEST: 101 ON 27,26 GRTST 24HR 0.38 ON 18-19 TO 1/4 MILE OR LESS
LOWEST: 69 ON 14,13 3 = THUNDER
SNOW, ICE PELLETS, HAIL 4 = ICE PELLETS
TOTAL MONTH: M 5 = HAIL
GRTST 24HR M ON M 6 = FREEZING RAIN OR DRIZZLE
GRTST DEPTH: M ON M 7 = DUSTSTORM OR SANDSTORM:
VSBY 1/2 MILE OR LESS
8 = SMOKE OR HAZE
[NO. OF DAYS WITH] [WEATHER - DAYS WITH] 9 = BLOWING SNOW
X = TORNADO
MAX 32 OR BELOW: 0 0.01 INCH OR MORE: 5
MAX 90 OR ABOVE: 26 0.10 INCH OR MORE: 2
MIN 32 OR BELOW: 0 0.50 INCH OR MORE: 0
MIN 0 OR BELOW: 0 1.00 INCH OR MORE: 0
[HDD (BASE 65) ]
TOTAL THIS MO. 0 CLEAR (SCALE 0-3) 23
DPTR FM NORMAL 0 PTCLDY (SCALE 4-7) 8
TOTAL FM JUL 1 0 CLOUDY (SCALE 8-10) 0
DPTR FM NORMAL 0
[CDD (BASE 65) ]
TOTAL THIS MO. 584
DPTR FM NORMAL -41 [PRESSURE DATA]
TOTAL FM JAN 1 1293 HIGHEST SLP M ON M
DPTR FM NORMAL -223 LOWEST SLP 29.78 ON 11
[REMARKS]
#FINAL-07-21#