000
CXUS52 KFFC 011010
CF6FTY
PRELIMINARY LOCAL CLIMATOLOGICAL DATA (WS FORM: F-6)
STATION: FULTON COUNTY AIRPORT
MONTH: MAY
YEAR: 2023
LATITUDE: 33 46 N
LONGITUDE: 84 31 W
TEMPERATURE IN F: :PCPN: SNOW: WIND :SUNSHINE: SKY :PK WND
================================================================================
1 2 3 4 5 6A 6B 7 8 9 10 11 12 13 14 15 16 17 18
12Z AVG MX 2MIN
DY MAX MIN AVG DEP HDD CDD WTR SNW DPTH SPD SPD DIR MIN PSBL S-S WX SPD DR
================================================================================
1 68 48 58 -8 7 0 0.00 M M 9.4 24 280 M M 0 38 290
2 72 47 60 -6 5 0 0.00 M M 11.0 29 280 M M 1 42 280
3 71 44 58 -8 7 0 0.00 M M 7.9 23 320 M M 0 32 320
4 74 42 58 -8 7 0 0.00 M M 2.9 15 300 M M 0 19 280
5 64 50 57 -10 8 0 0.04 M M 1.4 8 40 M M 8 10 40
6 75 57 66 -1 0 1 0.00 M M 4.4 14 140 M M 9 21 160
7 84 55 70 3 0 5 0.00 M M 3.1 13 240 M M 2 13 20 220
8 83 64 74 6 0 9 0.16 M M 4.7 15 30 M M 5 13 22 360
9 84 66 75 7 0 10 0.06 M M 3.5 15 210 M M 4 13 21 270
10 84 62 73 5 0 8 0.00 M M 4.0 13 80 M M 2 1 17 80
11 81 68 75 7 0 10 0.00 M M 6.6 13 90 M M 4 23 120
12 77 65 71 2 0 6 0.20 M M 3.4 9 160 M M 5 1 14 170
13 86 63 75 6 0 10 0.00 M M 1.7 12 300 M M 5 12 15 290
14 89 64 77 8 0 12 0.00 M M 4.0 14 320 M M 1 20 340
15 86 68 77 7 0 12 0.76 M M 5.8 13 150 M M 3 13 19 100
16 87 64 76 6 0 11 0.79 M M 5.7 33 300 M M 6 138 46 290
17 78 66 72 2 0 7 0.02 M M 3.1 13 350 M M 6 17 350
18 71 64 68 -2 0 3 0.04 M M 8.3 17 80 M M 10 1 28 80
19 74 61 68 -3 0 3 0.00 M M 6.5 15 90 M M 9 23 90
20 76 65 71 0 0 6 0.22 M M 4.6 14 300 M M 9 13 23 300
21 82 64 73 2 0 8 0.00 M M 4.0 14 30 M M 7 20 30
22 73 63 68 -4 0 3 0.18 M M 7.3 20 80 M M 9 13 28 80
23 74 63 69 -3 0 4 0.04 M M 8.1 16 90 M M 10 1 23 70
24 80 62 71 -1 0 6 0.00 M M 5.8 16 70 M M 5 25 60
25 81 54 68 -4 0 3 0.00 M M 5.9 17 70 M M 2 1 25 30
26 79 62 71 -2 0 6 0.00 M M 10.2 18 80 M M 2 25 70
27 77 58 68 -5 0 3 0.00 M M 11.4 26 50 M M 2 39 50
28 78 55 67 -6 0 2 0.00 M M 6.1 17 70 M M 2 24 80
29 75 59 67 -6 0 2 0.00 M M 5.6 15 330 M M 4 21 320
30 83 56 70 -4 0 5 0.00 M M 4.5 16 70 M M 3 23 70
31 79 66 73 -1 0 8 0.00 M M 8.3 16 80 M M 6 23 90
================================================================================
SM 2425 1845 34 163 2.51 M 179.2 M 141
================================================================================
AV 78.2 59.5 5.8 FASTST M M 5 MAX(MPH)
MISC ----> 33 300 46 290
================================================================================
NOTES:
# LAST OF SEVERAL OCCURRENCES
COLUMN 17 PEAK WIND IN M.P.H.
PRELIMINARY LOCAL CLIMATOLOGICAL DATA (WS FORM: F-6) , PAGE 2
STATION: FULTON COUNTY AIRPORT
MONTH: MAY
YEAR: 2023
LATITUDE: 33 46 N
LONGITUDE: 84 31 W
[TEMPERATURE DATA] [PRECIPITATION DATA] SYMBOLS USED IN COLUMN 16
AVERAGE MONTHLY: 68.9 TOTAL FOR MONTH: 2.51 1 = FOG OR MIST
DPTR FM NORMAL: -0.9 DPTR FM NORMAL: -1.13 2 = FOG REDUCING VISIBILITY
HIGHEST: 89 ON 14 GRTST 24HR 1.51 ON 15-16 TO 1/4 MILE OR LESS
LOWEST: 42 ON 4 3 = THUNDER
SNOW, ICE PELLETS, HAIL 4 = ICE PELLETS
TOTAL MONTH: M 5 = HAIL
GRTST 24HR M ON M 6 = FREEZING RAIN OR DRIZZLE
GRTST DEPTH: M ON M 7 = DUSTSTORM OR SANDSTORM:
VSBY 1/2 MILE OR LESS
8 = SMOKE OR HAZE
[NO. OF DAYS WITH] [WEATHER - DAYS WITH] 9 = BLOWING SNOW
X = TORNADO
MAX 32 OR BELOW: 0 0.01 INCH OR MORE: 11
MAX 90 OR ABOVE: 0 0.10 INCH OR MORE: 6
MIN 32 OR BELOW: 0 0.50 INCH OR MORE: 2
MIN 0 OR BELOW: 0 1.00 INCH OR MORE: 0
[HDD (BASE 65) ]
TOTAL THIS MO. 34 CLEAR (SCALE 0-3) 11
DPTR FM NORMAL 5 PTCLDY (SCALE 4-7) 14
TOTAL FM JUL 1 2275 CLOUDY (SCALE 8-10) 6
DPTR FM NORMAL -499
[CDD (BASE 65) ]
TOTAL THIS MO. 163
DPTR FM NORMAL -15 [PRESSURE DATA]
TOTAL FM JAN 1 224 HIGHEST SLP 30.24 ON 6
DPTR FM NORMAL -6 LOWEST SLP 29.68 ON 1
[REMARKS]
#FINAL-05-23#