000
CXUS56 KSGX 021739
CLMFUL
CLIMATE REPORT
NATIONAL WEATHER SERVICE SAN DIEGO, CA
1039 AM PDT WED AUG 02 2023
...................................
...THE FULLERTON AIRPORT CA CLIMATE SUMMARY FOR THE MONTH OF JULY 2023...
CLIMATE NORMAL PERIOD: 1991 TO 2020
CLIMATE RECORD PERIOD: 1998 TO 2023
WEATHER OBSERVED NORMAL DEPART LAST YEAR`S
VALUE DATE(S) VALUE FROM VALUE DATE(S)
NORMAL
................................................................
TEMPERATURE (F)
RECORD
HIGH 116 07/06/2018
LOW 58 07/28/2010
07/12/2001
07/24/1999
HIGHEST 95 07/26 84 11 90 07/19
07/20
LOWEST 60 07/04 62 -2 61 07/10
07/05
07/06
AVG. MAXIMUM 86.1 84.4 1.7 83.5
AVG. MINIMUM 65.2 66.1 -0.9 64.4
MEAN 75.7 75.2 0.5 74.0
DAYS MAX >= 90 11 6.4 4.6 2
DAYS MAX <= 32 0 0.0 0.0 0
DAYS MAX >= 45 31 31
DAYS MIN <= 32 0 0.0 0.0 0
PRECIPITATION (INCHES)
RECORD
MAXIMUM 0.48 2015
MINIMUM 0.00 2022
TOTALS T 0.02 -0.02 0.00
DAILY AVG. T 0.00 -0.00 0.00
DAYS >= .01 0 0.3 -0.3 0
DAYS >= .10 0 0.1 -0.1 0
DAYS >= .50 0 0.0 0.0 0
DAYS >= 1.00 0 0.0 0.0 0
DAYS >= %-5.2F 0 0
DAYS >= %-5.2F 0 0
GREATEST
24 HR. TOTAL T 07/23 TO 07/23 0.00 06/30 TO 06/30
STORM TOTAL 0.00 0.00
(MM/DD(HH)) MM
DEGREE DAYS
HEATING TOTAL 0 0 0 0
SINCE 7/1 0 0 0 MM
COOLING TOTAL 340 318 22 286
SINCE 1/1 478 665 -187 MM
FREEZE DATES
RECORD
EARLIEST MM
LATEST MM
EARLIEST 12/31
LATEST MM
................................................................
WIND (MPH)
AVERAGE WIND SPEED 3.7
RESULTANT WIND SPEED/DIRECTION 3/190
HIGHEST WIND SPEED/DIRECTION 14/200 DATE 07/13
HIGHEST GUST SPEED/DIRECTION 19/190 DATE 07/08
19/200 07/28
SKY COVER
POSSIBLE SUNSHINE (PERCENT) MM
AVERAGE SKY COVER 0.17
NUMBER OF DAYS FAIR 26
NUMBER OF DAYS PC 5
NUMBER OF DAYS CLOUDY 0
AVERAGE RH (PERCENT) 67
WEATHER CONDITIONS. NUMBER OF DAYS WITH
THUNDERSTORM 0 MIXED PRECIP 0
HEAVY RAIN 0 RAIN 0
LIGHT RAIN 0 FREEZING RAIN 0
LT FREEZING RAIN 0 HAIL 0
HEAVY SNOW 0 SNOW 0
LIGHT SNOW 0 SLEET 0
FOG 18 FOG W/VIS <= 1/4 MILE 0
HAZE 17
- INDICATES NEGATIVE NUMBERS.
R INDICATES RECORD WAS SET OR TIED.
MM INDICATES DATA IS MISSING.
T INDICATES TRACE AMOUNT.
$$