000
CXUS53 KIWX 010910
CF6FWA
PRELIMINARY LOCAL CLIMATOLOGICAL DATA (WS FORM: F-6)
STATION: FORT WAYNE
MONTH: JANUARY
YEAR: 2022
LATITUDE: 41 0 N
LONGITUDE: 85 12 W
TEMPERATURE IN F: :PCPN: SNOW: WIND :SUNSHINE: SKY :PK WND
================================================================================
1 2 3 4 5 6A 6B 7 8 9 10 11 12 13 14 15 16 17 18
12Z AVG MX 2MIN
DY MAX MIN AVG DEP HDD CDD WTR SNW DPTH SPD SPD DIR MIN PSBL S-S WX SPD DR
================================================================================
1 48 29 39 12 26 0 0.29 T 0 9.9 23 50 M M 10 126 32 50
2 29 20 25 -2 40 0 0.01 0.2 T 12.0 22 50 M M 8 16 32 60
3 29 17 23 -4 42 0 0.00 0.0 0 5.8 15 240 M M 4 18 250
4 38 21 30 3 35 0 0.00 0.0 0 12.0 25 210 M M 7 37 210
5 37 12 25 -1 40 0 T T 0 25.6 37 260 M M 7 8 51 250
6 17 11 14 -12 51 0 T T 0 14.4 25 270 M M 9 34 260
7 20 5 13 -13 52 0 T 0.2 T 11.5 22 260 M M 6 1 28 260
8 35 11 23 -3 42 0 0.09 T T 10.2 20 160 M M 7 16 26 160
9 39 17 28 2 37 0 0.09 0.0 0 14.2 28 320 M M 7 1 45 300
10 24 13 19 -7 46 0 0.01 0.1 T 14.3 24 270 M M 5 1 32 280
11 30 11 21 -5 44 0 T T T 12.6 26 210 M M 5 35 220
12 39 28 34 9 31 0 0.00 0.0 0 11.0 24 230 M M 8 33 240
13 42 25 34 9 31 0 0.00 0.0 0 5.0 13 360 M M 8 18 16 360
14 33 23 28 3 37 0 0.00 0.0 0 9.9 23 60 M M 10 18 27 70
15 25 13 19 -6 46 0 0.00 0.0 0 13.8 23 60 M M 6 29 70
16 35 10 23 -2 42 0 0.00 0.0 0 6.4 13 50 M M 2 17 50
17 29 23 26 1 39 0 0.01 T 0 12.4 23 260 M M 10 16 27 280
18 38 24 31 6 34 0 0.00 0.0 T 11.7 23 210 M M 9 29 170
19 41 21 31 6 34 0 T T 0 16.4 25 340 M M 9 33 340
20 24 16 20 -5 45 0 T T T 8.2 17 360 M M 7 23 350
21 24 10 17 -8 48 0 0.00 0.0 0 5.8 12 120 M M 3 15 100
22 29 8 19 -6 46 0 0.00 0.0 0 12.7 26 240 M M 7 34 260
23 27 0 14 -11 51 0 0.21 2.7 1 9.4 25 280 M M 9 1 33 270
24 29 2 16 -9 49 0 0.12 1.1 3 10.7 18 280 M M 10 16 24 300
25 23 -2 11 -14 54 0 T T 3 10.5 16 270 M M 5 21 280
26 11 -9 1 -24 64 0 0.00 0.0 3 6.3 12 270 M M 1 14 270
27 29 -2 14 -11 51 0 T 0.3 3 11.6 23 260 M M 8 1 30 210
28 27 3 15 -10 50 0 T T 3 8.9 17 20 M M 8 1 23 20
29 18 -8 5 -20 60 0 0.00 0.0 2 4.9 15 220 M M 6 18 210
30 31 8 20 -5 45 0 0.00 0.0 2 3.9 8 120 M M 5 1 11 140
31 29 5 17 -8 48 0 0.00 0.0 1 5.1 12 100 M M 5 18 15 100
================================================================================
SM 929 365 1360 0 0.83 4.6 327.1 M 211
================================================================================
AV 30.0 11.8 10.6 FASTST M M 7 MAX(MPH)
MISC ----> 37 260 51 250
================================================================================
NOTES:
# LAST OF SEVERAL OCCURRENCES
COLUMN 17 PEAK WIND IN M.P.H.
PRELIMINARY LOCAL CLIMATOLOGICAL DATA (WS FORM: F-6) , PAGE 2
STATION: FORT WAYNE
MONTH: JANUARY
YEAR: 2022
LATITUDE: 41 0 N
LONGITUDE: 85 12 W
[TEMPERATURE DATA] [PRECIPITATION DATA] SYMBOLS USED IN COLUMN 16
AVERAGE MONTHLY: 20.9 TOTAL FOR MONTH: 0.83 1 = FOG OR MIST
DPTR FM NORMAL: -4.6 DPTR FM NORMAL: -1.71 2 = FOG REDUCING VISIBILITY
HIGHEST: 48 ON 1 GRTST 24HR 0.29 ON 1- 1 TO 1/4 MILE OR LESS
LOWEST: -9 ON 26 3 = THUNDER
SNOW, ICE PELLETS, HAIL 4 = ICE PELLETS
TOTAL MONTH: 4.6 INCHES 5 = HAIL
GRTST 24HR 2.7 ON 23-23 6 = FREEZING RAIN OR DRIZZLE
GRTST DEPTH: 3 ON 28,27 7 = DUSTSTORM OR SANDSTORM:
VSBY 1/2 MILE OR LESS
8 = SMOKE OR HAZE
[NO. OF DAYS WITH] [WEATHER - DAYS WITH] 9 = BLOWING SNOW
X = TORNADO
MAX 32 OR BELOW: 20 0.01 INCH OR MORE: 8
MAX 90 OR ABOVE: 0 0.10 INCH OR MORE: 3
MIN 32 OR BELOW: 31 0.50 INCH OR MORE: 0
MIN 0 OR BELOW: 5 1.00 INCH OR MORE: 0
[HDD (BASE 65) ]
TOTAL THIS MO. 1360 CLEAR (SCALE 0-3) 2
DPTR FM NORMAL 136 PTCLDY (SCALE 4-7) 21
TOTAL FM JUL 1 3208 CLOUDY (SCALE 8-10) 8
DPTR FM NORMAL -274
[CDD (BASE 65) ]
TOTAL THIS MO. 0
DPTR FM NORMAL 0 [PRESSURE DATA]
TOTAL FM JAN 1 0 HIGHEST SLP 30.64 ON 21
DPTR FM NORMAL 0 LOWEST SLP 29.58 ON 5
[REMARKS]
#FINAL-01-22#