000
CXUS53 KIWX 010910
CF6FWA
PRELIMINARY LOCAL CLIMATOLOGICAL DATA (WS FORM: F-6)
STATION: FORT WAYNE
MONTH: JANUARY
YEAR: 2021
LATITUDE: 41 0 N
LONGITUDE: 85 12 W
TEMPERATURE IN F: :PCPN: SNOW: WIND :SUNSHINE: SKY :PK WND
================================================================================
1 2 3 4 5 6A 6B 7 8 9 10 11 12 13 14 15 16 17 18
12Z AVG MX 2MIN
DY MAX MIN AVG DEP HDD CDD WTR SNW DPTH SPD SPD DIR MIN PSBL S-S WX SPD DR
================================================================================
1 34 27 31 5 34 0 0.67 T 1 12.9 25 70 M M 10 146 37 70
2 35 33 34 8 31 0 0.01 T T 6.6 20 260 M M 10 1 27 250
3 34 32 33 8 32 0 0.07 0.5 T 8.7 16 260 M M 10 1 22 260
4 35 29 32 7 33 0 0.00 0.0 0 5.3 12 220 M M 10 18 15 220
5 35 31 33 8 32 0 T T 0 7.9 15 270 M M 10 16 20 310
6 37 33 35 10 30 0 0.00 0.0 0 5.3 14 360 M M 10 1 17 360
7 37 33 35 10 30 0 0.00 0.0 0 9.2 20 60 M M 10 26 30
8 33 28 31 6 34 0 0.00 0.0 0 9.9 18 60 M M 10 24 60
9 36 23 30 5 35 0 0.00 0.0 0 5.0 12 70 M M 7 15 40
10 31 20 26 1 39 0 0.00 0.0 0 5.4 13 240 M M 9 18 15 240
11 28 24 26 1 39 0 T T 0 12.5 18 240 M M 10 18 24 230
12 38 26 32 7 33 0 0.00 0.0 0 13.4 21 220 M M 8 18 28 220
13 42 29 36 11 29 0 0.00 0.0 0 12.1 20 210 M M 8 18 24 210
14 45 29 37 12 28 0 T 0.0 0 9.0 15 140 M M 9 20 140
15 42 25 34 9 31 0 0.09 0.4 0 7.2 20 200 M M 8 1 25 210
16 35 20 28 3 37 0 0.01 T T 7.7 18 240 M M 9 12 23 270
17 34 30 32 7 33 0 0.04 0.1 T 10.9 17 260 M M 10 16 21 250
18 31 28 30 5 35 0 T T T 11.7 18 250 M M 10 1 25 260
19 36 21 29 4 36 0 0.03 0.3 0 13.2 25 270 M M 7 1 32 270
20 33 24 29 4 36 0 0.01 0.3 1 13.4 26 280 M M 7 19 37 270
21 44 29 37 12 28 0 0.00 0.0 T 19.9 31 260 M M 3 43 250
22 34 19 27 2 38 0 T 0.1 0 13.0 20 280 M M 8 29 310
23 31 12 22 -3 43 0 T T T 4.0 16 340 M M 5 20 330
24 32 26 29 4 36 0 T T 0 6.7 16 150 M M 10 168 22 160
25 32 25 29 4 36 0 0.05 0.1 0 11.7 28 70 M M 10 168 37 60
26 33 29 31 6 34 0 0.11 T T 9.3 24 70 M M 10 146 36 60
27 29 19 24 -1 41 0 0.00 0.0 T 7.4 16 40 M M 9 20 30
28 28 18 23 -2 42 0 T T T 7.5 15 300 M M 8 23 320
29 33 19 26 1 39 0 0.00 0.0 T 2.6 8 110 M M 6 11 100
30 33 22 28 3 37 0 0.21 2.0 T 12.4 22 100 M M 10 1 29 100
31 32 27 30 5 35 0 0.57 6.6 8 18.3 26 60 M M 10 128 34 30
================================================================================
SM 1072 790 1076 0 1.87 10.4 300.1 M 271
================================================================================
AV 34.6 25.5 9.7 FASTST M M 9 MAX(MPH)
MISC ----> 31 260 43 250
================================================================================
NOTES:
# LAST OF SEVERAL OCCURRENCES
COLUMN 17 PEAK WIND IN M.P.H.
PRELIMINARY LOCAL CLIMATOLOGICAL DATA (WS FORM: F-6) , PAGE 2
STATION: FORT WAYNE
MONTH: JANUARY
YEAR: 2021
LATITUDE: 41 0 N
LONGITUDE: 85 12 W
[TEMPERATURE DATA] [PRECIPITATION DATA] SYMBOLS USED IN COLUMN 16
AVERAGE MONTHLY: 30.0 TOTAL FOR MONTH: 1.87 1 = FOG OR MIST
DPTR FM NORMAL: 5.1 DPTR FM NORMAL: -0.39 2 = FOG REDUCING VISIBILITY
HIGHEST: 45 ON 14 GRTST 24HR 0.67 ON 1- 1 TO 1/4 MILE OR LESS
LOWEST: 12 ON 23 3 = THUNDER
SNOW, ICE PELLETS, HAIL 4 = ICE PELLETS
TOTAL MONTH: 10.4 INCHES 5 = HAIL
GRTST 24HR 6.6 ON 31-31 6 = FREEZING RAIN OR DRIZZLE
GRTST DEPTH: 8 ON 31 7 = DUSTSTORM OR SANDSTORM:
VSBY 1/2 MILE OR LESS
8 = SMOKE OR HAZE
[NO. OF DAYS WITH] [WEATHER - DAYS WITH] 9 = BLOWING SNOW
X = TORNADO
MAX 32 OR BELOW: 9 0.01 INCH OR MORE: 12
MAX 90 OR ABOVE: 0 0.10 INCH OR MORE: 4
MIN 32 OR BELOW: 28 0.50 INCH OR MORE: 2
MIN 0 OR BELOW: 0 1.00 INCH OR MORE: 0
[HDD (BASE 65) ]
TOTAL THIS MO. 1076 CLEAR (SCALE 0-3) 1
DPTR FM NORMAL -167 PTCLDY (SCALE 4-7) 8
TOTAL FM JUL 1 3161 CLOUDY (SCALE 8-10) 22
DPTR FM NORMAL -406
[CDD (BASE 65) ]
TOTAL THIS MO. 0
DPTR FM NORMAL 0 [PRESSURE DATA]
TOTAL FM JAN 1 0 HIGHEST SLP 30.63 ON 28
DPTR FM NORMAL 0 LOWEST SLP 29.50 ON 15
[REMARKS]
#FINAL-01-21#