000
CXUS52 KMFL 011030
CF6FXE
PRELIMINARY LOCAL CLIMATOLOGICAL DATA (WS FORM: F-6)
STATION: FORT LAUDERDALE EXEC ARPT
MONTH: JULY
YEAR: 2022
LATITUDE: 26 12 N
LONGITUDE: 80 11 W
TEMPERATURE IN F: :PCPN: SNOW: WIND :SUNSHINE: SKY :PK WND
================================================================================
1 2 3 4 5 6A 6B 7 8 9 10 11 12 13 14 15 16 17 18
12Z AVG MX 2MIN
DY MAX MIN AVG DEP HDD CDD WTR SNW DPTH SPD SPD DIR MIN PSBL S-S WX SPD DR
================================================================================
1 91 82 87 4 0 22 T 0.0 0 12.1 18 110 M M 3 24 90
2 91 78 85 2 0 20 0.56 0.0 0 10.1 17 100 M M 3 1 23 130
3 91 82 87 4 0 22 T 0.0 0 10.2 17 100 M M 3 22 80
4 91 80 86 3 0 21 0.00 0.0 0 9.2 17 90 M M 3 21 90
5 92 78 85 2 0 20 0.15 0.0 0 8.7 17 70 M M 3 1 21 90
6 92 80 86 3 0 21 T 0.0 0 7.0 17 120 M M 3 22 110
7 92 79 86 3 0 21 T 0.0 0 8.3 18 90 M M 3 23 90
8 92 80 86 3 0 21 0.04 0.0 0 10.1 21 110 M M 3 26 110
9 93 80 87 3 0 22 T 0.0 0 8.4 18 130 M M 2 24 130
10 93 79 86 2 0 21 0.58 0.0 0 4.5 20 210 M M 2 13 24 210
11 93 77 85 1 0 20 0.11 0.0 M 6.4 18 130 M M 2 13 24 130
12 93 78 86 2 0 21 0.00 0.0 0 6.7 17 130 M M 1 23 110
13 94 80 87 3 0 22 T 0.0 0 5.1 21 250 M M 2 24 240
14 93 78 86 2 0 21 0.00 0.0 0 6.6 17 110 M M 1 3 26 120
15 90 77 84 0 0 19 0.04 0.0 0 12.3 28 100 M M 2 1 35 100
16 92 74 83 -1 0 18 0.60 0.0 0 8.5 22 100 M M 4 1 29 110
17 92 75 84 0 0 19 0.41 M M 6.7 20 180 M M 4 13 28 180
18 92 80 86 2 0 21 0.73 0.0 0 8.3 18 140 M M 3 1 24 120
19 91 79 85 1 0 20 0.00 0.0 0 7.2 15 120 M M 2 19 120
20 92 80 86 2 0 21 0.00 0.0 0 9.1 15 110 M M 1 22 110
21 91 77 84 0 0 19 0.34 M M 8.6 25 100 M M 2 13 30 100
22 92 76 84 0 0 19 0.41 M M 8.0 18 120 M M 4 13 22 110
23 91 76 84 0 0 19 0.02 M M 10.0 20 110 M M 2 25 100
24 91 81 86 2 0 21 0.04 M M 12.0 22 100 M M 3 25 100
25 92 81 87 3 0 22 T 0.0 0 13.3 18 100 M M 3 24 80
26 88 75 82 -2 0 17 0.66 M M 9.6 28 110 M M 5 138 35 110
27 92 75 84 0 0 19 T 0.0 0 9.1 26 200 M M 2 36 200
28 91 78 85 1 0 20 0.00 M M 9.1 17 110 M M 2 22 90
29 92 81 87 3 0 22 0.00 0.0 0 12.1 20 100 M M 2 24 100
30 92 83 88 4 0 23 T 0.0 0 13.1 18 80 M M 3 25 100
31 91 80 86 2 0 21 0.16 M M 12.1 18 90 M M 4 27 90
================================================================================
SM 2843 2439 0 635 4.85 0.0 282.5 M 82
================================================================================
AV 91.7 78.7 9.1 FASTST M M 3 MAX(MPH)
MISC ----> # 28 100 36 200
================================================================================
NOTES:
# LAST OF SEVERAL OCCURRENCES
COLUMN 17 PEAK WIND IN M.P.H.
PRELIMINARY LOCAL CLIMATOLOGICAL DATA (WS FORM: F-6) , PAGE 2
STATION: FORT LAUDERDALE EXEC ARPT
MONTH: JULY
YEAR: 2022
LATITUDE: 26 12 N
LONGITUDE: 80 11 W
[TEMPERATURE DATA] [PRECIPITATION DATA] SYMBOLS USED IN COLUMN 16
AVERAGE MONTHLY: 85.2 TOTAL FOR MONTH: 4.85 1 = FOG OR MIST
DPTR FM NORMAL: 1.4 DPTR FM NORMAL: -1.30 2 = FOG REDUCING VISIBILITY
HIGHEST: 94 ON 13 GRTST 24HR 1.01 ON 16-17 TO 1/4 MILE OR LESS
LOWEST: 74 ON 16 3 = THUNDER
SNOW, ICE PELLETS, HAIL 4 = ICE PELLETS
TOTAL MONTH: 0.0 INCH 5 = HAIL
GRTST 24HR 0.0 6 = FREEZING RAIN OR DRIZZLE
GRTST DEPTH: 0 7 = DUSTSTORM OR SANDSTORM:
VSBY 1/2 MILE OR LESS
8 = SMOKE OR HAZE
[NO. OF DAYS WITH] [WEATHER - DAYS WITH] 9 = BLOWING SNOW
X = TORNADO
MAX 32 OR BELOW: 0 0.01 INCH OR MORE: 15
MAX 90 OR ABOVE: 30 0.10 INCH OR MORE: 11
MIN 32 OR BELOW: 0 0.50 INCH OR MORE: 5
MIN 0 OR BELOW: 0 1.00 INCH OR MORE: 0
[HDD (BASE 65) ]
TOTAL THIS MO. 0 CLEAR (SCALE 0-3) 20
DPTR FM NORMAL 0 PTCLDY (SCALE 4-7) 11
TOTAL FM JUL 1 0 CLOUDY (SCALE 8-10) 0
DPTR FM NORMAL 0
[CDD (BASE 65) ]
TOTAL THIS MO. 635
DPTR FM NORMAL 54 [PRESSURE DATA]
TOTAL FM JAN 1 2726 HIGHEST SLP 30.20 ON 31
DPTR FM NORMAL 299 LOWEST SLP 29.91 ON 11
[REMARKS]
#FINAL-07-22#