000
CXUS54 KTSA 141229
CF6FYV
PRELIMINARY LOCAL CLIMATOLOGICAL DATA (WS FORM: F-6)
STATION: FAYETTEVILLE ARKANSAS
MONTH: JANUARY
YEAR: 2022
LATITUDE: 36 0 N
LONGITUDE: 94 10 W
TEMPERATURE IN F: :PCPN: SNOW: WIND :SUNSHINE: SKY :PK WND
================================================================================
1 2 3 4 5 6A 6B 7 8 9 10 11 12 13 14 15 16 17 18
12Z AVG MX 2MIN
DY MAX MIN AVG DEP HDD CDD WTR SNW DPTH SPD SPD DIR MIN PSBL S-S WX SPD DR
================================================================================
1 59 18 39 3 26 0 1.07 0.0 0 9.0 21 280 M M 10 18 30 290
2 26 14 20 -16 45 0 T T 0 8.2 17 320 M M 6 1 24 320
3 45 15 30 -6 35 0 0.00 0.0 0 2.8 12 170 M M 0 14 170
4 48 28 38 2 27 0 0.00 0.0 0 11.8 26 190 M M 0 37 170
5 49 29 39 3 26 0 0.00 0.0 0 6.3 15 70 M M 0 22 290
6 30 18 24 -12 41 0 0.00 0.0 0 7.9 16 350 M M 8 23 60
7 41 16 29 -7 36 0 0.00 0.0 0 6.4 17 170 M M 1 25 170
8 56 34 45 9 20 0 T 0.0 0 13.0 23 190 M M 10 1 31 190
9 56 23 40 4 25 0 0.03 0.0 0 7.3 18 50 M M 5 1 25 60
10 50 18 34 -2 31 0 0.00 0.0 0 3.0 14 210 M M 0 19 270
11 57 21 39 3 26 0 0.00 0.0 0 5.1 20 210 M M 0 28 230
12 60 32 46 10 19 0 0.00 0.0 0 7.2 16 220 M M 0 25 230
13 65 28 47 11 18 0 0.00 0.0 0 5.6 17 320 M M 0 26 350
14 57 30 44 8 21 0 0.01 0.0 0 4.7 17 320 M M 1 24 310
15 47 24 36 0 29 0 0.22 2.9 1 10.8 21 320 M M 10 1 33 310
16 30 22 26 -10 39 0 T 0.0 3 5.2 14 330 M M 9 1 18 330
17 49 18 34 -2 31 0 0.00 0.0 2 2.1 12 280 M M 0 1 15 230
18 62 25 44 8 21 0 0.00 0.0 0 6.9 24 190 M M 0 35 180
19 49 20 35 -1 30 0 0.09 0.7 0 6.1 16 350 M M 7 1248 27 20
20 25 14 20 -16 45 0 0.00 0.0 T 6.5 15 340 M M 1 22 360
21 35 8 22 -14 43 0 0.00 0.0 0 0.7 7 100 M M 0 9 90
22 44 14 29 -7 36 0 0.00 0.0 0 3.5 12 290 M M 0 18 260
23 54 23 39 2 26 0 0.00 0.0 0 6.8 13 310 M M 0 23 230
24 65 28 47 10 18 0 0.00 0.0 0 7.5 16 250 M M 0 24 210
25 40 26 33 -4 32 0 0.00 0.0 0 6.7 14 60 M M 2 21 70
26 44 20 32 -5 33 0 0.00 0.0 0 3.5 10 50 M M 7 17 40
27 42 26 34 -3 31 0 T T 0 4.8 10 290 M M 8 14 260
28 41 19 30 -7 35 0 0.00 0.0 0 5.2 21 330 M M 3 1 29 330
29 54 17 36 -1 29 0 0.00 0.0 0 7.6 21 210 M M 0 29 200
30 61 22 42 5 23 0 0.00 0.0 0 1.6 10 350 M M 0 14 330
31 67 21 44 6 21 0 0.00 0.0 0 6.7 21 200 M M 0 18 29 210
================================================================================
SM 1508 671 918 0 1.42 3.6 190.5 M 88
================================================================================
AV 48.6 21.6 6.1 FASTST M M 3 MAX(MPH)
MISC ----> 26 190 37 170
================================================================================
NOTES:
# LAST OF SEVERAL OCCURRENCES
COLUMN 17 PEAK WIND IN M.P.H.
PRELIMINARY LOCAL CLIMATOLOGICAL DATA (WS FORM: F-6) , PAGE 2
STATION: FAYETTEVILLE ARKANSAS
MONTH: JANUARY
YEAR: 2022
LATITUDE: 36 0 N
LONGITUDE: 94 10 W
[TEMPERATURE DATA] [PRECIPITATION DATA] SYMBOLS USED IN COLUMN 16
AVERAGE MONTHLY: 35.1 TOTAL FOR MONTH: 1.42 1 = FOG OR MIST
DPTR FM NORMAL: -1.3 DPTR FM NORMAL: -1.33 2 = FOG REDUCING VISIBILITY
HIGHEST: 67 ON 31 GRTST 24HR 1.41 ON 31- 1 TO 1/4 MILE OR LESS
LOWEST: 8 ON 21 3 = THUNDER
SNOW, ICE PELLETS, HAIL 4 = ICE PELLETS
TOTAL MONTH: 3.6 INCHES 5 = HAIL
GRTST 24HR 2.9 ON 15-15 6 = FREEZING RAIN OR DRIZZLE
GRTST DEPTH: 3 ON 16 7 = DUSTSTORM OR SANDSTORM:
VSBY 1/2 MILE OR LESS
8 = SMOKE OR HAZE
[NO. OF DAYS WITH] [WEATHER - DAYS WITH] 9 = BLOWING SNOW
X = TORNADO
MAX 32 OR BELOW: 4 0.01 INCH OR MORE: 5
MAX 90 OR ABOVE: 0 0.10 INCH OR MORE: 2
MIN 32 OR BELOW: 30 0.50 INCH OR MORE: 1
MIN 0 OR BELOW: 0 1.00 INCH OR MORE: 1
[HDD (BASE 65) ]
TOTAL THIS MO. 918 CLEAR (SCALE 0-3) 20
DPTR FM NORMAL 31 PTCLDY (SCALE 4-7) 5
TOTAL FM JUL 1 1995 CLOUDY (SCALE 8-10) 6
DPTR FM NORMAL -524
[CDD (BASE 65) ]
TOTAL THIS MO. 0
DPTR FM NORMAL 0 [PRESSURE DATA]
TOTAL FM JAN 1 0 HIGHEST SLP 30.70 ON 10
DPTR FM NORMAL 0 LOWEST SLP 29.60 ON 1
[REMARKS]
#FINAL-01-22#