000
CXUS54 KOUN 010810
CF6GAG
PRELIMINARY LOCAL CLIMATOLOGICAL DATA (WS FORM: F-6)
STATION: GAGE
MONTH: MARCH
YEAR: 2022
LATITUDE: 36 17 N
LONGITUDE: 99 46 W
TEMPERATURE IN F: :PCPN: SNOW: WIND :SUNSHINE: SKY :PK WND
================================================================================
1 2 3 4 5 6A 6B 7 8 9 10 11 12 13 14 15 16 17 18
12Z AVG MX 2MIN
DY MAX MIN AVG DEP HDD CDD WTR SNW DPTH SPD SPD DIR MIN PSBL S-S WX SPD DR
================================================================================
1 79 21 50 6 15 0 0.00 0.0 0 5.6 13 180 M M 0 15 230
2 82 27 55 11 10 0 0.00 0.0 0 7.7 16 180 M M 0 19 170
3 84 29 57 12 8 0 0.00 M M 9.3 22 170 M M 0 28 170
4 77 45 61 16 4 0 0.00 M M 18.9 33 180 M M 0 42 180
5 76 34 55 9 10 0 0.00 M M 19.4 33 250 M M 0 40 260
6 34 23 29 -17 36 0 0.18 M M 11.8 23 40 M M 3 136 28 40
7 43 19 31 -15 34 0 0.00 0.0 M 10.2 22 340 M M 1 26 350
8 47 19 33 -14 32 0 0.00 0.0 M 2.9 9 190 M M 3 13 250
9 56 13 35 -12 30 0 0.00 0.0 M 9.8 25 170 M M 1 30 160
10 41 20 31 -17 34 0 0.00 M M 14.8 22 10 M M 9 1 27 10
11 41 17 29 -19 36 0 M M M 9.8 17 350 M M 4 1 22 10
12 63 11 37 -11 28 0 0.00 M M 13.2 25 210 M M 0 35 220
13 73 31 52 3 13 0 0.00 M M 19.8 35 180 M M 0 45 170
14 65 39 52 3 13 0 0.00 0.0 0 20.5 33 170 M M 1 44 180
15 70 27 49 -1 16 0 0.00 0.0 0 8.9 18 160 M M 0 22 180
16 86 44 65 15 0 0 0.00 M M 14.0 28 210 M M 0 34 180
17 62 34 48 -2 17 0 0.07 M M 13.8 33 360 M M 4 1 42 360
18 61 29 45 -6 20 0 0.01 M M 15.3 30 350 M M 5 38 350
19 72 25 49 -2 16 0 0.00 M M 7.9 16 230 M M 0 22 240
20 80 38 59 8 6 0 0.00 M M 22.1 36 160 M M 0 46 180
21 62 39 51 -1 14 0 0.89 M M 13.0 36 160 M M 7 1 46 160
22 52 33 43 -9 22 0 0.07 M M 22.1 37 350 M M 8 1 49 350
23 49 29 39 -13 26 0 0.00 M M 15.0 30 330 M M 3 40 350
24 70 26 48 -4 17 0 0.00 M M 9.7 24 310 M M 0 36 210
25 65 32 49 -4 16 0 0.00 M M 7.9 23 50 M M 0 32 60
26 73 31 52 -1 13 0 0.00 M M 7.7 18 150 M M 0 23 180
27 65 40 53 0 12 0 0.00 M M 10.3 18 70 M M 0 26 70
28 78 33 56 2 9 0 0.00 M M 8.8 25 170 M M 0 31 170
29 90 58 74 20 0 9 0.00 M M 21.8 41 230 M M 2 55 220
30 58 32 45 -9 20 0 0.00 M M 19.6 33 340 M M 3 46 340
31 64 29 47 -7 18 0 0.00 M M 8.8 22 340 M M 1 29 330
================================================================================
SM 2018 927 545 9 1.22 0.0 400.4 M 55
================================================================================
AV 65.1 29.9 12.9 FASTST M M 2 MAX(MPH)
MISC ----> 41 230 55 220
================================================================================
NOTES:
# LAST OF SEVERAL OCCURRENCES
COLUMN 17 PEAK WIND IN M.P.H.
PRELIMINARY LOCAL CLIMATOLOGICAL DATA (WS FORM: F-6) , PAGE 2
STATION: GAGE
MONTH: MARCH
YEAR: 2022
LATITUDE: 36 17 N
LONGITUDE: 99 46 W
[TEMPERATURE DATA] [PRECIPITATION DATA] SYMBOLS USED IN COLUMN 16
AVERAGE MONTHLY: 47.5 TOTAL FOR MONTH: 1.22 1 = FOG OR MIST
DPTR FM NORMAL: -2.2 DPTR FM NORMAL: -0.30 2 = FOG REDUCING VISIBILITY
HIGHEST: 90 ON 29 GRTST 24HR 0.96 ON 21-22 TO 1/4 MILE OR LESS
LOWEST: 11 ON 12 3 = THUNDER
SNOW, ICE PELLETS, HAIL 4 = ICE PELLETS
TOTAL MONTH: 0.0 INCH 5 = HAIL
GRTST 24HR 0.0 6 = FREEZING RAIN OR DRIZZLE
GRTST DEPTH: 0 7 = DUSTSTORM OR SANDSTORM:
VSBY 1/2 MILE OR LESS
8 = SMOKE OR HAZE
[NO. OF DAYS WITH] [WEATHER - DAYS WITH] 9 = BLOWING SNOW
X = TORNADO
MAX 32 OR BELOW: 0 0.01 INCH OR MORE: 5
MAX 90 OR ABOVE: 1 0.10 INCH OR MORE: 2
MIN 32 OR BELOW: 20 0.50 INCH OR MORE: 1
MIN 0 OR BELOW: 0 1.00 INCH OR MORE: 0
[HDD (BASE 65) ]
TOTAL THIS MO. 545 CLEAR (SCALE 0-3) 23
DPTR FM NORMAL 58 PTCLDY (SCALE 4-7) 7
TOTAL FM JUL 1 3436 CLOUDY (SCALE 8-10) 1
DPTR FM NORMAL -271
[CDD (BASE 65) ]
TOTAL THIS MO. 9
DPTR FM NORMAL -2 [PRESSURE DATA]
TOTAL FM JAN 1 9 HIGHEST SLP M ON M
DPTR FM NORMAL -3 LOWEST SLP 29.23 ON 29
[REMARKS]
#FINAL-03-22#