000
CXUS56 KFGZ 010910
CF6GCN
PRELIMINARY LOCAL CLIMATOLOGICAL DATA (WS FORM: F-6)
STATION: GRAND CANYON AZ AIRPORT
MONTH: JANUARY
YEAR: 2023
LATITUDE: 35 57 N
LONGITUDE: 112 9 W
TEMPERATURE IN F: :PCPN: SNOW: WIND :SUNSHINE: SKY :PK WND
================================================================================
1 2 3 4 5 6A 6B 7 8 9 10 11 12 13 14 15 16 17 18
12Z AVG MX 2MIN
DY MAX MIN AVG DEP HDD CDD WTR SNW DPTH SPD SPD DIR MIN PSBL S-S WX SPD DR
================================================================================
1 41 29 35 6 30 0 0.16 M M 11.1 25 220 M M 10 12 32 210
2 29 23 26 -3 39 0 T M M 12.1 23 210 M M 10 1 29 210
3 31 18 25 -4 40 0 0.11 M M 10.1 22 210 M M 10 126 27 210
4 34 21 28 -1 37 0 0.14 M M 2.8 9 220 M M 9 12 13 220
5 41 12 27 -2 38 0 0.07 M M 6.3 23 190 M M 4 12 31 180
6 38 12 25 -4 40 0 0.01 M M 5.3 18 220 M M 6 1 23 220
7 42 5 24 -5 41 0 0.00 M M 4.9 17 70 M M 0 23 90
8 44 9 27 -2 38 0 0.00 M M 3.4 14 210 M M 2 17 210
9 43 15 29 0 36 0 0.00 M M 8.0 20 210 M M 6 25 210
10 44 29 37 7 28 0 T M M 15.7 31 250 M M 7 12 45 230
11 35 9 22 -8 43 0 0.00 M M 2.8 17 230 M M 4 12 21 220
12 45 7 26 -4 39 0 0.00 M M 7.1 17 80 M M 0 22 90
13 48 21 35 5 30 0 0.00 M M 4.4 13 80 M M 0 15 70
14 44 20 32 2 33 0 0.01 M M 9.6 22 220 M M 6 36 220
15 32 29 31 1 34 0 M M M 12.8 24 230 M M 10 12 31 230
16 34 27 31 1 34 0 0.67 M M 14.2 28 210 M M 10 1 38 210
17 32 23 28 -2 37 0 M M M 10.5 23 210 M M 10 12 28 210
18 30 -4 13 -17 52 0 M M M 5.0 14 240 M M 5 1 20 230
19 31 -9 11 -19 54 0 0.12 M M 6.3 18 210 M M 4 128 24 200
20 28 -7 11 -19 54 0 0.25 M M 5.3 13 40 M M 8 1 17 300
21 33 -15 9 -21 56 0 0.00 M M 2.4 12 220 M M 0 1 13 220
22 29 -12 9 -21 56 0 T M M 5.0 21 220 M M 3 8 26 220
23 28 -1 14 -16 51 0 0.02 M M 10.1 22 30 M M 8 18 28 50
24 35 -8 14 -16 51 0 0.00 M M M 12 300 M M 0 16 300
25 34 -10 12 -18 53 0 0.00 M M 3.9 16 40 M M 1 18 18 40
26 31 -9 11 -19 54 0 0.00 M M 5.1 21 40 M M 0 26 40
27 38 -7 16 -14 49 0 T M M 2.8 13 210 M M 0 15 210
28 37 -4 17 -13 48 0 0.00 M M 4.9 15 210 M M 0 21 220
29 38 -4 17 -13 48 0 0.00 M M 9.8 29 220 M M 1 36 210
30 33 28 31 0 34 0 0.41 M M 5.9 14 240 M M 10 12 20 240
31 30 -8 11 -20 54 0 0.03 M M 9.4 22 40 M M 3 1 28 50
================================================================================
SM 1112 239 1331 0 2.00 M 217.0 M 147
================================================================================
AV 35.9 7.7 7.2 FASTST M M 5 MAX(MPH)
MISC ----> 31 250 45 230
================================================================================
NOTES:
# LAST OF SEVERAL OCCURRENCES
COLUMN 17 PEAK WIND IN M.P.H.
PRELIMINARY LOCAL CLIMATOLOGICAL DATA (WS FORM: F-6) , PAGE 2
STATION: GRAND CANYON AZ AIRPORT
MONTH: JANUARY
YEAR: 2023
LATITUDE: 35 57 N
LONGITUDE: 112 9 W
[TEMPERATURE DATA] [PRECIPITATION DATA] SYMBOLS USED IN COLUMN 16
AVERAGE MONTHLY: 21.8 TOTAL FOR MONTH: 2.00 1 = FOG OR MIST
DPTR FM NORMAL: -8.1 DPTR FM NORMAL: 0.77 2 = FOG REDUCING VISIBILITY
HIGHEST: 48 ON 13 GRTST 24HR 0.67 ON 16-16 TO 1/4 MILE OR LESS
LOWEST: -15 ON 21 3 = THUNDER
SNOW, ICE PELLETS, HAIL 4 = ICE PELLETS
TOTAL MONTH: M 5 = HAIL
GRTST 24HR M ON M 6 = FREEZING RAIN OR DRIZZLE
GRTST DEPTH: M ON M 7 = DUSTSTORM OR SANDSTORM:
VSBY 1/2 MILE OR LESS
8 = SMOKE OR HAZE
[NO. OF DAYS WITH] [WEATHER - DAYS WITH] 9 = BLOWING SNOW
X = TORNADO
MAX 32 OR BELOW: 11 0.01 INCH OR MORE: 12
MAX 90 OR ABOVE: 0 0.10 INCH OR MORE: 7
MIN 32 OR BELOW: 31 0.50 INCH OR MORE: 1
MIN 0 OR BELOW: 13 1.00 INCH OR MORE: 0
[HDD (BASE 65) ]
TOTAL THIS MO. 1331 CLEAR (SCALE 0-3) 13
DPTR FM NORMAL 241 PTCLDY (SCALE 4-7) 10
TOTAL FM JUL 1 4126 CLOUDY (SCALE 8-10) 8
DPTR FM NORMAL 316
[CDD (BASE 65) ]
TOTAL THIS MO. 0
DPTR FM NORMAL 0 [PRESSURE DATA]
TOTAL FM JAN 1 0 HIGHEST SLP M ON M
DPTR FM NORMAL 0 LOWEST SLP 29.52 ON 1
[REMARKS]
#FINAL-01-23#