000
CXUS56 KFGZ 010910
CF6GCN
PRELIMINARY LOCAL CLIMATOLOGICAL DATA (WS FORM: F-6)
STATION: GRAND CANYON AZ AIRPORT
MONTH: AUGUST
YEAR: 2022
LATITUDE: 35 57 N
LONGITUDE: 112 9 W
TEMPERATURE IN F: :PCPN: SNOW: WIND :SUNSHINE: SKY :PK WND
================================================================================
1 2 3 4 5 6A 6B 7 8 9 10 11 12 13 14 15 16 17 18
12Z AVG MX 2MIN
DY MAX MIN AVG DEP HDD CDD WTR SNW DPTH SPD SPD DIR MIN PSBL S-S WX SPD DR
================================================================================
1 83 53 68 0 0 3 T M M 3.4 16 230 M M 1 1 21 230
2 85 54 70 2 0 5 0.00 M M 4.2 16 220 M M 1 21 210
3 87 55 71 3 0 6 0.00 M M 3.1 15 220 M M 3 21 360
4 80 57 69 1 0 4 T M M 4.0 22 210 M M 2 27 210
5 81 55 68 0 0 3 0.00 M M 6.3 20 220 M M 3 26 220
6 84 50 67 -1 0 2 0.00 M M 2.9 15 230 M M 0 20 220
7 86 54 70 2 0 5 0.02 M M 5.2 20 220 M M 4 38 24 210
8 85 52 69 2 0 4 0.52 M M 3.5 21 60 M M 3 13 23 40
9 79 56 68 1 0 3 0.45 M M 3.6 18 90 M M 2 13 24 100
10 80 56 68 1 0 3 0.32 M M 3.2 31 70 M M 3 3 39 80
11 79 55 67 0 0 2 T M M 2.7 15 210 M M 2 3 18 220
12 79 54 67 0 0 2 0.65 M M 2.7 21 230 M M 4 13 27 220
13 76 54 65 -2 0 0 T M M 2.6 17 120 M M 5 3 24 120
14 79 55 67 0 0 2 T M M 3.5 20 220 M M 5 3 26 230
15 73 59 66 0 0 1 0.07 M M 3.5 12 150 M M 9 13 15 150
16 78 53 66 0 0 1 0.00 M M 4.7 13 150 M M 3 3 18 150
17 80 52 66 0 0 1 0.03 M M 3.4 16 240 M M 3 3 21 110
18 80 53 67 1 0 2 1.41 M M 4.1 25 210 M M 4 13 35 210
19 74 55 65 -1 0 0 0.98 M M 4.5 14 40 M M 6 138 19 50
20 78 52 65 -1 0 0 0.05 M M 4.8 17 50 M M 2 138 25 20
21 80 52 66 0 0 1 T M M 3.4 15 260 M M 2 3 20 270
22 83 49 66 1 0 1 T M M 3.1 13 30 M M 2 3 19 40
23 85 50 68 3 0 3 0.00 M M 3.0 15 70 M M 0 19 40
24 80 50 65 0 0 0 0.03 M M 3.5 22 90 M M 2 3 30 30
25 78 56 67 2 0 2 0.36 M M 2.4 18 100 M M 7 13 24 100
26 78 52 65 1 0 0 T M M 2.7 15 220 M M 4 3 18 230
27 81 50 66 2 0 1 T M M 3.0 14 240 M M 3 3 21 250
28 80 50 65 1 0 0 0.00 M M 3.2 14 230 M M 2 19 230
29 85 46 66 2 0 1 0.00 M M 1.5 14 220 M M 1 17 220
30 87 45 66 2 0 1 0.00 M M 4.6 16 30 M M 0 20 40
31 88 46 67 4 0 2 0.00 M M 3.4 17 30 M M 0 23 40
================================================================================
SM 2511 1630 0 61 4.89 M 109.7 M 88
================================================================================
AV 81.0 52.6 3.5 FASTST M M 3 MAX(MPH)
MISC ----> 31 70 39 80
================================================================================
NOTES:
# LAST OF SEVERAL OCCURRENCES
COLUMN 17 PEAK WIND IN M.P.H.
PRELIMINARY LOCAL CLIMATOLOGICAL DATA (WS FORM: F-6) , PAGE 2
STATION: GRAND CANYON AZ AIRPORT
MONTH: AUGUST
YEAR: 2022
LATITUDE: 35 57 N
LONGITUDE: 112 9 W
[TEMPERATURE DATA] [PRECIPITATION DATA] SYMBOLS USED IN COLUMN 16
AVERAGE MONTHLY: 66.8 TOTAL FOR MONTH: 4.89 1 = FOG OR MIST
DPTR FM NORMAL: 0.7 DPTR FM NORMAL: 2.83 2 = FOG REDUCING VISIBILITY
HIGHEST: 88 ON 31 GRTST 24HR 2.38 ON 18-19 TO 1/4 MILE OR LESS
LOWEST: 45 ON 30 3 = THUNDER
SNOW, ICE PELLETS, HAIL 4 = ICE PELLETS
TOTAL MONTH: M 5 = HAIL
GRTST 24HR M ON M 6 = FREEZING RAIN OR DRIZZLE
GRTST DEPTH: M ON M 7 = DUSTSTORM OR SANDSTORM:
VSBY 1/2 MILE OR LESS
8 = SMOKE OR HAZE
[NO. OF DAYS WITH] [WEATHER - DAYS WITH] 9 = BLOWING SNOW
X = TORNADO
MAX 32 OR BELOW: 0 0.01 INCH OR MORE: 12
MAX 90 OR ABOVE: 0 0.10 INCH OR MORE: 7
MIN 32 OR BELOW: 0 0.50 INCH OR MORE: 4
MIN 0 OR BELOW: 0 1.00 INCH OR MORE: 1
[HDD (BASE 65) ]
TOTAL THIS MO. 0 CLEAR (SCALE 0-3) 20
DPTR FM NORMAL -28 PTCLDY (SCALE 4-7) 10
TOTAL FM JUL 1 3 CLOUDY (SCALE 8-10) 1
DPTR FM NORMAL -44
[CDD (BASE 65) ]
TOTAL THIS MO. 61
DPTR FM NORMAL -1 [PRESSURE DATA]
TOTAL FM JAN 1 234 HIGHEST SLP M ON M
DPTR FM NORMAL 77 LOWEST SLP 29.82 ON 27
[REMARKS]
#FINAL-08-22#