000
CXUS53 KFGF 010915
CF6GFK
PRELIMINARY LOCAL CLIMATOLOGICAL DATA (WS FORM: F-6)
STATION: GRAND FORKS INTL AP ND
MONTH: NOVEMBER
YEAR: 2022
LATITUDE: 47 57 N
LONGITUDE: 97 11 W
TEMPERATURE IN F: :PCPN: SNOW: WIND :SUNSHINE: SKY :PK WND
================================================================================
1 2 3 4 5 6A 6B 7 8 9 10 11 12 13 14 15 16 17 18
12Z AVG MX 2MIN
DY MAX MIN AVG DEP HDD CDD WTR SNW DPTH SPD SPD DIR MIN PSBL S-S WX SPD DR
================================================================================
1 69 28 49 15 16 0 0.00 0.0 0 6.8 17 150 M M 4 18 22 150
2 68 44 56 22 9 0 0.00 0.0 0 16.2 33 190 M M 5 47 180
3 52 31 42 9 23 0 0.00 0.0 0 14.0 25 330 M M 7 32 330
4 42 18 30 -3 35 0 0.00 0.0 0 8.0 17 320 M M 2 23 320
5 47 16 32 0 33 0 T 0.0 0 11.2 23 200 M M 4 30 210
6 42 26 34 2 31 0 T T 0 24.2 40 270 M M 8 8 56 270
7 34 14 24 -7 41 0 T T 0 10.0 23 300 M M 7 33 300
8 42 34 38 7 27 0 0.02 0.0 0 14.7 30 150 M M 10 18 41 160
9 40 25 33 3 32 0 0.04 0.0 0 14.6 24 10 M M 10 146 32 10
10 25 20 23 -7 42 0 0.25 3.9 0 24.3 35 350 M M 10 129 51 360
11 22 15 19 -10 46 0 T 1.3 4 22.4 36 350 M M 10 19 46 360
12 19 15 17 -11 48 0 0.01 0.1 3 6.8 13 330 M M 10 18 15 320
13 24 16 20 -8 45 0 0.01 T 3 3.9 9 100 M M 10 1 12 110
14 26 15 21 -6 44 0 0.07 0.8 4 6.8 9 360 M M 10 18 13 20
15 24 14 19 -8 46 0 T T 4 14.3 23 350 M M 10 1 30 350
16 26 4 15 -11 50 0 0.03 0.2 4 9.6 16 320 M M 8 1 22 330
17 27 14 21 -5 44 0 0.03 0.4 4 16.8 26 330 M M 10 19 34 330
18 21 -1 10 -15 55 0 T 0.1 4 16.1 26 350 M M 8 37 240
19 20 6 13 -12 52 0 0.03 0.6 4 13.2 30 330 M M 6 19 36 330
20 24 6 15 -9 50 0 0.00 0.0 5 8.7 14 280 M M 3 17 190
21 27 18 23 -1 42 0 T T 4 11.5 24 360 M M 8 1 32 340
22 31 20 26 3 39 0 0.03 0.1 4 10.7 18 190 M M 5 1 22 190
23 34 19 27 4 38 0 0.00 0.0 4 9.7 18 180 M M 1 22 180
24 36 19 28 6 37 0 0.00 0.0 4 10.0 17 290 M M 1 26 290
25 42 16 29 7 36 0 0.00 0.0 4 11.1 17 220 M M 4 22 220
26 42 27 35 14 30 0 0.00 0.0 3 9.2 17 250 M M 5 22 240
27 31 13 22 1 43 0 0.00 0.0 3 9.2 20 160 M M 3 24 160
28 34 20 27 7 38 0 T T 3 15.3 24 270 M M 8 30 260
29 24 14 19 -1 46 0 T T 3 17.3 28 310 M M 6 8 36 300
30 17 -1 8 -11 57 0 0.00 0.0 3 14.1 28 310 M M 4 37 320
================================================================================
SM 1012 525 1175 0 0.52 7.5 380.7 M 197
================================================================================
AV 33.7 17.5 12.7 FASTST M M 7 MAX(MPH)
MISC ----> 40 270 56 270
================================================================================
NOTES:
# LAST OF SEVERAL OCCURRENCES
COLUMN 17 PEAK WIND IN M.P.H.
PRELIMINARY LOCAL CLIMATOLOGICAL DATA (WS FORM: F-6) , PAGE 2
STATION: GRAND FORKS INTL AP ND
MONTH: NOVEMBER
YEAR: 2022
LATITUDE: 47 57 N
LONGITUDE: 97 11 W
[TEMPERATURE DATA] [PRECIPITATION DATA] SYMBOLS USED IN COLUMN 16
AVERAGE MONTHLY: 25.6 TOTAL FOR MONTH: 0.52 1 = FOG OR MIST
DPTR FM NORMAL: -1.1 DPTR FM NORMAL: -0.40 2 = FOG REDUCING VISIBILITY
HIGHEST: 69 ON 1 GRTST 24HR 0.25 ON 10-10 TO 1/4 MILE OR LESS
LOWEST: -1 ON 30,18 3 = THUNDER
SNOW, ICE PELLETS, HAIL 4 = ICE PELLETS
TOTAL MONTH: 7.5 INCHES 5 = HAIL
GRTST 24HR 3.9 ON 10-10 6 = FREEZING RAIN OR DRIZZLE
GRTST DEPTH: 5 ON 20 7 = DUSTSTORM OR SANDSTORM:
VSBY 1/2 MILE OR LESS
8 = SMOKE OR HAZE
[NO. OF DAYS WITH] [WEATHER - DAYS WITH] 9 = BLOWING SNOW
X = TORNADO
MAX 32 OR BELOW: 16 0.01 INCH OR MORE: 10
MAX 90 OR ABOVE: 0 0.10 INCH OR MORE: 1
MIN 32 OR BELOW: 28 0.50 INCH OR MORE: 0
MIN 0 OR BELOW: 2 1.00 INCH OR MORE: 0
[HDD (BASE 65) ]
TOTAL THIS MO. 1175 CLEAR (SCALE 0-3) 3
DPTR FM NORMAL 27 PTCLDY (SCALE 4-7) 16
TOTAL FM JUL 1 1918 CLOUDY (SCALE 8-10) 11
DPTR FM NORMAL -228
[CDD (BASE 65) ]
TOTAL THIS MO. 0
DPTR FM NORMAL 0 [PRESSURE DATA]
TOTAL FM JAN 1 513 HIGHEST SLP 30.65 ON 7
DPTR FM NORMAL 130 LOWEST SLP 29.26 ON 6
[REMARKS]
#FINAL-11-22#