000
CXUS55 KALY 010710
CF6GFL
PRELIMINARY LOCAL CLIMATOLOGICAL DATA (WS FORM: F-6)
STATION: GLENS FALLS NY
MONTH: OCTOBER
YEAR: 2021
LATITUDE: 43 20 N
LONGITUDE: 73 37 W
TEMPERATURE IN F: :PCPN: SNOW: WIND :SUNSHINE: SKY :PK WND
================================================================================
1 2 3 4 5 6A 6B 7 8 9 10 11 12 13 14 15 16 17 18
12Z AVG MX 2MIN
DY MAX MIN AVG DEP HDD CDD WTR SNW DPTH SPD SPD DIR MIN PSBL S-S WX SPD DR
================================================================================
1 64 38 51 -3 14 0 0.00 M M 3.1 10 270 M M 4 128 13 270
2 69 41 55 2 10 0 0.00 M M 4.1 17 220 M M 7 12 21 210
3 63 50 57 4 8 0 0.17 M M 1.4 10 190 M M 7 12 13 180
4 60 54 57 5 8 0 0.87 M M 4.6 10 40 M M 10 1 13 30
5 61 53 57 5 8 0 0.14 M M 1.3 7 60 M M 10 1 7 70
6 68 48 58 6 7 0 0.00 M M 1.2 9 80 M M 8 12 11 80
7 69 50 60 9 5 0 0.00 M M 1.7 8 190 M M 7 12 11 160
8 74 50 62 11 3 0 0.00 M M 0.9 8 60 M M 6 12 10 50
9 63 49 56 6 9 0 0.00 M M 2.4 13 140 M M 9 12 16 130
10 66 51 59 9 6 0 0.00 M M 1.6 9 130 M M 7 11 130
11 71 46 59 9 6 0 0.00 M M 1.5 9 190 M M 2 12 12 150
12 72 47 60 11 5 0 0.00 M M 1.6 9 170 M M 4 12 13 180
13 67 45 56 7 9 0 0.00 M M 3.0 9 160 M M 8 12 13 180
14 72 54 63 14 2 0 0.00 M M 1.2 8 190 M M 8 12 10 190
15 69 53 61 13 4 0 0.16 M M 2.0 8 200 M M 8 123 10 210
16 75 54 65 17 0 0 1.64 M M 6.2 29 190 M M 8 123 40 180
17 57 41 49 1 16 0 0.01 M M 5.0 14 310 M M 8 12 21 310
18 53 37 45 -2 20 0 0.00 M M 3.9 17 310 M M 6 1 23 320
19 61 36 49 2 16 0 0.00 M M 4.4 12 250 M M 5 16 240
20 73 40 57 11 8 0 T M M 3.7 17 290 M M 3 24 290
21 62 44 53 7 12 0 0.07 M M 2.3 10 210 M M 4 12 13 210
22 63 42 53 7 12 0 0.10 M M 6.0 15 220 M M 6 1 21 230
23 50 32 41 -5 24 0 0.00 M M 2.9 12 40 M M 7 1 15 50
24 53 28 41 -4 24 0 0.01 M M 2.4 12 150 M M 1 1 15 150
25 49 43 46 1 19 0 0.50 M M 6.8 15 10 M M 10 1 19 10
26 54 48 51 7 14 0 0.91 M M 10.4 20 20 M M 10 1 24 10
27 54 37 46 2 19 0 T M M 8.7 17 10 M M 4 24 360
28 53 32 43 -1 22 0 0.00 M M 4.3 13 30 M M 3 1 17 30
29 58 29 44 1 21 0 0.00 M M 4.2 13 20 M M 3 12 15 20
30 57 42 50 7 15 0 0.59 M M 6.6 14 30 M M 10 1 18 20
31 56 49 53 10 12 0 0.50 M M 6.3 13 230 M M 10 1 20 230
================================================================================
SM 1936 1363 358 0 5.67 M 115.7 M 203
================================================================================
AV 62.5 44.0 3.7 FASTST M M 7 MAX(MPH)
MISC ----> 29 190 40 180
================================================================================
NOTES:
# LAST OF SEVERAL OCCURRENCES
COLUMN 17 PEAK WIND IN M.P.H.
PRELIMINARY LOCAL CLIMATOLOGICAL DATA (WS FORM: F-6) , PAGE 2
STATION: GLENS FALLS NY
MONTH: OCTOBER
YEAR: 2021
LATITUDE: 43 20 N
LONGITUDE: 73 37 W
[TEMPERATURE DATA] [PRECIPITATION DATA] SYMBOLS USED IN COLUMN 16
AVERAGE MONTHLY: 53.2 TOTAL FOR MONTH: 5.67 1 = FOG OR MIST
DPTR FM NORMAL: 5.2 DPTR FM NORMAL: 1.99 2 = FOG REDUCING VISIBILITY
HIGHEST: 75 ON 16 GRTST 24HR 1.72 ON 15-16 TO 1/4 MILE OR LESS
LOWEST: 28 ON 24 3 = THUNDER
SNOW, ICE PELLETS, HAIL 4 = ICE PELLETS
TOTAL MONTH: M 5 = HAIL
GRTST 24HR M ON M 6 = FREEZING RAIN OR DRIZZLE
GRTST DEPTH: M ON M 7 = DUSTSTORM OR SANDSTORM:
VSBY 1/2 MILE OR LESS
8 = SMOKE OR HAZE
[NO. OF DAYS WITH] [WEATHER - DAYS WITH] 9 = BLOWING SNOW
X = TORNADO
MAX 32 OR BELOW: 0 0.01 INCH OR MORE: 13
MAX 90 OR ABOVE: 0 0.10 INCH OR MORE: 10
MIN 32 OR BELOW: 4 0.50 INCH OR MORE: 6
MIN 0 OR BELOW: 0 1.00 INCH OR MORE: 1
[HDD (BASE 65) ]
TOTAL THIS MO. 358 CLEAR (SCALE 0-3) 5
DPTR FM NORMAL -170 PTCLDY (SCALE 4-7) 17
TOTAL FM JUL 1 526 CLOUDY (SCALE 8-10) 9
DPTR FM NORMAL -243
[CDD (BASE 65) ]
TOTAL THIS MO. 0
DPTR FM NORMAL -2 [PRESSURE DATA]
TOTAL FM JAN 1 514 HIGHEST SLP M ON M
DPTR FM NORMAL 106 LOWEST SLP 29.43 ON 31
[REMARKS]
#FINAL-10-21#