000
CDUS41 KALY 040622
CLIGFL


CLIMATE REPORT
NATIONAL WEATHER SERVICE ALBANY NY
222 AM EDT FRI SEP 4 2015


...................................

...THE GLENS FALLS NY CLIMATE SUMMARY FOR SEPTEMBER 3 2015...

CLIMATE NORMAL PERIOD 1981 TO 2010
CLIMATE RECORD PERIOD 1949 TO 2015


WEATHER ITEM   OBSERVED TIME   RECORD YEAR NORMAL DEPARTURE LAST
                VALUE   (LST)  VALUE       VALUE  FROM      YEAR
                                                  NORMAL
..................................................................
TEMPERATURE (F)
 YESTERDAY
  MAXIMUM         86    227 PM  95    1973  75     11       82
  MINIMUM         60    518 AM  37    1976  51      9       56
  AVERAGE         73                        63     10       69

PRECIPITATION (IN)
  YESTERDAY        T             1.44 1974   0.11  -0.11     0.00
  MONTH TO DATE    T                         0.31  -0.31     0.56
  SINCE SEP 1      T                         0.31  -0.31     0.56
  SINCE JAN 1     17.52                     26.12  -8.60    26.60

DEGREE DAYS
 HEATING
  YESTERDAY        0                         4     -4        0
  MONTH TO DATE    0                        10    -10        0
  SINCE SEP 1      0                        10    -10        0
  SINCE JUL 1     13                        76    -63       15

 COOLING
  YESTERDAY        8                         2      6        4
  MONTH TO DATE   22                         6     16       23
  SINCE SEP 1     22                         6     16       23
  SINCE JAN 1    521                       333    188      361
..................................................................


WIND (MPH)
  HIGHEST WIND SPEED    10   HIGHEST WIND DIRECTION     N (360)
  HIGHEST GUST SPEED    16   HIGHEST GUST DIRECTION     N (350)
  AVERAGE WIND SPEED     3.3


SKY COVER
  AVERAGE SKY COVER 0.3



RELATIVE HUMIDITY (PERCENT)
 HIGHEST   100           400 AM
 LOWEST     55           200 PM
 AVERAGE    78

..........................................................


THE GLENS FALLS NY CLIMATE NORMALS FOR TODAY
                         NORMAL    RECORD    YEAR
 MAXIMUM TEMPERATURE (F)   75        92      1973
 MINIMUM TEMPERATURE (F)   51        40      1987


SUNRISE AND SUNSET
SEPTEMBER  4 2015.....SUNRISE   621 AM EDT   SUNSET   725 PM EDT
SEPTEMBER  5 2015.....SUNRISE   623 AM EDT   SUNSET   723 PM EDT


-  INDICATES NEGATIVE NUMBERS.
R  INDICATES RECORD WAS SET OR TIED.
MM INDICATES DATA IS MISSING.
T  INDICATES TRACE AMOUNT.




$$
