000
CDUS41 KALY 280622
CLIGFL


CLIMATE REPORT
NATIONAL WEATHER SERVICE ALBANY NY
222 AM EDT FRI JUL 28 2017


...................................

...THE GLENS FALLS NY CLIMATE SUMMARY FOR JULY 27 2017...

CLIMATE NORMAL PERIOD 1981 TO 2010
CLIMATE RECORD PERIOD 1949 TO 2017


WEATHER ITEM   OBSERVED TIME   RECORD YEAR NORMAL DEPARTURE LAST
                VALUE   (LST)  VALUE       VALUE  FROM      YEAR
                                                  NORMAL
..................................................................
TEMPERATURE (F)
 YESTERDAY
  MAXIMUM         73    521 PM  96    1949  81     -8       89
  MINIMUM         61   1159 PM  43    2001  57      4       58
  AVERAGE         67                        69     -2       74

PRECIPITATION (IN)
  YESTERDAY        0.09          1.87 1978   0.13  -0.04     0.00
  MONTH TO DATE    5.54                      3.54   2.00     3.71
  SINCE JUN 1      9.28                      7.09   2.19     6.82
  SINCE JAN 1     25.62                     21.58   4.04    18.44

DEGREE DAYS
 HEATING
  YESTERDAY        0                         1     -1        0
  MONTH TO DATE   10                        27    -17        0
  SINCE JUN 1    103                       117    -14       44
  SINCE JUL 1     10                        27    -17        0

 COOLING
  YESTERDAY        2                         5     -3        9
  MONTH TO DATE  117                       127    -10      187
  SINCE JUN 1    205                       196      9      290
  SINCE JAN 1    226                       208     18      346
..................................................................


WIND (MPH)
  HIGHEST WIND SPEED    15   HIGHEST WIND DIRECTION     S (190)
  HIGHEST GUST SPEED    19   HIGHEST GUST DIRECTION     S (180)
  AVERAGE WIND SPEED     6.7


SKY COVER
  AVERAGE SKY COVER 0.7



RELATIVE HUMIDITY (PERCENT)
 HIGHEST   100          1000 PM
 LOWEST     79           500 PM
 AVERAGE    90

..........................................................


THE GLENS FALLS NY CLIMATE NORMALS FOR TODAY
                         NORMAL    RECORD    YEAR
 MAXIMUM TEMPERATURE (F)   81        96      1949
 MINIMUM TEMPERATURE (F)   57        43      2001


SUNRISE AND SUNSET
JULY 28 2017..........SUNRISE   540 AM EDT   SUNSET   821 PM EDT
JULY 29 2017..........SUNRISE   541 AM EDT   SUNSET   820 PM EDT


-  INDICATES NEGATIVE NUMBERS.
R  INDICATES RECORD WAS SET OR TIED.
MM INDICATES DATA IS MISSING.
T  INDICATES TRACE AMOUNT.




$$
