000
CDUS41 KALY 310624
CLIGFL


CLIMATE REPORT
NATIONAL WEATHER SERVICE ALBANY NY
123 AM EST SAT JAN 31 2015


...................................

...THE GLENS FALLS NY CLIMATE SUMMARY FOR JANUARY 30 2015...

CLIMATE NORMAL PERIOD 1981 TO 2010
CLIMATE RECORD PERIOD 1949 TO 2015


WEATHER ITEM   OBSERVED TIME   RECORD YEAR NORMAL DEPARTURE LAST
                VALUE   (LST)  VALUE       VALUE  FROM      YEAR
                                                  NORMAL
..................................................................
TEMPERATURE (F)
 YESTERDAY
  MAXIMUM         30   1116 AM  53    2013  29      1       24
  MINIMUM          8   1159 PM -15    1973   7      1       -3
  AVERAGE         19                        18      1       11

PRECIPITATION (IN)
  YESTERDAY        0.05          0.56 1969   0.08  -0.03     0.00
  MONTH TO DATE    1.49                      2.77  -1.28     1.93
  SINCE DEC 1      5.57                      5.82  -0.25     4.32
  SINCE JAN 1      1.49                      2.77  -1.28     1.93

DEGREE DAYS
 HEATING
  YESTERDAY       46                        47     -1       54
  MONTH TO DATE 1478                      1413     65     1470
  SINCE DEC 1   2549                      2653   -104     2730
  SINCE JUL 1   4010                      4351   -341     4409

 COOLING
  YESTERDAY        0                         0      0        0
  MONTH TO DATE    0                         0      0        0
  SINCE DEC 1      0                         0      0        0
  SINCE JAN 1      0                         0      0        0
..................................................................


WIND (MPH)
  HIGHEST WIND SPEED    21   HIGHEST WIND DIRECTION    NW (310)
  HIGHEST GUST SPEED    28   HIGHEST GUST DIRECTION    NW (300)
  AVERAGE WIND SPEED     9.2


SKY COVER
  AVERAGE SKY COVER 0.9



RELATIVE HUMIDITY (PERCENT)
 HIGHEST    92           300 AM
 LOWEST     52          1000 PM
 AVERAGE    72

..........................................................


THE GLENS FALLS NY CLIMATE NORMALS FOR TODAY
                         NORMAL    RECORD    YEAR
 MAXIMUM TEMPERATURE (F)   30        53      2013
 MINIMUM TEMPERATURE (F)    7       -17      1999


SUNRISE AND SUNSET
JANUARY 31 2015.......SUNRISE   712 AM EST   SUNSET   505 PM EST
FEBRUARY  1 2015......SUNRISE   711 AM EST   SUNSET   506 PM EST


-  INDICATES NEGATIVE NUMBERS.
R  INDICATES RECORD WAS SET OR TIED.
MM INDICATES DATA IS MISSING.
T  INDICATES TRACE AMOUNT.




$$
