262
CDUS41 KALY 250624
CLIGFL


CLIMATE REPORT
NATIONAL WEATHER SERVICE ALBANY NY
224 AM EDT SAT MAR 25 2017


...................................

...THE GLENS FALLS NY CLIMATE SUMMARY FOR MARCH 24 2017...

CLIMATE NORMAL PERIOD 1981 TO 2010
CLIMATE RECORD PERIOD 1949 TO 2017


WEATHER ITEM   OBSERVED TIME   RECORD YEAR NORMAL DEPARTURE LAST
                VALUE   (LST)  VALUE       VALUE  FROM      YEAR
                                                  NORMAL
..................................................................
TEMPERATURE (F)
 YESTERDAY
  MAXIMUM         34    857 PM  65    1979  46    -12       51
  MINIMUM         26   1253 AM   4    1997  24      2       31
  AVERAGE         30                        35     -5       41

PRECIPITATION (IN)
  YESTERDAY        0.07          1.12 1993   0.09  -0.02     0.03
  MONTH TO DATE    0.73                      2.28  -1.55     1.46
  SINCE MAR 1      0.73                      2.28  -1.55     1.46
  SINCE JAN 1      5.42                      7.22  -1.80     6.25

DEGREE DAYS
 HEATING
  YESTERDAY       35                        30      5       24
  MONTH TO DATE  857                       844     13      668
  SINCE MAR 1    857                       844     13      668
  SINCE JUL 1   5379                      6464  -1085     4848

 COOLING
  YESTERDAY        0                         0      0        0
  MONTH TO DATE    0                         0      0        0
  SINCE MAR 1      0                         0      0        0
  SINCE JAN 1      0                         0      0        0
..................................................................


WIND (MPH)
  HIGHEST WIND SPEED    12   HIGHEST WIND DIRECTION     S (200)
  HIGHEST GUST SPEED    18   HIGHEST GUST DIRECTION    SW (210)
  AVERAGE WIND SPEED     2.8


SKY COVER
  AVERAGE SKY COVER 1.0



RELATIVE HUMIDITY (PERCENT)
 HIGHEST    89           500 PM
 LOWEST     45           900 AM
 AVERAGE    67

..........................................................


THE GLENS FALLS NY CLIMATE NORMALS FOR TODAY
                         NORMAL    RECORD    YEAR
 MAXIMUM TEMPERATURE (F)   46        67      1987
 MINIMUM TEMPERATURE (F)   24         2      2014


SUNRISE AND SUNSET
MARCH 25 2017.........SUNRISE   648 AM EDT   SUNSET   713 PM EDT
MARCH 26 2017.........SUNRISE   647 AM EDT   SUNSET   714 PM EDT


-  INDICATES NEGATIVE NUMBERS.
R  INDICATES RECORD WAS SET OR TIED.
MM INDICATES DATA IS MISSING.
T  INDICATES TRACE AMOUNT.




$$
