000
CDUS41 KALY 180623
CLIGFL


CLIMATE REPORT
NATIONAL WEATHER SERVICE ALBANY NY
123 AM EST SUN FEB 18 2018


...................................

...THE GLENS FALLS NY CLIMATE SUMMARY FOR FEBRUARY 17 2018...

CLIMATE NORMAL PERIOD 1981 TO 2010
CLIMATE RECORD PERIOD 1949 TO 2018


WEATHER ITEM   OBSERVED TIME   RECORD YEAR NORMAL DEPARTURE LAST
                VALUE   (LST)  VALUE       VALUE  FROM      YEAR
                                                  NORMAL
..................................................................
TEMPERATURE (F)
 YESTERDAY
  MAXIMUM         33    815 PM  55    1981  33      0       35
  MINIMUM          5    646 AM -21    1973  10     -5        2
  AVERAGE         19                        22     -3       19

PRECIPITATION (IN)
  YESTERDAY        0.01          1.14 1954   0.07  -0.06     0.00
  MONTH TO DATE    1.53                      1.25   0.28     1.85
  SINCE DEC 1      6.12                      7.16  -1.04     6.90
  SINCE JAN 1      3.80                      4.11  -0.31     4.03

DEGREE DAYS
 HEATING
  YESTERDAY       46                        43      3       46
  MONTH TO DATE  741                       767    -26      680
  SINCE DEC 1   3559                      3465     94     2933
  SINCE JUL 1   4970                      5163   -193     4249

 COOLING
  YESTERDAY        0                         0      0        0
  MONTH TO DATE    0                         0      0        0
  SINCE DEC 1      0                         0      0        0
  SINCE JAN 1      0                         0      0        0
..................................................................


WIND (MPH)
  HIGHEST WIND SPEED    21   HIGHEST WIND DIRECTION     S (190)
  HIGHEST GUST SPEED    29   HIGHEST GUST DIRECTION     S (190)
  AVERAGE WIND SPEED     5.1


SKY COVER
  AVERAGE SKY COVER 0.3



RELATIVE HUMIDITY (PERCENT)
 HIGHEST   100          1100 PM
 LOWEST     49           300 PM
 AVERAGE    75

..........................................................


THE GLENS FALLS NY CLIMATE NORMALS FOR TODAY
                         NORMAL    RECORD    YEAR
 MAXIMUM TEMPERATURE (F)   34        60      2011
 MINIMUM TEMPERATURE (F)   10       -29      1973


SUNRISE AND SUNSET
FEBRUARY 18 2018......SUNRISE   648 AM EST   SUNSET   529 PM EST
FEBRUARY 19 2018......SUNRISE   647 AM EST   SUNSET   530 PM EST


-  INDICATES NEGATIVE NUMBERS.
R  INDICATES RECORD WAS SET OR TIED.
MM INDICATES DATA IS MISSING.
T  INDICATES TRACE AMOUNT.




$$
