000
CDUS41 KALY 020624
CLIGFL


CLIMATE REPORT
NATIONAL WEATHER SERVICE ALBANY NY
124 AM EST FRI DEC 2 2016


...................................

...THE GLENS FALLS NY CLIMATE SUMMARY FOR DECEMBER 1 2016...

CLIMATE NORMAL PERIOD 1981 TO 2010
CLIMATE RECORD PERIOD 1949 TO 2016


WEATHER ITEM   OBSERVED TIME   RECORD YEAR NORMAL DEPARTURE LAST
                VALUE   (LST)  VALUE       VALUE  FROM      YEAR
                                                  NORMAL
..................................................................
TEMPERATURE (F)
 YESTERDAY
  MAXIMUM         50   1003 AM  61    2006  40     10       36
  MINIMUM         42   1027 PM   3    1989  22     20       20
  AVERAGE         46                        31     15       28

PRECIPITATION (IN)
  YESTERDAY        0.42          1.75 2006   0.11   0.31     0.36
  MONTH TO DATE    0.42                      0.11   0.31     0.36
  SINCE DEC 1      0.42                      0.11   0.31     0.36
  SINCE JAN 1     28.72                     36.12  -7.40    27.33

DEGREE DAYS
 HEATING
  YESTERDAY       19                        34    -15       37
  MONTH TO DATE   19                        34    -15       37
  SINCE DEC 1     19                        34    -15       37
  SINCE JUL 1   1335                      1732   -397     1328

 COOLING
  YESTERDAY        0                         0      0        0
  MONTH TO DATE    0                         0      0        0
  SINCE DEC 1      0                         0      0        0
  SINCE JAN 1    643                       352    291      596
..................................................................


WIND (MPH)
  HIGHEST WIND SPEED    20   HIGHEST WIND DIRECTION     W (270)
  HIGHEST GUST SPEED    30   HIGHEST GUST DIRECTION     W (270)
  AVERAGE WIND SPEED     7.1


SKY COVER
  AVERAGE SKY COVER 1.0



RELATIVE HUMIDITY (PERCENT)
 HIGHEST    93           100 AM
 LOWEST     53           400 PM
 AVERAGE    73

..........................................................


THE GLENS FALLS NY CLIMATE NORMALS FOR TODAY
                         NORMAL    RECORD    YEAR
 MAXIMUM TEMPERATURE (F)   39        62      1998
 MINIMUM TEMPERATURE (F)   22         2      1989


SUNRISE AND SUNSET
DECEMBER  2 2016......SUNRISE   709 AM EST   SUNSET   419 PM EST
DECEMBER  3 2016......SUNRISE   710 AM EST   SUNSET   419 PM EST


-  INDICATES NEGATIVE NUMBERS.
R  INDICATES RECORD WAS SET OR TIED.
MM INDICATES DATA IS MISSING.
T  INDICATES TRACE AMOUNT.




$$
