000
CDUS41 KALY 282050
CLIGFL


CLIMATE REPORT
NATIONAL WEATHER SERVICE ALBANY NY
448 PM EDT TUE JUL 28 2015


...................................

...THE GLENS FALLS NY CLIMATE SUMMARY FOR JULY 28 2015...
VALID TODAY AS OF 0400 PM LOCAL TIME.

CLIMATE NORMAL PERIOD 1981 TO 2010
CLIMATE RECORD PERIOD 1949 TO 2015


WEATHER ITEM   OBSERVED TIME   RECORD YEAR NORMAL DEPARTURE LAST
                VALUE   (LST)  VALUE       VALUE  FROM      YEAR
                                                  NORMAL
..................................................................
TEMPERATURE (F)
 TODAY
  MAXIMUM         89    339 PM  96    1949  81      8       73
  MINIMUM         64    456 AM  43    2001  57      7       62
  AVERAGE         77                        69      8       68

PRECIPITATION (IN)
  TODAY            0.00          1.43 1963   0.14  -0.14     1.19
  MONTH TO DATE    1.35                      3.68  -2.33     5.65
  SINCE JUN 1      7.57                      7.23   0.34    10.05
  SINCE JAN 1     14.88                     21.72  -6.84    23.16

DEGREE DAYS
 HEATING
  TODAY            0                         1     -1        0
  MONTH TO DATE   11                        28    -17        1
  SINCE JUN 1     90                       118    -28       33
  SINCE JUL 1     11                        28    -17        1

 COOLING
  TODAY           12                         5      7        3
  MONTH TO DATE  148                       132     16      156
  SINCE JUN 1    214                       201     13      230
  SINCE JAN 1    290                       213     77      250
..................................................................


WIND (MPH)
  HIGHEST WIND SPEED     9   HIGHEST WIND DIRECTION    SE (140)
  HIGHEST GUST SPEED    12   HIGHEST GUST DIRECTION     E (100)
  AVERAGE WIND SPEED     2.7


SKY COVER
  AVERAGE SKY COVER 0.2



RELATIVE HUMIDITY (PERCENT)
 HIGHEST    93          1200 AM
 LOWEST     46           200 PM
 AVERAGE    70

..........................................................


THE GLENS FALLS NY CLIMATE NORMALS FOR TOMORROW
                         NORMAL    RECORD    YEAR
 MAXIMUM TEMPERATURE (F)   81        96      1959
 MINIMUM TEMPERATURE (F)   57        45      1987


SUNRISE AND SUNSET
JULY 28 2015..........SUNRISE   540 AM EDT   SUNSET   821 PM EDT
JULY 29 2015..........SUNRISE   541 AM EDT   SUNSET   820 PM EDT


-  INDICATES NEGATIVE NUMBERS.
R  INDICATES RECORD WAS SET OR TIED.
MM INDICATES DATA IS MISSING.
T  INDICATES TRACE AMOUNT.




$$
