410
CDUS41 KALY 100624
CLIGFL


CLIMATE REPORT
NATIONAL WEATHER SERVICE ALBANY NY
123 AM EST SUN DEC 10 2017


...................................

...THE GLENS FALLS NY CLIMATE SUMMARY FOR DECEMBER 9 2017...

CLIMATE NORMAL PERIOD 1981 TO 2010
CLIMATE RECORD PERIOD 1949 TO 2017


WEATHER ITEM   OBSERVED TIME   RECORD YEAR NORMAL DEPARTURE LAST
                VALUE   (LST)  VALUE       VALUE  FROM      YEAR
                                                  NORMAL
..................................................................
TEMPERATURE (F)
 YESTERDAY
  MAXIMUM         32    334 PM  56    1966  36     -4       33
  MINIMUM         22    716 AM  -5    1989  19      3       22
  AVERAGE         27                        28     -1       28

PRECIPITATION (IN)
  YESTERDAY        T             1.01 1973   0.12  -0.12      T
  MONTH TO DATE    0.75                      1.00  -0.25     0.50
  SINCE DEC 1      0.75                      1.00  -0.25     0.50
  SINCE JAN 1     34.27                     37.01  -2.74    28.80

DEGREE DAYS
 HEATING
  YESTERDAY       38                        37      1       37
  MONTH TO DATE  275                       320    -45      267
  SINCE DEC 1    275                       320    -45      267
  SINCE JUL 1   1686                      2018   -332     1583

 COOLING
  YESTERDAY        0                         0      0        0
  MONTH TO DATE    0                         0      0        0
  SINCE DEC 1      0                         0      0        0
  SINCE JAN 1    388                       352     36      643
..................................................................


WIND (MPH)
  HIGHEST WIND SPEED     8   HIGHEST WIND DIRECTION    SE (120)
  HIGHEST GUST SPEED    10   HIGHEST GUST DIRECTION     E (110)
  AVERAGE WIND SPEED     1.1


SKY COVER
  AVERAGE SKY COVER 0.6



RELATIVE HUMIDITY (PERCENT)
 HIGHEST   100           700 PM
 LOWEST     53           200 PM
 AVERAGE    77

..........................................................


THE GLENS FALLS NY CLIMATE NORMALS FOR TODAY
                         NORMAL    RECORD    YEAR
 MAXIMUM TEMPERATURE (F)   36        61      1966
 MINIMUM TEMPERATURE (F)   19       -15      1977


SUNRISE AND SUNSET
DECEMBER 10 2017......SUNRISE   716 AM EST   SUNSET   419 PM EST
DECEMBER 11 2017......SUNRISE   717 AM EST   SUNSET   419 PM EST


-  INDICATES NEGATIVE NUMBERS.
R  INDICATES RECORD WAS SET OR TIED.
MM INDICATES DATA IS MISSING.
T  INDICATES TRACE AMOUNT.




$$
