000
CDUS41 KALY 230629
CLIGFL


CLIMATE REPORT
NATIONAL WEATHER SERVICE ALBANY NY
127 AM EST TUE DEC 23 2014


...................................

...THE GLENS FALLS NY CLIMATE SUMMARY FOR DECEMBER 22 2014...

CLIMATE NORMAL PERIOD 1981 TO 2010
CLIMATE RECORD PERIOD 1949 TO 2014


WEATHER ITEM   OBSERVED TIME   RECORD YEAR NORMAL DEPARTURE LAST
                VALUE   (LST)  VALUE       VALUE  FROM      YEAR
                                                  NORMAL
..................................................................
TEMPERATURE (F)
 YESTERDAY
  MAXIMUM         35   1108 PM  57    1949  32      3       33
  MINIMUM         27    829 AM -19    1989  13     14       27
  AVERAGE         31                        22      9       30

PRECIPITATION (IN)
  YESTERDAY        0.00          1.06 1983   0.09  -0.09     0.09
  MONTH TO DATE    2.67                      2.25   0.42     1.88
  SINCE DEC 1      2.67                      2.25   0.42     1.88
  SINCE JAN 1     35.02                     38.26  -3.24    34.72

DEGREE DAYS
 HEATING
  YESTERDAY       34                        42     -8       35
  MONTH TO DATE  780                       842    -62      873
  SINCE DEC 1    780                       842    -62      873
  SINCE JUL 1   2241                      2540   -299     2552

 COOLING
  YESTERDAY        0                         0      0        0
  MONTH TO DATE    0                         0      0        0
  SINCE DEC 1      0                         0      0        0
  SINCE JAN 1    392                       352     40      537
..................................................................


WIND (MPH)
  HIGHEST WIND SPEED     8   HIGHEST WIND DIRECTION    NE (60)
  HIGHEST GUST SPEED     9   HIGHEST GUST DIRECTION    NE (60)
  AVERAGE WIND SPEED     1.6


SKY COVER
  AVERAGE SKY COVER 1.0



RELATIVE HUMIDITY (PERCENT)
 HIGHEST    85           900 AM
 LOWEST     75           100 PM
 AVERAGE    80

..........................................................


THE GLENS FALLS NY CLIMATE NORMALS FOR TODAY
                         NORMAL    RECORD    YEAR
 MAXIMUM TEMPERATURE (F)   31        61      1990
 MINIMUM TEMPERATURE (F)   13       -23      1989


SUNRISE AND SUNSET
DECEMBER 23 2014......SUNRISE   725 AM EST   SUNSET   423 PM EST
DECEMBER 24 2014......SUNRISE   725 AM EST   SUNSET   423 PM EST


-  INDICATES NEGATIVE NUMBERS.
R  INDICATES RECORD WAS SET OR TIED.
MM INDICATES DATA IS MISSING.
T  INDICATES TRACE AMOUNT.




$$
