000
CDUS41 KALY 240622
CLIGFL


CLIMATE REPORT
NATIONAL WEATHER SERVICE ALBANY NY
121 AM EST SAT JAN 24 2015


...................................

...THE GLENS FALLS NY CLIMATE SUMMARY FOR JANUARY 23 2015...

CLIMATE NORMAL PERIOD 1981 TO 2010
CLIMATE RECORD PERIOD 1949 TO 2015


WEATHER ITEM   OBSERVED TIME   RECORD YEAR NORMAL DEPARTURE LAST
                VALUE   (LST)  VALUE       VALUE  FROM      YEAR
                                                  NORMAL
..................................................................
TEMPERATURE (F)
 YESTERDAY
  MAXIMUM         30    404 PM  52    1957  29      1       13
  MINIMUM          4    439 AM -32    1976   7     -3      -10
  AVERAGE         17                        18     -1        2

PRECIPITATION (IN)
  YESTERDAY        0.00          1.66 1983   0.10  -0.10     0.00
  MONTH TO DATE    1.39                      2.14  -0.75     1.91
  SINCE DEC 1      5.47                      5.19   0.28     4.30
  SINCE JAN 1      1.39                      2.14  -0.75     1.91

DEGREE DAYS
 HEATING
  YESTERDAY       48                        48      0       63
  MONTH TO DATE 1127                      1084     43     1082
  SINCE DEC 1   2198                      2324   -126     2342
  SINCE JUL 1   3659                      4022   -363     4021

 COOLING
  YESTERDAY        0                         0      0        0
  MONTH TO DATE    0                         0      0        0
  SINCE DEC 1      0                         0      0        0
  SINCE JAN 1      0                         0      0        0
..................................................................


WIND (MPH)
  HIGHEST WIND SPEED    17   HIGHEST WIND DIRECTION     S (200)
  HIGHEST GUST SPEED    22   HIGHEST GUST DIRECTION     S (190)
  AVERAGE WIND SPEED     4.8


SKY COVER
  AVERAGE SKY COVER 0.4



RELATIVE HUMIDITY (PERCENT)
 HIGHEST    87           400 AM
 LOWEST     53           300 PM
 AVERAGE    70

..........................................................


THE GLENS FALLS NY CLIMATE NORMALS FOR TODAY
                         NORMAL    RECORD    YEAR
 MAXIMUM TEMPERATURE (F)   29        51      1999
 MINIMUM TEMPERATURE (F)    7       -30      2011


SUNRISE AND SUNSET
JANUARY 24 2015.......SUNRISE   718 AM EST   SUNSET   455 PM EST
JANUARY 25 2015.......SUNRISE   717 AM EST   SUNSET   457 PM EST


-  INDICATES NEGATIVE NUMBERS.
R  INDICATES RECORD WAS SET OR TIED.
MM INDICATES DATA IS MISSING.
T  INDICATES TRACE AMOUNT.




$$
