000
CDUS41 KALY 150626
CLIGFL


CLIMATE REPORT
NATIONAL WEATHER SERVICE ALBANY NY
225 AM EDT TUE APR 15 2014


...................................

...THE GLENS FALLS NY CLIMATE SUMMARY FOR APRIL 14 2014...

CLIMATE NORMAL PERIOD 1981 TO 2010
CLIMATE RECORD PERIOD 1949 TO 2014


WEATHER ITEM   OBSERVED TIME   RECORD YEAR NORMAL DEPARTURE LAST
                VALUE   (LST)  VALUE       VALUE  FROM      YEAR
                                                  NORMAL
..................................................................
TEMPERATURE (F)
 YESTERDAY
  MAXIMUM         78    304 PM  84    1968  56     22       48
  MINIMUM         46    549 AM  17    1992  32     14       27
  AVERAGE         62                        44     18       38

PRECIPITATION (IN)
  YESTERDAY        0.00          0.81 1952   0.10  -0.10     0.00
  MONTH TO DATE    1.01                      1.37  -0.36     1.42
  SINCE MAR 1      3.73                      4.31  -0.58     4.53
  SINCE JAN 1      8.26                      9.25  -0.99     6.83

DEGREE DAYS
 HEATING
  YESTERDAY        3                        21    -18       27
  MONTH TO DATE  286                       332    -46      344
  SINCE MAR 1   1596                      1375    221     1330
  SINCE JUL 1   7365                      6995    370     6431

 COOLING
  YESTERDAY        0                         0      0        0
  MONTH TO DATE    0                         0      0        0
  SINCE MAR 1      0                         0      0        0
  SINCE JAN 1      0                         0      0        0
..................................................................


WIND (MPH)
  HIGHEST WIND SPEED    30   HIGHEST WIND DIRECTION     S (180)
  HIGHEST GUST SPEED    40   HIGHEST GUST DIRECTION     S (180)
  AVERAGE WIND SPEED    14.4


SKY COVER
  AVERAGE SKY COVER 0.1



RELATIVE HUMIDITY (PERCENT)
 HIGHEST    93           500 AM
 LOWEST     40           400 PM
 AVERAGE    67

..........................................................


THE GLENS FALLS NY CLIMATE NORMALS FOR TODAY
                         NORMAL    RECORD    YEAR
 MAXIMUM TEMPERATURE (F)   57        84      2003
 MINIMUM TEMPERATURE (F)   33        20      1982


SUNRISE AND SUNSET
APRIL 15 2014.........SUNRISE   612 AM EDT   SUNSET   737 PM EDT
APRIL 16 2014.........SUNRISE   611 AM EDT   SUNSET   739 PM EDT


-  INDICATES NEGATIVE NUMBERS.
R  INDICATES RECORD WAS SET OR TIED.
MM INDICATES DATA IS MISSING.
T  INDICATES TRACE AMOUNT.




$$
