000
CDUS41 KALY 250629
CLIGFL


CLIMATE REPORT
NATIONAL WEATHER SERVICE ALBANY NY
225 AM EDT TUE AUG 25 2015


...................................

...THE GLENS FALLS NY CLIMATE SUMMARY FOR AUGUST 24 2015...

CLIMATE NORMAL PERIOD 1981 TO 2010
CLIMATE RECORD PERIOD 1949 TO 2015


WEATHER ITEM   OBSERVED TIME   RECORD YEAR NORMAL DEPARTURE LAST
                VALUE   (LST)  VALUE       VALUE  FROM      YEAR
                                                  NORMAL
..................................................................
TEMPERATURE (F)
 YESTERDAY
  MAXIMUM         83    300 PM  89    1969  78      5       81
  MINIMUM         65        MM  38    1971  54     11       53
  AVERAGE         74                        66      8       67

PRECIPITATION (IN)
  YESTERDAY        0.00          1.08 1993   0.11  -0.11     0.00
  MONTH TO DATE    1.77                      2.97  -1.20     2.20
  SINCE JUN 1     10.21                     10.61  -0.40    12.30
  SINCE JAN 1     17.52                     25.10  -7.58    25.41

DEGREE DAYS
 HEATING
  YESTERDAY        0                         2     -2        0
  MONTH TO DATE    1                        28    -27       13
  SINCE JUN 1     91                       139    -48       46
  SINCE JUL 1     12                        49    -37       14

 COOLING
  YESTERDAY        9                         3      6        2
  MONTH TO DATE  154                        88     66       59
  SINCE JUN 1    397                       296    101      292
  SINCE JAN 1    473                       308    165      312
..................................................................


WIND (MPH)
  HIGHEST WIND SPEED    14   HIGHEST WIND DIRECTION    SE (150)
  HIGHEST GUST SPEED    18   HIGHEST GUST DIRECTION    SE (150)
  AVERAGE WIND SPEED     4.7


SKY COVER
  AVERAGE SKY COVER 0.4



RELATIVE HUMIDITY (PERCENT)
 HIGHEST    93          1200 AM
 LOWEST     47           200 PM
 AVERAGE    70

..........................................................


THE GLENS FALLS NY CLIMATE NORMALS FOR TODAY
                         NORMAL    RECORD    YEAR
 MAXIMUM TEMPERATURE (F)   78        91      2007
 MINIMUM TEMPERATURE (F)   54        39      1971


SUNRISE AND SUNSET
AUGUST 25 2015........SUNRISE   610 AM EDT   SUNSET   742 PM EDT
AUGUST 26 2015........SUNRISE   611 AM EDT   SUNSET   740 PM EDT


-  INDICATES NEGATIVE NUMBERS.
R  INDICATES RECORD WAS SET OR TIED.
MM INDICATES DATA IS MISSING.
T  INDICATES TRACE AMOUNT.




$$
