921
CDUS41 KALY 260622
CLIGFL


CLIMATE REPORT
NATIONAL WEATHER SERVICE ALBANY NY
222 AM EDT TUE JUL 26 2016


...................................

...THE GLENS FALLS NY CLIMATE SUMMARY FOR JULY 25 2016...

CLIMATE NORMAL PERIOD 1981 TO 2010
CLIMATE RECORD PERIOD 1949 TO 2016


WEATHER ITEM   OBSERVED TIME   RECORD YEAR NORMAL DEPARTURE LAST
                VALUE   (LST)  VALUE       VALUE  FROM      YEAR
                                                  NORMAL
..................................................................
TEMPERATURE (F)
 YESTERDAY
  MAXIMUM         86    309 PM  94    1963  81      5       81
  MINIMUM         63    358 AM  46    2002  57      6       55
  AVERAGE         75                        69      6       68

PRECIPITATION (IN)
  YESTERDAY        T             0.95 1999   0.14  -0.14      T
  MONTH TO DATE    3.71                      3.27   0.44     1.31
  SINCE JUN 1      6.82                      6.82   0.00     7.53
  SINCE JAN 1     18.44                     21.31  -2.87    14.84

DEGREE DAYS
 HEATING
  YESTERDAY        0                         1     -1        0
  MONTH TO DATE    0                        25    -25       11
  SINCE JUN 1     44                       115    -71       90
  SINCE JUL 1      0                        25    -25       11

 COOLING
  YESTERDAY       10                         5      5        3
  MONTH TO DATE  168                       117     51      117
  SINCE JUN 1    271                       186     85      183
  SINCE JAN 1    327                       198    129      259
..................................................................


WIND (MPH)
  HIGHEST WIND SPEED    10   HIGHEST WIND DIRECTION    SW (220)
  HIGHEST GUST SPEED    13   HIGHEST GUST DIRECTION     S (200)
  AVERAGE WIND SPEED     3.5


SKY COVER
  AVERAGE SKY COVER 0.1



RELATIVE HUMIDITY (PERCENT)
 HIGHEST    93          1200 AM
 LOWEST     62          1100 AM
 AVERAGE    78

..........................................................


THE GLENS FALLS NY CLIMATE NORMALS FOR TODAY
                         NORMAL    RECORD    YEAR
 MAXIMUM TEMPERATURE (F)   81        93      1963
 MINIMUM TEMPERATURE (F)   57        44      1976


SUNRISE AND SUNSET
JULY 26 2016..........SUNRISE   539 AM EDT   SUNSET   823 PM EDT
JULY 27 2016..........SUNRISE   540 AM EDT   SUNSET   822 PM EDT


-  INDICATES NEGATIVE NUMBERS.
R  INDICATES RECORD WAS SET OR TIED.
MM INDICATES DATA IS MISSING.
T  INDICATES TRACE AMOUNT.




$$
