000
CDUS41 KALY 290631
CLIGFL


CLIMATE REPORT
NATIONAL WEATHER SERVICE ALBANY NY
230 AM EDT TUE JUL 29 2014


...................................

...THE GLENS FALLS NY CLIMATE SUMMARY FOR JULY 28 2014...

CLIMATE NORMAL PERIOD 1981 TO 2010
CLIMATE RECORD PERIOD 1949 TO 2014


WEATHER ITEM   OBSERVED TIME   RECORD YEAR NORMAL DEPARTURE LAST
                VALUE   (LST)  VALUE       VALUE  FROM      YEAR
                                                  NORMAL
..................................................................
TEMPERATURE (F)
 YESTERDAY
  MAXIMUM         73    143 PM  96    1949  81     -8       75
  MINIMUM         62   1159 PM  43    2001  57      5       62
  AVERAGE         68                        69     -1       69

PRECIPITATION (IN)
  YESTERDAY        1.19          1.43 1963   0.14   1.05     0.03
  MONTH TO DATE    5.65                      3.68   1.97     4.73
  SINCE JUN 1     10.05                      7.23   2.82    10.42
  SINCE JAN 1     23.16                     21.72   1.44    22.35

DEGREE DAYS
 HEATING
  YESTERDAY        0                         1     -1        0
  MONTH TO DATE    1                        28    -27        5
  SINCE JUN 1     33                       118    -85       94
  SINCE JUL 1      1                        28    -27        5

 COOLING
  YESTERDAY        3                         5     -2        4
  MONTH TO DATE  156                       132     24      255
  SINCE JUN 1    230                       201     29      355
  SINCE JAN 1    250                       213     37      388
..................................................................


WIND (MPH)
  HIGHEST WIND SPEED    24   HIGHEST WIND DIRECTION    SW (210)
  HIGHEST GUST SPEED    36   HIGHEST GUST DIRECTION     S (200)
  AVERAGE WIND SPEED     6.4


SKY COVER
  AVERAGE SKY COVER 0.7



RELATIVE HUMIDITY (PERCENT)
 HIGHEST    93          1200 AM
 LOWEST     78          1100 AM
 AVERAGE    86

..........................................................


THE GLENS FALLS NY CLIMATE NORMALS FOR TODAY
                         NORMAL    RECORD    YEAR
 MAXIMUM TEMPERATURE (F)   81        96      1959
 MINIMUM TEMPERATURE (F)   57        45      1987


SUNRISE AND SUNSET
JULY 29 2014..........SUNRISE   541 AM EDT   SUNSET   820 PM EDT
JULY 30 2014..........SUNRISE   542 AM EDT   SUNSET   819 PM EDT


-  INDICATES NEGATIVE NUMBERS.
R  INDICATES RECORD WAS SET OR TIED.
MM INDICATES DATA IS MISSING.
T  INDICATES TRACE AMOUNT.




$$
