000
CDUS41 KALY 222055
CLIGFL


CLIMATE REPORT
NATIONAL WEATHER SERVICE ALBANY NY
455 PM EDT MON AUG 22 2016


...................................

...THE GLENS FALLS NY CLIMATE SUMMARY FOR AUGUST 22 2016...
VALID TODAY AS OF 0400 PM LOCAL TIME.

CLIMATE NORMAL PERIOD 1981 TO 2010
CLIMATE RECORD PERIOD 1949 TO 2016


WEATHER ITEM   OBSERVED TIME   RECORD YEAR NORMAL DEPARTURE LAST
                VALUE   (LST)  VALUE       VALUE  FROM      YEAR
                                                  NORMAL
..................................................................
TEMPERATURE (F)
 TODAY
  MAXIMUM         72    259 PM  93    1976  78     -6       81
  MINIMUM         59    544 AM  36    1982  54      5       60
  AVERAGE         66                        66      0       71

PRECIPITATION (IN)
  TODAY            0.00          2.13 2010   0.10  -0.10     0.00
  MONTH TO DATE    2.07                      2.75  -0.68     1.77
  SINCE JUN 1      8.91                     10.39  -1.48    10.21
  SINCE JAN 1     20.53                     24.88  -4.35    17.52

DEGREE DAYS
 HEATING
  TODAY            0                         2     -2        0
  MONTH TO DATE    0                        24    -24        1
  SINCE JUN 1     44                       135    -91       91
  SINCE JUL 1      0                        45    -45       12

 COOLING
  TODAY            1                         3     -2        6
  MONTH TO DATE  171                        82     89      141
  SINCE JUN 1    489                       290    199      384
  SINCE JAN 1    545                       302    243      460
..................................................................


WIND (MPH)
  HIGHEST WIND SPEED    21   HIGHEST WIND DIRECTION    NW (320)
  HIGHEST GUST SPEED    27   HIGHEST GUST DIRECTION    NW (300)
  AVERAGE WIND SPEED     9.8


SKY COVER
  AVERAGE SKY COVER 0.3



RELATIVE HUMIDITY (PERCENT)
 HIGHEST    93          1200 AM
 LOWEST     41           300 PM
 AVERAGE    67

..........................................................


THE GLENS FALLS NY CLIMATE NORMALS FOR TOMORROW
                         NORMAL    RECORD    YEAR
 MAXIMUM TEMPERATURE (F)   78        86      1972
 MINIMUM TEMPERATURE (F)   54        41      1988


SUNRISE AND SUNSET
AUGUST 22 2016........SUNRISE   608 AM EDT   SUNSET   746 PM EDT
AUGUST 23 2016........SUNRISE   609 AM EDT   SUNSET   744 PM EDT


-  INDICATES NEGATIVE NUMBERS.
R  INDICATES RECORD WAS SET OR TIED.
MM INDICATES DATA IS MISSING.
T  INDICATES TRACE AMOUNT.




$$
