000
CDUS41 KALY 190631
CLIGFL


CLIMATE REPORT
NATIONAL WEATHER SERVICE ALBANY NY
230 AM EDT SAT APR 19 2014


...................................

...THE GLENS FALLS NY CLIMATE SUMMARY FOR APRIL 18 2014...

CLIMATE NORMAL PERIOD 1981 TO 2010
CLIMATE RECORD PERIOD 1949 TO 2014


WEATHER ITEM   OBSERVED TIME   RECORD YEAR NORMAL DEPARTURE LAST
                VALUE   (LST)  VALUE       VALUE  FROM      YEAR
                                                  NORMAL
..................................................................
TEMPERATURE (F)
 YESTERDAY
  MAXIMUM         99R       MM  90    2002  58     41       63
  MINIMUM         99        MM  23    1990  34     65       33
  AVERAGE         99                        46     53       48

PRECIPITATION (IN)
  YESTERDAY        0.00          0.64 1997   0.10  -0.10     0.00
  MONTH TO DATE    1.93                      1.76   0.17     1.57
  SINCE MAR 1      4.65                      4.70  -0.05     4.68
  SINCE JAN 1      9.18                      9.64  -0.46     6.98

DEGREE DAYS
 HEATING
  YESTERDAY        0                        19    -19       17
  MONTH TO DATE  337                       411    -74      410
  SINCE MAR 1   1647                      1454    193     1396
  SINCE JUL 1   7416                      7074    342     6497

 COOLING
  YESTERDAY       34                         0     34        0
  MONTH TO DATE   34                         0     34        0
  SINCE MAR 1     34                         0     34        0
  SINCE JAN 1     34                         0     34        0
..................................................................


WIND (MPH)
  HIGHEST WIND SPEED    14   HIGHEST WIND DIRECTION     S (170)
  HIGHEST GUST SPEED    20   HIGHEST GUST DIRECTION     S (170)
  AVERAGE WIND SPEED     5.4


SKY COVER
  AVERAGE SKY COVER 0.0



RELATIVE HUMIDITY (PERCENT)
 HIGHEST    70          1100 PM
 LOWEST     24          1200 PM
 AVERAGE    47

..........................................................


THE GLENS FALLS NY CLIMATE NORMALS FOR TODAY
                         NORMAL    RECORD    YEAR
 MAXIMUM TEMPERATURE (F)   59        89      1976
 MINIMUM TEMPERATURE (F)   34        23      1990


SUNRISE AND SUNSET
APRIL 19 2014.........SUNRISE   606 AM EDT   SUNSET   742 PM EDT
APRIL 20 2014.........SUNRISE   604 AM EDT   SUNSET   743 PM EDT


-  INDICATES NEGATIVE NUMBERS.
R  INDICATES RECORD WAS SET OR TIED.
MM INDICATES DATA IS MISSING.
T  INDICATES TRACE AMOUNT.




$$
