000
CDUS41 KALY 210623
CLIGFL


CLIMATE REPORT
NATIONAL WEATHER SERVICE ALBANY NY
223 AM EDT WED SEP 21 2016


...................................

...THE GLENS FALLS NY CLIMATE SUMMARY FOR SEPTEMBER 20 2016...

CLIMATE NORMAL PERIOD 1981 TO 2010
CLIMATE RECORD PERIOD 1949 TO 2016


WEATHER ITEM   OBSERVED TIME   RECORD YEAR NORMAL DEPARTURE LAST
                VALUE   (LST)  VALUE       VALUE  FROM      YEAR
                                                  NORMAL
..................................................................
TEMPERATURE (F)
 YESTERDAY
  MAXIMUM         MM        MM  86    1983  69     MM       69
  MINIMUM         MM        MM  28    1993  45     MM       50
  AVERAGE         MM                        57     MM       60

PRECIPITATION (IN)
  YESTERDAY       MM             1.56 1977   0.12  MM        0.16
  MONTH TO DATE    1.04                      2.16  -1.12     1.87
  SINCE SEP 1      1.04                      2.16  -1.12     1.87
  SINCE JAN 1     21.64                     27.97  -6.33    19.39

DEGREE DAYS
 HEATING
  YESTERDAY       MM                         9     MM        5
  MONTH TO DATE   27                       112    -85        9
  SINCE SEP 1     27                       112    -85        9
  SINCE JUL 1     33                       178   -145       22

 COOLING
  YESTERDAY       MM                         0     MM        0
  MONTH TO DATE   55                        23     32       93
  SINCE SEP 1     55                        23     32       93
  SINCE JAN 1    640                       350    290      592
..................................................................


WIND (MPH)
  HIGHEST WIND SPEED    MM   HIGHEST WIND DIRECTION    MM
  HIGHEST GUST SPEED    MM   HIGHEST GUST DIRECTION    MM
  AVERAGE WIND SPEED    MM


SKY COVER
  AVERAGE SKY COVER  MM



RELATIVE HUMIDITY (PERCENT)
 HIGHEST   100
 LOWEST    100
 AVERAGE   100

..........................................................


THE GLENS FALLS NY CLIMATE NORMALS FOR TODAY
                         NORMAL    RECORD    YEAR
 MAXIMUM TEMPERATURE (F)   69        85      1965
 MINIMUM TEMPERATURE (F)   44        28      1973


SUNRISE AND SUNSET
SEPTEMBER 21 2016.....SUNRISE   641 AM EDT   SUNSET   653 PM EDT
SEPTEMBER 22 2016.....SUNRISE   642 AM EDT   SUNSET   651 PM EDT


-  INDICATES NEGATIVE NUMBERS.
R  INDICATES RECORD WAS SET OR TIED.
MM INDICATES DATA IS MISSING.
T  INDICATES TRACE AMOUNT.




$$
