000
CDUS41 KALY 260624
CLIGFL


CLIMATE REPORT
NATIONAL WEATHER SERVICE ALBANY NY
223 AM EDT WED APR 26 2017


...................................

...THE GLENS FALLS NY CLIMATE SUMMARY FOR APRIL 25 2017...

CLIMATE NORMAL PERIOD 1981 TO 2010
CLIMATE RECORD PERIOD 1949 TO 2017


WEATHER ITEM   OBSERVED TIME   RECORD YEAR NORMAL DEPARTURE LAST
                VALUE   (LST)  VALUE       VALUE  FROM      YEAR
                                                  NORMAL
..................................................................
TEMPERATURE (F)
 YESTERDAY
  MAXIMUM         57    334 PM  89    2009  61     -4       57
  MINIMUM         36    315 AM  23    2003  36      0       38
  AVERAGE         47                        48     -1       48

PRECIPITATION (IN)
  YESTERDAY        0.23          1.03 1983   0.10   0.13      T
  MONTH TO DATE    3.19                      2.45   0.74     1.15
  SINCE MAR 1      5.73                      5.39   0.34     3.43
  SINCE JAN 1     10.42                     10.33   0.09     8.22

DEGREE DAYS
 HEATING
  YESTERDAY       18                        17      1       17
  MONTH TO DATE  416                       535   -119      535
  SINCE MAR 1   1484                      1578    -94     1349
  SINCE JUL 1   6006                      7198  -1192     5529

 COOLING
  YESTERDAY        0                         0      0        0
  MONTH TO DATE    2                         0      2        0
  SINCE MAR 1      2                         0      2        0
  SINCE JAN 1      2                         0      2        0
..................................................................


WIND (MPH)
  HIGHEST WIND SPEED    14   HIGHEST WIND DIRECTION    NE (60)
  HIGHEST GUST SPEED    17   HIGHEST GUST DIRECTION    NE (60)
  AVERAGE WIND SPEED     6.6


SKY COVER
  AVERAGE SKY COVER 0.8



RELATIVE HUMIDITY (PERCENT)
 HIGHEST    93          1100 PM
 LOWEST     57           100 AM
 AVERAGE    75

..........................................................


THE GLENS FALLS NY CLIMATE NORMALS FOR TODAY
                         NORMAL    RECORD    YEAR
 MAXIMUM TEMPERATURE (F)   62        84      1990
 MINIMUM TEMPERATURE (F)   36        22      1972


SUNRISE AND SUNSET
APRIL 26 2017.........SUNRISE   554 AM EDT   SUNSET   751 PM EDT
APRIL 27 2017.........SUNRISE   553 AM EDT   SUNSET   752 PM EDT


-  INDICATES NEGATIVE NUMBERS.
R  INDICATES RECORD WAS SET OR TIED.
MM INDICATES DATA IS MISSING.
T  INDICATES TRACE AMOUNT.




$$
