419
CDUS41 KALY 200624
CLIGFL


CLIMATE REPORT
NATIONAL WEATHER SERVICE ALBANY NY
223 AM EDT SAT AUG 20 2016


...................................

...THE GLENS FALLS NY CLIMATE SUMMARY FOR AUGUST 19 2016...

CLIMATE NORMAL PERIOD 1981 TO 2010
CLIMATE RECORD PERIOD 1949 TO 2016


WEATHER ITEM   OBSERVED TIME   RECORD YEAR NORMAL DEPARTURE LAST
                VALUE   (LST)  VALUE       VALUE  FROM      YEAR
                                                  NORMAL
..................................................................
TEMPERATURE (F)
 YESTERDAY
  MAXIMUM         82    349 PM  87    1983  79      3       86
  MINIMUM         59   1159 PM  41    1977  55      4       67
  AVERAGE         71                        67      4       77

PRECIPITATION (IN)
  YESTERDAY        0.00          1.53 2008   0.12  -0.12     0.00
  MONTH TO DATE    1.73                      2.42  -0.69     1.43
  SINCE JUN 1      8.57                     10.06  -1.49     9.87
  SINCE JAN 1     20.19                     24.55  -4.36    17.18

DEGREE DAYS
 HEATING
  YESTERDAY        0                         1     -1        0
  MONTH TO DATE    0                        19    -19        1
  SINCE JUN 1     44                       130    -86       91
  SINCE JUL 1      0                        40    -40       12

 COOLING
  YESTERDAY        6                         3      3       12
  MONTH TO DATE  154                        73     81      114
  SINCE JUN 1    472                       281    191      357
  SINCE JAN 1    528                       293    235      433
..................................................................


WIND (MPH)
  HIGHEST WIND SPEED    10   HIGHEST WIND DIRECTION     E (90)
  HIGHEST GUST SPEED    13   HIGHEST GUST DIRECTION     E (90)
  AVERAGE WIND SPEED     3.5


SKY COVER
  AVERAGE SKY COVER 0.1



RELATIVE HUMIDITY (PERCENT)
 HIGHEST    93          1200 AM
 LOWEST     42           400 PM
 AVERAGE    68

..........................................................


THE GLENS FALLS NY CLIMATE NORMALS FOR TODAY
                         NORMAL    RECORD    YEAR
 MAXIMUM TEMPERATURE (F)   79        91      1955
 MINIMUM TEMPERATURE (F)   55        43      2007


SUNRISE AND SUNSET
AUGUST 20 2016........SUNRISE   606 AM EDT   SUNSET   749 PM EDT
AUGUST 21 2016........SUNRISE   607 AM EDT   SUNSET   747 PM EDT


-  INDICATES NEGATIVE NUMBERS.
R  INDICATES RECORD WAS SET OR TIED.
MM INDICATES DATA IS MISSING.
T  INDICATES TRACE AMOUNT.




$$
