000
CDUS41 KALY 260622
CLIGFL


CLIMATE REPORT
NATIONAL WEATHER SERVICE ALBANY NY
221 AM EDT FRI JUN 26 2015


...................................

...THE GLENS FALLS NY CLIMATE SUMMARY FOR JUNE 25 2015...

CLIMATE NORMAL PERIOD 1981 TO 2010
CLIMATE RECORD PERIOD 1949 TO 2015


WEATHER ITEM   OBSERVED TIME   RECORD YEAR NORMAL DEPARTURE LAST
                VALUE   (LST)  VALUE       VALUE  FROM      YEAR
                                                  NORMAL
..................................................................
TEMPERATURE (F)
 YESTERDAY
  MAXIMUM         77    321 PM  92    2005  79     -2       78
  MINIMUM         54    327 AM  37    1979  55     -1       66
  AVERAGE         66                        67     -1       72

PRECIPITATION (IN)
  YESTERDAY        0.01          1.23 1977   0.13  -0.12     0.66
  MONTH TO DATE    4.90                      2.96   1.94     4.28
  SINCE JUN 1      4.90                      2.96   1.94     4.28
  SINCE JAN 1     12.21                     17.45  -5.24    17.39

DEGREE DAYS
 HEATING
  YESTERDAY        0                         1     -1        0
  MONTH TO DATE   70                        84    -14       32
  SINCE JUN 1     70                        84    -14       32
  SINCE JUL 1   7667                      7670     -3     7929

 COOLING
  YESTERDAY        1                         3     -2        7
  MONTH TO DATE   66                        51     15       48
  SINCE JUN 1     66                        51     15       48
  SINCE JAN 1    142                        63     79       68
..................................................................


WIND (MPH)
  HIGHEST WIND SPEED    15   HIGHEST WIND DIRECTION    NE (30)
  HIGHEST GUST SPEED    19   HIGHEST GUST DIRECTION    NE (30)
  AVERAGE WIND SPEED     4.0


SKY COVER
  AVERAGE SKY COVER 0.4



RELATIVE HUMIDITY (PERCENT)
 HIGHEST    86           400 AM
 LOWEST     53          1200 PM
 AVERAGE    70

..........................................................


THE GLENS FALLS NY CLIMATE NORMALS FOR TODAY
                         NORMAL    RECORD    YEAR
 MAXIMUM TEMPERATURE (F)   79        95      1952
 MINIMUM TEMPERATURE (F)   55        38      1979


SUNRISE AND SUNSET
JUNE 26 2015..........SUNRISE   516 AM EDT   SUNSET   839 PM EDT
JUNE 27 2015..........SUNRISE   516 AM EDT   SUNSET   839 PM EDT


-  INDICATES NEGATIVE NUMBERS.
R  INDICATES RECORD WAS SET OR TIED.
MM INDICATES DATA IS MISSING.
T  INDICATES TRACE AMOUNT.




$$
