220
CDUS41 KALY 090624
CLIGFL


CLIMATE REPORT
NATIONAL WEATHER SERVICE ALBANY NY
123 AM EST SAT DEC 9 2017


...................................

...THE GLENS FALLS NY CLIMATE SUMMARY FOR DECEMBER 8 2017...

CLIMATE NORMAL PERIOD 1981 TO 2010
CLIMATE RECORD PERIOD 1949 TO 2017


WEATHER ITEM   OBSERVED TIME   RECORD YEAR NORMAL DEPARTURE LAST
                VALUE   (LST)  VALUE       VALUE  FROM      YEAR
                                                  NORMAL
..................................................................
TEMPERATURE (F)
 YESTERDAY
  MAXIMUM         37   1221 PM  59    1951  37      0       41
  MINIMUM         21    852 PM -10    1977  19      2       25
  AVERAGE         29                        28      1       33

PRECIPITATION (IN)
  YESTERDAY        0.00          0.61 1950   0.10  -0.10     0.00
  MONTH TO DATE    0.75                      0.88  -0.13     0.50
  SINCE DEC 1      0.75                      0.88  -0.13     0.50
  SINCE JAN 1     34.27                     36.89  -2.62    28.80

DEGREE DAYS
 HEATING
  YESTERDAY       36                        37     -1       32
  MONTH TO DATE  237                       283    -46      230
  SINCE DEC 1    237                       283    -46      230
  SINCE JUL 1   1648                      1981   -333     1546

 COOLING
  YESTERDAY        0                         0      0        0
  MONTH TO DATE    0                         0      0        0
  SINCE DEC 1      0                         0      0        0
  SINCE JAN 1    388                       352     36      643
..................................................................


WIND (MPH)
  HIGHEST WIND SPEED    14   HIGHEST WIND DIRECTION     S (200)
  HIGHEST GUST SPEED    19   HIGHEST GUST DIRECTION    SW (230)
  AVERAGE WIND SPEED     6.0


SKY COVER
  AVERAGE SKY COVER 0.2



RELATIVE HUMIDITY (PERCENT)
 HIGHEST    92           900 PM
 LOWEST     47           200 PM
 AVERAGE    70

..........................................................


THE GLENS FALLS NY CLIMATE NORMALS FOR TODAY
                         NORMAL    RECORD    YEAR
 MAXIMUM TEMPERATURE (F)   36        56      1966
 MINIMUM TEMPERATURE (F)   19        -5      1989


SUNRISE AND SUNSET
DECEMBER  9 2017......SUNRISE   715 AM EST   SUNSET   419 PM EST
DECEMBER 10 2017......SUNRISE   716 AM EST   SUNSET   419 PM EST


-  INDICATES NEGATIVE NUMBERS.
R  INDICATES RECORD WAS SET OR TIED.
MM INDICATES DATA IS MISSING.
T  INDICATES TRACE AMOUNT.




$$
