299
CDUS41 KALY 262045
CLIGFL


CLIMATE REPORT
NATIONAL WEATHER SERVICE ALBANY NY
445 PM EDT WED APR 26 2017


...................................

...THE GLENS FALLS NY CLIMATE SUMMARY FOR APRIL 26 2017...
VALID TODAY AS OF 0400 PM LOCAL TIME.

CLIMATE NORMAL PERIOD 1981 TO 2010
CLIMATE RECORD PERIOD 1949 TO 2017


WEATHER ITEM   OBSERVED TIME   RECORD YEAR NORMAL DEPARTURE LAST
                VALUE   (LST)  VALUE       VALUE  FROM      YEAR
                                                  NORMAL
..................................................................
TEMPERATURE (F)
 TODAY
  MAXIMUM         70    344 PM  84    1990  62      8       44
  MINIMUM         49    306 AM  22    1972  36     13       32
  AVERAGE         60                        49     11       38

PRECIPITATION (IN)
  TODAY            0.07          1.09 1953   0.11  -0.04     0.31
  MONTH TO DATE    3.26                      2.56   0.70     1.46
  SINCE MAR 1      5.80                      5.50   0.30     3.74
  SINCE JAN 1     10.49                     10.44   0.05     8.53

DEGREE DAYS
 HEATING
  TODAY            5                        16    -11       27
  MONTH TO DATE  421                       551   -130      562
  SINCE MAR 1   1489                      1594   -105     1376
  SINCE JUL 1   6011                      7214  -1203     5556

 COOLING
  TODAY            0                         0      0        0
  MONTH TO DATE    2                         0      2        0
  SINCE MAR 1      2                         0      2        0
  SINCE JAN 1      2                         0      2        0
..................................................................


WIND (MPH)
  HIGHEST WIND SPEED    14   HIGHEST WIND DIRECTION    NE (60)
  HIGHEST GUST SPEED    17   HIGHEST GUST DIRECTION    NE (60)
  AVERAGE WIND SPEED     7.4


SKY COVER
  AVERAGE SKY COVER 0.9



RELATIVE HUMIDITY (PERCENT)
 HIGHEST    93          1200 AM
 LOWEST     61           200 PM
 AVERAGE    77

..........................................................


THE GLENS FALLS NY CLIMATE NORMALS FOR TOMORROW
                         NORMAL    RECORD    YEAR
 MAXIMUM TEMPERATURE (F)   62        90      1990
 MINIMUM TEMPERATURE (F)   37        23      2002


SUNRISE AND SUNSET
APRIL 26 2017.........SUNRISE   554 AM EDT   SUNSET   751 PM EDT
APRIL 27 2017.........SUNRISE   553 AM EDT   SUNSET   752 PM EDT


-  INDICATES NEGATIVE NUMBERS.
R  INDICATES RECORD WAS SET OR TIED.
MM INDICATES DATA IS MISSING.
T  INDICATES TRACE AMOUNT.




$$
