000
CDUS41 KALY 150625
CLIGFL


CLIMATE REPORT
NATIONAL WEATHER SERVICE ALBANY NY
123 AM EST MON JAN 15 2018


...................................

...THE GLENS FALLS NY CLIMATE SUMMARY FOR JANUARY 14 2018...

CLIMATE NORMAL PERIOD 1981 TO 2010
CLIMATE RECORD PERIOD 1949 TO 2018


WEATHER ITEM   OBSERVED TIME   RECORD YEAR NORMAL DEPARTURE LAST
                VALUE   (LST)  VALUE       VALUE  FROM      YEAR
                                                  NORMAL
..................................................................
TEMPERATURE (F)
 YESTERDAY
  MAXIMUM         11    329 PM  58    2005  28    -17       25
  MINIMUM          0   1053 PM -29    1957   7     -7       12
  AVERAGE          6                        18    -12       19

PRECIPITATION (IN)
  YESTERDAY        0.00          0.96 1992   0.09  -0.09     0.00
  MONTH TO DATE    1.23                      1.26  -0.03     0.84
  SINCE DEC 1      3.55                      4.31  -0.76     3.71
  SINCE JAN 1      1.23                      1.26  -0.03     0.84

DEGREE DAYS
 HEATING
  YESTERDAY       59                        47     12       46
  MONTH TO DATE  726                       652     74      543
  SINCE DEC 1   2100                      1892    208     1688
  SINCE JUL 1   3511                      3590    -79     3004

 COOLING
  YESTERDAY        0                         0      0        0
  MONTH TO DATE    0                         0      0        0
  SINCE DEC 1      0                         0      0        0
  SINCE JAN 1      0                         0      0        0
..................................................................


WIND (MPH)
  HIGHEST WIND SPEED    12   HIGHEST WIND DIRECTION    NW (330)
  HIGHEST GUST SPEED    17   HIGHEST GUST DIRECTION    NW (310)
  AVERAGE WIND SPEED     5.9


SKY COVER
  AVERAGE SKY COVER 0.4



RELATIVE HUMIDITY (PERCENT)
 HIGHEST    91          1100 PM
 LOWEST     63           200 AM
 AVERAGE    77

..........................................................


THE GLENS FALLS NY CLIMATE NORMALS FOR TODAY
                         NORMAL    RECORD    YEAR
 MAXIMUM TEMPERATURE (F)   28        64      1995
 MINIMUM TEMPERATURE (F)    7       -23      2009


SUNRISE AND SUNSET
JANUARY 15 2018.......SUNRISE   724 AM EST   SUNSET   444 PM EST
JANUARY 16 2018.......SUNRISE   723 AM EST   SUNSET   445 PM EST


-  INDICATES NEGATIVE NUMBERS.
R  INDICATES RECORD WAS SET OR TIED.
MM INDICATES DATA IS MISSING.
T  INDICATES TRACE AMOUNT.




$$
